{"id":14,"date":"2024-04-03T23:12:29","date_gmt":"2024-04-03T20:12:29","guid":{"rendered":"https:\/\/sisu.ut.ee\/infoallikad\/kogumikud\/"},"modified":"2024-04-03T23:12:42","modified_gmt":"2024-04-03T20:12:42","slug":"kogumikud","status":"publish","type":"page","link":"https:\/\/sisu.ut.ee\/infoallikad\/kogumikud\/","title":{"rendered":"Kogumikud"},"content":{"rendered":"<p>Kogumik on teadusartiklite kogu. \u00dchte v\u00e4ljaandesse on koondatud \u00fche v\u00f5i mitme autori t\u00f6\u00f6d. Kogumik v\u00f5ib olla p\u00fchendatud \u00fchele teemale v\u00f5i esitada \u00fche teadusorganisatsiooni v\u00f5i -asutuse t\u00f6id.<\/p>\n<p><img loading=\"lazy\" decoding=\"async\" width=\"187\" height=\"269\" class=\"alignnone wp-image-35\" src=\"https:\/\/sisu.ut.ee\/wp-content\/uploads\/sites\/34\/majandus1.png\" title=\"majandus1.png\" alt=\"majandus1.png\"><\/p>\n<p>Eesti majanduse aktuaalsed arenguprobleemid keskpikas perspektiivis. T\u00dc majandusteaduskonna \u00f5ppej\u00f5udude artiklikogumik. Tartu \u00dclikooli Kirjastus, 2009.<\/p>\n","protected":false},"excerpt":{"rendered":"<p>Kogumik on teadusartiklite kogu. \u00dchte v\u00e4ljaandesse on koondatud \u00fche v\u00f5i mitme autori t\u00f6\u00f6d. Kogumik v\u00f5ib olla p\u00fchendatud \u00fchele teemale v\u00f5i esitada \u00fche teadusorganisatsiooni v\u00f5i -asutuse t\u00f6id. Eesti majanduse aktuaalsed arenguprobleemid keskpikas perspektiivis. T\u00dc majandusteaduskonna \u00f5ppej\u00f5udude artiklikogumik. Tartu \u00dclikooli Kirjastus, 2009.<\/p>\n","protected":false},"author":5,"featured_media":0,"parent":0,"menu_order":0,"comment_status":"closed","ping_status":"closed","template":"","meta":{"_acf_changed":false,"inline_featured_image":false,"footnotes":""},"class_list":["post-14","page","type-page","status-publish","hentry"],"acf":[],"_links":{"self":[{"href":"https:\/\/sisu.ut.ee\/infoallikad\/wp-json\/wp\/v2\/pages\/14","targetHints":{"allow":["GET"]}}],"collection":[{"href":"https:\/\/sisu.ut.ee\/infoallikad\/wp-json\/wp\/v2\/pages"}],"about":[{"href":"https:\/\/sisu.ut.ee\/infoallikad\/wp-json\/wp\/v2\/types\/page"}],"author":[{"embeddable":true,"href":"https:\/\/sisu.ut.ee\/infoallikad\/wp-json\/wp\/v2\/users\/5"}],"replies":[{"embeddable":true,"href":"https:\/\/sisu.ut.ee\/infoallikad\/wp-json\/wp\/v2\/comments?post=14"}],"version-history":[{"count":1,"href":"https:\/\/sisu.ut.ee\/infoallikad\/wp-json\/wp\/v2\/pages\/14\/revisions"}],"predecessor-version":[{"id":84,"href":"https:\/\/sisu.ut.ee\/infoallikad\/wp-json\/wp\/v2\/pages\/14\/revisions\/84"}],"wp:attachment":[{"href":"https:\/\/sisu.ut.ee\/infoallikad\/wp-json\/wp\/v2\/media?parent=14"}],"curies":[{"name":"wp","href":"https:\/\/api.w.org\/{rel}","templated":true}]}}