{"id":13,"date":"2024-04-03T23:12:28","date_gmt":"2024-04-03T20:12:28","guid":{"rendered":"https:\/\/sisu.ut.ee\/infoallikad\/raamatud\/"},"modified":"2024-04-11T13:54:53","modified_gmt":"2024-04-11T10:54:53","slug":"raamatud","status":"publish","type":"page","link":"https:\/\/sisu.ut.ee\/infoallikad\/raamatud\/","title":{"rendered":"Raamatud"},"content":{"rendered":"<p><strong>Monograafia\u00a0<\/strong>on raamat, mis \u00fcldistab teadusfakte \u00fche probleemi vallas v\u00f5i esitab ja p\u00f5hjendab \u00fchte teadusteooriat. Monograafia kirjutamisel on autor kasutanud erinevaid allikaid, lisatud on kasutatud kirjanduse bibliograafia.\u00a0Raamatu v\u00e4ljaandmine v\u00f5tab teatud aja, seega ei ole sealt sageli v\u00f5imalik leida k\u00f5ige v\u00e4rskemaid teadustulemusi. T\u00e4nap\u00e4eval on levinud ka e-raamatud, mida saab Interneti kaudu lugeda.<\/p>\n\n\n\n<p>Infot ilmunud raamatute, sealhulgas e-raamatute kohta ja osaliselt ka t\u00e4istekste pakub n\u00e4iteks\u00a0<em><strong>Google Books\u00a0<\/strong><a href=\"http:\/\/books.google.com\/\" target=\"_blank\" rel=\"noopener\">http:\/\/books.google.com\/<\/a>.<br><\/em><\/p>\n\n\n\n<p><strong>N\u00e4iteid<\/strong><\/p>\n\n\n\n<figure class=\"wp-block-table aligncenter is-style-stripes\"><table class=\"table table-hover\"><tbody><tr><td> <p style=\"text-align: center;\"><img loading=\"lazy\" decoding=\"async\" width=\"150\" height=\"220\" class=\"alignnone wp-image-34\" src=\"https:\/\/sisu.ut.ee\/wp-content\/uploads\/sites\/34\/suhtluskonf_k.jpg\" alt=\"suhtluskonflikti\" style=\"width: 150px;\"><br>.<\/p> <\/td><td><img loading=\"lazy\" decoding=\"async\" width=\"150\" height=\"217\" class=\"alignnone wp-image-33\" src=\"https:\/\/sisu.ut.ee\/wp-content\/uploads\/sites\/34\/juhtimine.jpg\" alt=\"juhtimine\" style=\"width: 150px;\" srcset=\"https:\/\/sisu.ut.ee\/wp-content\/uploads\/sites\/34\/juhtimine.jpg 256w, https:\/\/sisu.ut.ee\/wp-content\/uploads\/sites\/34\/juhtimine-208x300.jpg 208w\" sizes=\"auto, (max-width: 150px) 100vw, 150px\"><br><\/td><\/tr><tr><td><p style=\"text-align: center;\">T\u00f5nu Lehtsaar. Suhtlemiskonflikti ps\u00fchholoogia<\/p><\/td><td>Asta Teearu. Ettev\u00f5tte finantsjuhtimine. <br>Koostaja Erik Krumm.<\/td><\/tr><\/tbody><\/table><\/figure>\n\n\n\n<p>Tartu \u00dclikooli arvutiv\u00f5rgus k\u00e4ttesaadavate e-raamatute kohta saate infot raamatukogu andmebaaside lehelt <a href=\"https:\/\/utlib.ut.ee\/andmebaasid\" target=\"_blank\" rel=\"noopener\">https:\/\/utlib.ut.ee\/andmebaasid<\/a>. Valige vasakul sobiv valdkond ja andmebaasi t\u00fc\u00fcp\u00a0\u00a0E-raamatud. \u00a0<\/p>\n","protected":false},"excerpt":{"rendered":"<p>Monograafia\u00a0on raamat, mis \u00fcldistab teadusfakte \u00fche probleemi vallas v\u00f5i esitab ja p\u00f5hjendab \u00fchte teadusteooriat. Monograafia kirjutamisel on autor kasutanud erinevaid allikaid, lisatud on kasutatud kirjanduse bibliograafia.\u00a0Raamatu v\u00e4ljaandmine v\u00f5tab teatud aja, seega ei ole sealt sageli v\u00f5imalik leida k\u00f5ige v\u00e4rskemaid teadustulemusi. &#8230;<\/p>\n","protected":false},"author":5,"featured_media":0,"parent":0,"menu_order":0,"comment_status":"closed","ping_status":"closed","template":"","meta":{"_acf_changed":false,"inline_featured_image":false,"footnotes":""},"class_list":["post-13","page","type-page","status-publish","hentry"],"acf":[],"_links":{"self":[{"href":"https:\/\/sisu.ut.ee\/infoallikad\/wp-json\/wp\/v2\/pages\/13","targetHints":{"allow":["GET"]}}],"collection":[{"href":"https:\/\/sisu.ut.ee\/infoallikad\/wp-json\/wp\/v2\/pages"}],"about":[{"href":"https:\/\/sisu.ut.ee\/infoallikad\/wp-json\/wp\/v2\/types\/page"}],"author":[{"embeddable":true,"href":"https:\/\/sisu.ut.ee\/infoallikad\/wp-json\/wp\/v2\/users\/5"}],"replies":[{"embeddable":true,"href":"https:\/\/sisu.ut.ee\/infoallikad\/wp-json\/wp\/v2\/comments?post=13"}],"version-history":[{"count":6,"href":"https:\/\/sisu.ut.ee\/infoallikad\/wp-json\/wp\/v2\/pages\/13\/revisions"}],"predecessor-version":[{"id":126,"href":"https:\/\/sisu.ut.ee\/infoallikad\/wp-json\/wp\/v2\/pages\/13\/revisions\/126"}],"wp:attachment":[{"href":"https:\/\/sisu.ut.ee\/infoallikad\/wp-json\/wp\/v2\/media?parent=13"}],"curies":[{"name":"wp","href":"https:\/\/api.w.org\/{rel}","templated":true}]}}