{"id":11,"date":"2024-04-03T23:12:28","date_gmt":"2024-04-03T20:12:28","guid":{"rendered":"https:\/\/sisu.ut.ee\/infoallikad\/leksikonid\/"},"modified":"2024-04-11T13:40:26","modified_gmt":"2024-04-11T10:40:26","slug":"leksikonid","status":"publish","type":"page","link":"https:\/\/sisu.ut.ee\/infoallikad\/leksikonid\/","title":{"rendered":"Leksikonid"},"content":{"rendered":"<p>Leksikon on tavaliselt ents\u00fcklopeediast v\u00e4iksema mahuga t\u00e4hestikuliselt j\u00e4rjestatud temaatilisi artikleid sisaldav teatmeteos.<\/p>\n<p><strong>N\u00e4iteid<\/strong><\/p>\n<p><strong>The New Grove Dictionary of Jazz <\/strong>ja<strong> Dictionary of Names<\/strong><\/p>\n<p><img loading=\"lazy\" decoding=\"async\" class=\"alignnone wp-image-29 size-full\" src=\"https:\/\/sisu.ut.ee\/wp-content\/uploads\/sites\/34\/groovejazz.jpeg\" alt=\"\" width=\"99\" height=\"130\">\u00a0 \u00a0 \u00a0 \u00a0 \u00a0 <img loading=\"lazy\" decoding=\"async\" class=\"alignnone wp-image-30\" src=\"https:\/\/sisu.ut.ee\/wp-content\/uploads\/sites\/34\/names.jpeg\" alt=\"\" width=\"117\" height=\"130\"><\/p>\n","protected":false},"excerpt":{"rendered":"<p>Leksikon on tavaliselt ents\u00fcklopeediast v\u00e4iksema mahuga t\u00e4hestikuliselt j\u00e4rjestatud temaatilisi artikleid sisaldav teatmeteos. N\u00e4iteid The New Grove Dictionary of Jazz ja Dictionary of Names \u00a0 \u00a0 \u00a0 \u00a0 \u00a0<\/p>\n","protected":false},"author":5,"featured_media":0,"parent":0,"menu_order":0,"comment_status":"closed","ping_status":"closed","template":"","meta":{"_acf_changed":false,"inline_featured_image":false,"footnotes":""},"class_list":["post-11","page","type-page","status-publish","hentry"],"acf":[],"_links":{"self":[{"href":"https:\/\/sisu.ut.ee\/infoallikad\/wp-json\/wp\/v2\/pages\/11","targetHints":{"allow":["GET"]}}],"collection":[{"href":"https:\/\/sisu.ut.ee\/infoallikad\/wp-json\/wp\/v2\/pages"}],"about":[{"href":"https:\/\/sisu.ut.ee\/infoallikad\/wp-json\/wp\/v2\/types\/page"}],"author":[{"embeddable":true,"href":"https:\/\/sisu.ut.ee\/infoallikad\/wp-json\/wp\/v2\/users\/5"}],"replies":[{"embeddable":true,"href":"https:\/\/sisu.ut.ee\/infoallikad\/wp-json\/wp\/v2\/comments?post=11"}],"version-history":[{"count":3,"href":"https:\/\/sisu.ut.ee\/infoallikad\/wp-json\/wp\/v2\/pages\/11\/revisions"}],"predecessor-version":[{"id":116,"href":"https:\/\/sisu.ut.ee\/infoallikad\/wp-json\/wp\/v2\/pages\/11\/revisions\/116"}],"wp:attachment":[{"href":"https:\/\/sisu.ut.ee\/infoallikad\/wp-json\/wp\/v2\/media?parent=11"}],"curies":[{"name":"wp","href":"https:\/\/api.w.org\/{rel}","templated":true}]}}