{"id":3,"date":"2024-04-04T01:46:14","date_gmt":"2024-04-03T22:46:14","guid":{"rendered":"https:\/\/sisu.ut.ee\/info_hindamine\/avaleht\/"},"modified":"2026-04-02T15:41:46","modified_gmt":"2026-04-02T12:41:46","slug":"avaleht","status":"publish","type":"page","link":"https:\/\/sisu.ut.ee\/info_hindamine\/","title":{"rendered":"Milleks ja kuidas infot hinnata"},"content":{"rendered":"<p><img loading=\"lazy\" decoding=\"async\" class=\"alignnone wp-image-11\" style=\"float: left; margin-left: 10px; margin-right: 10px;\" title=\"hindamine7.png\" src=\"https:\/\/sisu.ut.ee\/wp-content\/uploads\/sites\/136\/hindamine7.png\" alt=\"hindamine7.png\" width=\"267\" height=\"351\" srcset=\"https:\/\/sisu.ut.ee\/wp-content\/uploads\/sites\/136\/hindamine7.png 300w, https:\/\/sisu.ut.ee\/wp-content\/uploads\/sites\/136\/hindamine7-228x300.png 228w\" sizes=\"auto, (max-width: 267px) 100vw, 267px\"><\/p>\n<p>Uurimist\u00f6\u00f6 k\u00e4igus talletatakse palju informatsiooni, mis p\u00e4rineb erinevatest allikatest ja on mingist aspektist kasulik. Enne nende kasutamist uurimist\u00f6\u00f6s tuleb allikaid igak\u00fclgselt hinnata, s\u00f5ltumata sellest, kas info on leitud raamatutest, artiklitest v\u00f5i veebilehtedelt. Eriti t\u00e4helepanelik peab olema vabast internetist leitud allikaid hinnates.<\/p>\n<p>Hinnata tuleb ka info relevantsust \u2013 kas see vastab uurimist\u00f6\u00f6 teemale ning on kirjutatud sobival tasemel. K\u00e4sitlus ei tohiks olla \u00fclearu spetsiifiline ega ka lihtne.<\/p>\n<p>Info hindamiseks on kindlad p\u00f5him\u00f5tted.<br>\n<strong>Vasakul<\/strong> skeemil on loetletud olulised aspektid, mida info hindamisel silmas pidada.<\/p>\n<p><strong>Alumisel<\/strong>\u00a0skeemil on n\u00e4ha praktilise info hindamise etapid ning allikad, mille p\u00f5hjal infot hinnata.<\/p>\n<p><img loading=\"lazy\" decoding=\"async\" src=\"\/wp-content\/uploads\/sites\/136\/veebiallikate_hindamine_0.png\" width=\"788\" height=\"364\"><\/p>\n<p>Kasutatud materjalid:<\/p>\n<p>Mike Palmquist and Peter Connor. (1994-2019). Evaluating Sources. The WAC Clearinghouse. Colorado State University.\u00a0<a title=\"\" href=\"https:\/\/wac.colostate.edu\/resources\/writing\/guides\/evaluating\/\" target=\"_blank\" rel=\"noopener\" data-url=\"https:\/\/wac.colostate.edu\/resources\/writing\/guides\/evaluating\/\">https:\/\/wac.colostate.edu\/resources\/writing\/guides\/evaluating\/<\/a><\/p>\n","protected":false},"excerpt":{"rendered":"<p>Uurimist\u00f6\u00f6 k\u00e4igus talletatakse palju informatsiooni, mis p\u00e4rineb erinevatest allikatest ja on mingist aspektist kasulik. Enne nende kasutamist uurimist\u00f6\u00f6s tuleb allikaid igak\u00fclgselt hinnata, s\u00f5ltumata sellest, kas info on leitud raamatutest, artiklitest v\u00f5i veebilehtedelt. Eriti t\u00e4helepanelik peab olema vabast internetist leitud allikaid &#8230;<\/p>\n","protected":false},"author":5,"featured_media":0,"parent":0,"menu_order":0,"comment_status":"closed","ping_status":"closed","template":"","meta":{"_acf_changed":false,"inline_featured_image":false,"footnotes":""},"class_list":["post-3","page","type-page","status-publish","hentry"],"acf":[],"_links":{"self":[{"href":"https:\/\/sisu.ut.ee\/info_hindamine\/wp-json\/wp\/v2\/pages\/3","targetHints":{"allow":["GET"]}}],"collection":[{"href":"https:\/\/sisu.ut.ee\/info_hindamine\/wp-json\/wp\/v2\/pages"}],"about":[{"href":"https:\/\/sisu.ut.ee\/info_hindamine\/wp-json\/wp\/v2\/types\/page"}],"author":[{"embeddable":true,"href":"https:\/\/sisu.ut.ee\/info_hindamine\/wp-json\/wp\/v2\/users\/5"}],"replies":[{"embeddable":true,"href":"https:\/\/sisu.ut.ee\/info_hindamine\/wp-json\/wp\/v2\/comments?post=3"}],"version-history":[{"count":5,"href":"https:\/\/sisu.ut.ee\/info_hindamine\/wp-json\/wp\/v2\/pages\/3\/revisions"}],"predecessor-version":[{"id":58,"href":"https:\/\/sisu.ut.ee\/info_hindamine\/wp-json\/wp\/v2\/pages\/3\/revisions\/58"}],"wp:attachment":[{"href":"https:\/\/sisu.ut.ee\/info_hindamine\/wp-json\/wp\/v2\/media?parent=3"}],"curies":[{"name":"wp","href":"https:\/\/api.w.org\/{rel}","templated":true}]}}