{"id":10,"date":"2024-04-04T01:46:15","date_gmt":"2024-04-03T22:46:15","guid":{"rendered":"https:\/\/sisu.ut.ee\/info_hindamine\/vikipeedia-artikli-hindamine\/"},"modified":"2026-04-02T15:54:24","modified_gmt":"2026-04-02T12:54:24","slug":"vikipeedia-artikli-hindamine","status":"publish","type":"page","link":"https:\/\/sisu.ut.ee\/info_hindamine\/vikipeedia-artikli-hindamine\/","title":{"rendered":"Vikipeedia artikli hindamine"},"content":{"rendered":"<p><a href=\"http:\/\/et.wikipedia.org\/wiki\/Esileht\" target=\"_blank\" rel=\"noopener\">Vikipeedia<\/a>\u00a0erip\u00e4ra on, et tegu on inimeste \u00fchisloominguga, mist\u00f5ttu paljud artiklid on koost\u00f6\u00f6s saanud p\u00f5hjaliku sisu ja viimistletud vormi. Eriti k\u00e4ib see ingliskeelse Wikipedia kohta, millel on tohutu hulk kaast\u00f6\u00f6lisi. Sealt\u00a0v\u00f5ib leida infot, mida muude allikate kaudu on raske k\u00e4tte saada.\u00a0\u00a0Seet\u00f5ttu leiab Vikipeedia kasutamist nii uurimist\u00f6\u00f6s kui ka igap\u00e4evaelus. Artiklite kirjutamine ja muutmine on k\u00f5ikidele lubatud, mist\u00f5ttu esineb Vikipeedias ka pealiskaudseid, puuduliku v\u00f5i kallutatud infoga artikleid, plagiaati ning tahtlikku info moonutamist. \u00a0<\/p>\n<p>Vikipeediast on abi\u00a0uurimist\u00f6\u00f6 alustamisel ja taustainfo kogumisel ning usaldusv\u00e4\u00e4rsete algallikate tuvastamisel, kuid enne info kasutamist tuleb iga artikli v\u00e4\u00e4rtust \u00a0eraldi hinnata.<\/p>\n<p align=\"left\"><strong>\u00a0<\/strong><\/p>\n<p align=\"left\">Artikkel peab vastama kolmele p\u00f5hilisele n\u00f5udele:<\/p>\n<ol>\n<li><strong>Neutraalsus<\/strong>\u00a0(ingl k<em>\u00a0neutral point of view,<\/em>\u00a0l\u00fchend NPOV) \u2013 artikkel peab tasakaalustatult kajastama\u00a0erinevaid vaatepunkte ja ei tohi l\u00e4htuda\u00a0autori isiklikust arvamusest.<\/li>\n<li><strong><strong>Kontrollitavus<\/strong>\u00a0<\/strong>(ingl k v<em>erifiability \u2013<\/em>\u00a0k\u00f5iki v\u00e4iteid peab saama kontrollida (allikatele peab olema viidatud).<\/li>\n<li><strong>Allikate usaldusvaarsus<\/strong><strong>\u00a0<\/strong>(ingl k\u00a0<em>n<\/em><em>o original research,\u00a0<\/em>l\u00fchend\u00a0NOR) \u2013<strong>\u00a0<\/strong>artiklid ei ole originaalsed uurimist\u00f6\u00f6d, need peavad toetuma juba avaldatud usaldusv\u00e4\u00e4rsetele allikatele.<\/li>\n<\/ol>\n<p><strong>Artikli kasutamine uurimist\u00f6\u00f6s<\/strong><\/p>\n<p>Usaldusv\u00e4\u00e4rsuse ja ammendavuse kontrollimiseks on soovitav kasutada paralleelselt mitut Vikipeedia versiooni (nt lisaks eestikeelsele kindlasti ka ingliskeelset). Kvaliteetsel artiklil on lihtne ja arusaadav keel, kindel struktuur ning sisukord. Sisukord annab hea \u00fclevaate teemast, aitab m\u00f5isteid defineerida ning on abiks uurimisk\u00fcsimuse p\u00fcstitamisel. \u00a0Artikli l\u00f5pus on kasutatud kirjanduse loetelu ja lingid muudele allikatele. Kindlust annab see, kui on viidatud teadusartiklitele (viites on DOI number), raamatutele ja rahvusvaheliste organisatsioonide materjalidele.<\/p>\n<p><img loading=\"lazy\" decoding=\"async\" width=\"592\" height=\"624\" class=\"alignnone wp-image-17\" title=\"vikipeedia_hindamine1.png\" src=\"https:\/\/sisu.ut.ee\/wp-content\/uploads\/sites\/136\/vikipeedia_hindamine1.png\" alt=\"vikipeedia_hindamine1.png\" srcset=\"https:\/\/sisu.ut.ee\/wp-content\/uploads\/sites\/136\/vikipeedia_hindamine1.png 592w, https:\/\/sisu.ut.ee\/wp-content\/uploads\/sites\/136\/vikipeedia_hindamine1-285x300.png 285w\" sizes=\"auto, (max-width: 592px) 100vw, 592px\"><\/p>\n<p>Artikkel Vikipeediast. V\u00e4lja on toodud faktid, millele Vikipeedia artikli hindamisel t\u00e4helepanu p\u00f6\u00f6rata. Skeemi aluseks on artikli versioon 08.03.2016. Artikli viimased uuendused ja parandused tehti 4. novembril 2019.<\/p>\n<p align=\"left\"><strong>Artikli usaldusvaarsuse kontrollimine<\/strong><\/p>\n<p>Vikipeedia artikli pealkirja kohal on sakk <em>Arutelu\/Talk<\/em>. Seal on juhitud t\u00e4helepanu artiklis esinevatele probleemidele. N\u00e4iteks inglisekeelse artikli <i>Humanistic psychology<\/i>\u00a0arutelu lehel n\u00e4eb nimekirja\u00a0t\u00f5statatud probleemidest, kaasaarvatud artikli neutraalsusest.\u00a0<\/p>\n<p>Vikipeedia kasutamisel saab juhinduda artiklist <em>Reliability of Wikipedia<\/em> <a href=\"http:\/\/en.wikipedia.org\/wiki\/Reliability_of_Wikipedia\" target=\"_blank\" rel=\"noopener\">http:\/\/en.wikipedia.org\/wiki\/Reliability_of_Wikipedia<\/a><em>.\u00a0<\/em>Seal on v\u00e4lja toodud Vikipeedia tugevad ja n\u00f5rgad k\u00fcljed ning juhised artiklite kasutamiseks.<\/p>\n<p align=\"left\"><strong>Soovitus on suhtuda ettevaatusega artiklitesse,<\/strong><\/p>\n<ul>\n<li>mille teema tekitab vaidlusi (nt toidulisandid, poliitika);<\/li>\n<li>mis k\u00e4sitlevad kaasaegsete isikute elu ja tegevust (v\u00f5ivad olla m\u00f5jutatud artikli autori hoiakutest);<\/li>\n<li>mille fakte on raske kontrollida (pole piisavalt viiteid kasutatud kirjandusele v\u00f5i andmed muutuvad kiiresti), nt andmed linnade v\u00f5i asutuste kohta k\u00e4ivates artiklites);<\/li>\n<li>mis sisaldavad keele- ja stiilivigu.<\/li>\n<\/ul>\n<p><strong>Vikipeedia artiklile viitamine<\/strong><\/p>\n<p>Reeglina ents\u00fcklopeediate artiklitele uurimist\u00f6\u00f6s ei viidata. Vikipeedia artikkel ei ole originaaluurimus, selle koostamiseks on kasutatud erinevaid allikaid ja need on\u00a0loetletud\u00a0artikli l\u00f5pus. Nende p\u00f5hjal saab kontrollida Vikipeedias esitatud fakte ja v\u00e4iteid ning<strong>\u00a0nendele allikatele tuleb ka viidata<\/strong>. Kindlasti tuleb otsida \u00fcles algallikas, seda lugeda, kriitiliselt hinnata ning viidata. Vikipeedia kaudu algallikate viitamine ei ole korrektne.\u00a0<\/p>\n<p align=\"left\">Kasutatud kirjandus<\/p>\n<div>\n<div>1. Calhoun, C. (2014). Using Wikipedia in information literacy instruction Tips for developing research skills.\u00a0<em>College &amp; Research Libraries News<\/em>,\u00a0<em>75<\/em>(1), 32\u201333.<\/div>\n<div>2. Hilles, S. (2014). To Use or Not to Use? The Credibility of Wikipedia.\u00a0<em>Public Services Quarterly<\/em>,\u00a0<em>10<\/em>(3), 245\u2013251.\u00a0<a href=\"http:\/\/doi.org\/10.1080\/15228959.2014.931204\" target=\"_blank\" rel=\"noopener\">http:\/\/doi.org\/10.1080\/15228959.2014.931204<\/a><\/div>\n<div>3. Reliability of Wikipedia. (2015, April 13). In Wikipedia, the free encyclopedia. Retrieved from\u00a0<a href=\"http:\/\/en.wikipedia.org\/w\/index.php?title=Reliability_of_Wikipedia&amp;oldid=656354142\" target=\"_blank\" rel=\"noopener\">http:\/\/en.wikipedia.org\/w\/index.php?title=Reliability_of_Wikipedia&amp;oldid\u2026<\/a><\/div>\n<\/div>\n\n\n<p><\/p>\n","protected":false},"excerpt":{"rendered":"<p>Vikipeedia\u00a0erip\u00e4ra on, et tegu on inimeste \u00fchisloominguga, mist\u00f5ttu paljud artiklid on koost\u00f6\u00f6s saanud p\u00f5hjaliku sisu ja viimistletud vormi. Eriti k\u00e4ib see ingliskeelse Wikipedia kohta, millel on tohutu hulk kaast\u00f6\u00f6lisi. Sealt\u00a0v\u00f5ib leida infot, mida muude allikate kaudu on raske k\u00e4tte saada.\u00a0\u00a0Seet\u00f5ttu &#8230;<\/p>\n","protected":false},"author":5,"featured_media":0,"parent":0,"menu_order":0,"comment_status":"closed","ping_status":"closed","template":"","meta":{"_acf_changed":false,"inline_featured_image":false,"footnotes":""},"class_list":["post-10","page","type-page","status-publish","hentry"],"acf":[],"_links":{"self":[{"href":"https:\/\/sisu.ut.ee\/info_hindamine\/wp-json\/wp\/v2\/pages\/10","targetHints":{"allow":["GET"]}}],"collection":[{"href":"https:\/\/sisu.ut.ee\/info_hindamine\/wp-json\/wp\/v2\/pages"}],"about":[{"href":"https:\/\/sisu.ut.ee\/info_hindamine\/wp-json\/wp\/v2\/types\/page"}],"author":[{"embeddable":true,"href":"https:\/\/sisu.ut.ee\/info_hindamine\/wp-json\/wp\/v2\/users\/5"}],"replies":[{"embeddable":true,"href":"https:\/\/sisu.ut.ee\/info_hindamine\/wp-json\/wp\/v2\/comments?post=10"}],"version-history":[{"count":2,"href":"https:\/\/sisu.ut.ee\/info_hindamine\/wp-json\/wp\/v2\/pages\/10\/revisions"}],"predecessor-version":[{"id":59,"href":"https:\/\/sisu.ut.ee\/info_hindamine\/wp-json\/wp\/v2\/pages\/10\/revisions\/59"}],"wp:attachment":[{"href":"https:\/\/sisu.ut.ee\/info_hindamine\/wp-json\/wp\/v2\/media?parent=10"}],"curies":[{"name":"wp","href":"https:\/\/api.w.org\/{rel}","templated":true}]}}