{"id":4,"date":"2024-04-03T23:19:37","date_gmt":"2024-04-03T20:19:37","guid":{"rendered":"https:\/\/sisu.ut.ee\/ikt\/uudised\/"},"modified":"2024-04-03T23:20:07","modified_gmt":"2024-04-03T20:20:07","slug":"uudised","status":"publish","type":"page","link":"https:\/\/sisu.ut.ee\/ikt\/uudised\/","title":{"rendered":"Uudised"},"content":{"rendered":"<ul>\n<li style=\"text-align: justify\"><span style=\"line-height: 1.6em\"><strong><span style=\"line-height: 1.6em\">9.06.2015:\u00a0<\/span><\/strong><span style=\"line-height: 1.6em\">Ka IT-d valides tasub kuulata s\u00fcdameh\u00e4\u00e4lt:\u00a0<a href=\"http:\/\/koolielu.ee\/info\/readnews\/417103\/ka-it-d-valides-tasub-kuulata-sudamehaalt\" data-url=\"http:\/\/koolielu.ee\/info\/readnews\/417103\/ka-it-d-valides-tasub-kuulata-sudamehaalt\">vt uudist<\/a>.<\/span><\/span><\/li>\n<li style=\"text-align: justify\"><span style=\"line-height: 1.6em\"><strong><span>8.06.2015:<\/span><\/strong> Toimub Eesti Rahvusraamatukogus projekti l\u00f5pukonverents \u201cMis saab IT-haridusest?\u201d: <a href=\"https:\/\/sisu.ut.ee\/wp-content\/uploads\/sites\/79\/paevakava_08.06.15_tallinn_0.pdf\" target=\"_blank\" rel=\"noopener\">vt ajakava<\/a>.<\/span><\/li>\n<li style=\"text-align: justify\"><span style=\"line-height: 1.6em\"><strong><span>5.06.2015:\u00a0<\/span><\/strong>Informaatika\u00f5pe koolis \u2013 kas ja kuidas \u00f5petada? <a href=\"http:\/\/opleht.ee\/23475-informaatikaope-koolis-kas-ja-kuidas-opetada\/\" target=\"_blank\" rel=\"noopener\">vt uudist<\/a>.<\/span><\/li>\n<li style=\"text-align: justify\"><span style=\"line-height: 1.6em\"><strong><span>3.06.2015:<\/span><\/strong> IT-spetsialistide p\u00f5ud algab puudusest koolis: <a href=\"http:\/\/pluss.postimees.ee\/3212073\/kulli-kori-it-spetsialistide-poud-algab-puudustest-koolis\" target=\"_blank\" rel=\"noopener\">vt uudist<\/a>.<\/span><\/li>\n<li style=\"text-align: justify\"><span style=\"line-height: 1.6em\"><strong><span>26.01.2015:\u00a0<\/span><\/strong>Iga kolmas IT-tudeng katkestab \u00f5pingud esimesel \u00f5ppeaastal: <a href=\"http:\/\/novaator.err.ee\/v\/haridus\/2d8ca6de-39bf-4625-859c-1d99e480687e\" target=\"_blank\" rel=\"noopener\">vt uudist<\/a>.<\/span><\/li>\n<li style=\"text-align: justify\"><span style=\"line-height: 1.6em\"><strong>12.11.2014:<\/strong>\u00a0Eksperdid otsivad v\u00f5imalusi IKT valdkonna m\u00f5ju suurendamiseks hariduses: <a href=\"http:\/\/www.ut.ee\/et\/uudised\/eksperdid-otsivad-voimalusi-ikt-valdkonna-moju-suurendamiseks-hariduses\" target=\"_blank\" rel=\"noopener\">vt uudist<\/a>.<\/span><\/li>\n<li style=\"text-align: justify\"><span style=\"line-height: 1.6em\"><strong>14.11.2013:\u00a0<\/strong>Projekti kohta avaldati uudis Tartu \u00dclikooli veebi avalehel: <a href=\"http:\/\/www.ut.ee\/et\/uudised\/haridusteadlased-it-teadlased-praktikud-uurivad-noorte-it-karjaarivalikute-pohjuseid\" target=\"_blank\" rel=\"noopener\">vt uudist<\/a>.<\/span><\/li>\n<li style=\"text-align: justify\"><span style=\"line-height: 1.6em\"><strong>13.11.2013:\u00a0<\/strong>13.-<\/span><span style=\"line-height: 1.6em\">15. novembril 2013 toimub projekti 1. rahvusvaheline teadusseminar. Seminari avap\u00e4eval v\u00f5etakse kokku projekti esimeste kuude tulemused: kirjanduse \u00fclevaade IKT valdkonna \u00fcli\u00f5pilaste sisseastumist ja edasi\u00f5ppimist m\u00f5jutavatest teguritest ning andmeanal\u00fc\u00fcs sisseastumisel kandidaatide poolt toodud valiku tegemise p\u00f5hjustest ja IKT \u00f5ppijaid iseloomustavast \u00fclevaateuuringust. Teisel p\u00e4eval kavandatakse edasist andmekogumist, anal\u00fc\u00fcsi ja tulemuste levitamist. Tutvu seminari kavaga (ingliskeelne): <a href=\"https:\/\/sisu.ut.ee\/sites\/default\/files\/ict\/files\/project_seminar_13.-15.11.pdf\" target=\"_blank\" rel=\"noopener\">vt kava<\/a>.<\/span><\/li>\n<\/ul>\n","protected":false},"excerpt":{"rendered":"<p>9.06.2015:\u00a0Ka IT-d valides tasub kuulata s\u00fcdameh\u00e4\u00e4lt:\u00a0vt uudist. 8.06.2015: Toimub Eesti Rahvusraamatukogus projekti l\u00f5pukonverents \u201cMis saab IT-haridusest?\u201d: vt ajakava. 5.06.2015:\u00a0Informaatika\u00f5pe koolis \u2013 kas ja kuidas \u00f5petada? vt uudist. 3.06.2015: IT-spetsialistide p\u00f5ud algab puudusest koolis: vt uudist. 26.01.2015:\u00a0Iga kolmas IT-tudeng katkestab \u00f5pingud &#8230;<\/p>\n","protected":false},"author":30,"featured_media":0,"parent":0,"menu_order":0,"comment_status":"closed","ping_status":"closed","template":"","meta":{"_acf_changed":false,"inline_featured_image":false,"footnotes":""},"class_list":["post-4","page","type-page","status-publish","hentry"],"acf":[],"_links":{"self":[{"href":"https:\/\/sisu.ut.ee\/ikt\/wp-json\/wp\/v2\/pages\/4","targetHints":{"allow":["GET"]}}],"collection":[{"href":"https:\/\/sisu.ut.ee\/ikt\/wp-json\/wp\/v2\/pages"}],"about":[{"href":"https:\/\/sisu.ut.ee\/ikt\/wp-json\/wp\/v2\/types\/page"}],"author":[{"embeddable":true,"href":"https:\/\/sisu.ut.ee\/ikt\/wp-json\/wp\/v2\/users\/30"}],"replies":[{"embeddable":true,"href":"https:\/\/sisu.ut.ee\/ikt\/wp-json\/wp\/v2\/comments?post=4"}],"version-history":[{"count":1,"href":"https:\/\/sisu.ut.ee\/ikt\/wp-json\/wp\/v2\/pages\/4\/revisions"}],"predecessor-version":[{"id":114,"href":"https:\/\/sisu.ut.ee\/ikt\/wp-json\/wp\/v2\/pages\/4\/revisions\/114"}],"wp:attachment":[{"href":"https:\/\/sisu.ut.ee\/ikt\/wp-json\/wp\/v2\/media?parent=4"}],"curies":[{"name":"wp","href":"https:\/\/api.w.org\/{rel}","templated":true}]}}