{"id":6,"date":"2024-04-04T08:01:16","date_gmt":"2024-04-04T05:01:16","guid":{"rendered":"https:\/\/sisu.ut.ee\/ideedetestimine\/3-katsetamine-ja-testimine\/"},"modified":"2024-04-04T08:01:18","modified_gmt":"2024-04-04T05:01:18","slug":"3-katsetamine-ja-testimine","status":"publish","type":"page","link":"https:\/\/sisu.ut.ee\/ideedetestimine\/3-katsetamine-ja-testimine\/","title":{"rendered":"3. Katsetamine ja testimine"},"content":{"rendered":"<p>\n\t<\/p><div class=\"ratio ratio-16x9 mb-3\"><div class=\"video-placeholder-wrapper video-placeholder-wrapper--16x9\">\n\t\t\t    <div class=\"video-placeholder d-flex justify-content-center align-items-center\">\n\t\t\t        <div class=\"overlay text-white p-2 w-100 text-center d-block justify-content-center align-items-center\">\n\t\t\t            <div>Kolmandate osapoolte sisu n\u00e4gemiseks palun n\u00f5ustu k\u00fcpsistega.<\/div>\n\t\t\t            <button class=\"btn btn-secondary btn-sm mt-1 consent-change\">Muuda n\u00f5usolekut<\/button>\n\t\t\t        <\/div>\n\t\t\t    <\/div>\n\t\t\t<\/div>\n<\/div>\n\n<p style=\"text-align: center\">\n\tVaata videot <a data-url=\"https:\/\/www.youtube.com\/watch?v=QPvTEDfmWlg&amp;list=PLrVnHbMXOdNm78aqHCsoDUGVeGNaBfv2_&amp;index=4\" href=\"https:\/\/www.youtube.com\/watch?v=QPvTEDfmWlg&amp;list=PLrVnHbMXOdNm78aqHCsoDUGVeGNaBfv2_&amp;index=4\" target=\"_blank\" title=\"3. Katsetamine ja testimine\" rel=\"noopener\">YouTube\u2019is<\/a>.\u00a0<\/p>\n","protected":false},"excerpt":{"rendered":"<p>Kolmandate osapoolte sisu n\u00e4gemiseks palun n\u00f5ustu k\u00fcpsistega. Muuda n\u00f5usolekut Vaata videot YouTube\u2019is.\u00a0<\/p>\n","protected":false},"author":281,"featured_media":0,"parent":0,"menu_order":0,"comment_status":"closed","ping_status":"closed","template":"","meta":{"_acf_changed":false,"inline_featured_image":false,"footnotes":""},"class_list":["post-6","page","type-page","status-publish","hentry"],"acf":[],"_links":{"self":[{"href":"https:\/\/sisu.ut.ee\/ideedetestimine\/wp-json\/wp\/v2\/pages\/6","targetHints":{"allow":["GET"]}}],"collection":[{"href":"https:\/\/sisu.ut.ee\/ideedetestimine\/wp-json\/wp\/v2\/pages"}],"about":[{"href":"https:\/\/sisu.ut.ee\/ideedetestimine\/wp-json\/wp\/v2\/types\/page"}],"author":[{"embeddable":true,"href":"https:\/\/sisu.ut.ee\/ideedetestimine\/wp-json\/wp\/v2\/users\/281"}],"replies":[{"embeddable":true,"href":"https:\/\/sisu.ut.ee\/ideedetestimine\/wp-json\/wp\/v2\/comments?post=6"}],"version-history":[{"count":1,"href":"https:\/\/sisu.ut.ee\/ideedetestimine\/wp-json\/wp\/v2\/pages\/6\/revisions"}],"predecessor-version":[{"id":18,"href":"https:\/\/sisu.ut.ee\/ideedetestimine\/wp-json\/wp\/v2\/pages\/6\/revisions\/18"}],"wp:attachment":[{"href":"https:\/\/sisu.ut.ee\/ideedetestimine\/wp-json\/wp\/v2\/media?parent=6"}],"curies":[{"name":"wp","href":"https:\/\/api.w.org\/{rel}","templated":true}]}}