{"id":5,"date":"2024-04-04T02:04:56","date_gmt":"2024-04-03T23:04:56","guid":{"rendered":"https:\/\/sisu.ut.ee\/iclc14\/scientific-committee\/"},"modified":"2024-04-04T02:24:18","modified_gmt":"2024-04-03T23:24:18","slug":"scientific-committee","status":"publish","type":"page","link":"https:\/\/sisu.ut.ee\/iclc14\/scientific-committee\/","title":{"rendered":"Scientific committee"},"content":{"rendered":"<table class=\"table table-hover\" border=\"0\" cellpadding=\"0\" cellspacing=\"0\" style=\"width: 670px;height: 3683px\">\n<tbody>\n<tr>\n<td>\n\t\t\t\tNeil Bermel\n\t\t\t<\/td>\n<td data-sheets-value='{\"1\":2,\"2\":\"University of Sheffield\"}'>\n\t\t\t\tUniversity of Sheffield\n\t\t\t<\/td>\n<\/tr>\n<tr>\n<td>\n\t\t\t\tRaphael Berthele\n\t\t\t<\/td>\n<td data-sheets-value='{\"1\":2,\"2\":\"Universitu00e9 de Fribourg, Plurilinguisme \"}'>\n\t\t\t\tUniversit\u00e9 de Fribourg, Plurilinguisme\n\t\t\t<\/td>\n<\/tr>\n<tr>\n<td>\n\t\t\t\tAlice Blumenthal-Dram\u00e9\n\t\t\t<\/td>\n<td data-sheets-value='{\"1\":2,\"2\":\"Freiburg Institute for Advanced Studies\"}'>\n\t\t\t\tFreiburg Institute for Advanced Studies\n\t\t\t<\/td>\n<\/tr>\n<tr>\n<td>\n\t\t\t\tKasper Boye\n\t\t\t<\/td>\n<td data-sheets-value='{\"1\":2,\"2\":\"University of Copenhagen\"}'>\n\t\t\t\tUniversity of Copenhagen\n\t\t\t<\/td>\n<\/tr>\n<tr>\n<td>\n\t\t\t\tTine Breban\n\t\t\t<\/td>\n<td data-sheets-value='{\"1\":2,\"2\":\"University of Manchester\"}'>\n\t\t\t\tUniversity of Manchester\n\t\t\t<\/td>\n<\/tr>\n<tr>\n<td>\n\t\t\t\tAlan Cienki\n\t\t\t<\/td>\n<td data-sheets-value='{\"1\":2,\"2\":\"Vrije Universiteit Amsterdam; Moscow State Linguistic University\"}'>\n\t\t\t\tVrije Universiteit Amsterdam; Moscow State Linguistic University\n\t\t\t<\/td>\n<\/tr>\n<tr>\n<td>\n\t\t\t\tSteven Clancy\n\t\t\t<\/td>\n<td data-sheets-value='{\"1\":2,\"2\":\"Harvard University\"}'>\n\t\t\t\tHarvard University\n\t\t\t<\/td>\n<\/tr>\n<tr>\n<td>\n\t\t\t\tDenis Creissels\n\t\t\t<\/td>\n<td data-sheets-value='{\"1\":2,\"2\":\"University of Lyon\"}'>\n\t\t\t\tUniversity of Lyon\n\t\t\t<\/td>\n<\/tr>\n<tr>\n<td>\n\t\t\t\tHubert Cuyckens\n\t\t\t<\/td>\n<td data-sheets-value='{\"1\":2,\"2\":\"KU Leuven\"}'>\n\t\t\t\tKU Leuven\n\t\t\t<\/td>\n<\/tr>\n<tr>\n<td>\n\t\t\t\tBarbara Dancygier\n\t\t\t<\/td>\n<td data-sheets-value='{\"1\":2,\"2\":\"University of British Columbia \"}'>\n\t\t\t\tUniversity of British Columbia\n\t\t\t<\/td>\n<\/tr>\n<tr>\n<td>\n\t\t\t\tWalter de Mulder\n\t\t\t<\/td>\n<td data-sheets-value='{\"1\":2,\"2\":\"Universiteit Antwerpen\"}'>\n\t\t\t\tUniversiteit Antwerpen\n\t\t\t<\/td>\n<\/tr>\n<tr>\n<td>\n\t\t\t\tNicole Delbecque\n\t\t\t<\/td>\n<td data-sheets-value='{\"1\":2,\"2\":\"KU Leuven\"}'>\n\t\t\t\tKU Leuven\n\t\t\t<\/td>\n<\/tr>\n<tr>\n<td>\n\t\t\t\tGuillaume Desagulier\n\t\t\t<\/td>\n<td data-sheets-value='{\"1\":2,\"2\":\"University of Paris 8\"}'>\n\t\t\t\tUniversity of Paris 8\n\t\t\t<\/td>\n<\/tr>\n<tr>\n<td>\n\t\t\t\tSimon Devylder\n\t\t\t<\/td>\n<td data-sheets-value='{\"1\":2,\"2\":\"Lund University\"}'>\n\t\t\t\tLund University\n\t\t\t<\/td>\n<\/tr>\n<tr>\n<td>\n\t\t\t\tHolger Diessel\n\t\t\t<\/td>\n<td data-sheets-value='{\"1\":2,\"2\":\"University of Jena\"}'>\n\t\t\t\tUniversity of Jena\n\t\t\t<\/td>\n<\/tr>\n<tr>\n<td>\n\t\t\t\tDagmar Divjak\n\t\t\t<\/td>\n<td data-sheets-value='{\"1\":2,\"2\":\"University of Sheffield\"}'>\n\t\t\t\tUniversity of Sheffield\n\t\t\t<\/td>\n<\/tr>\n<tr>\n<td>\n\t\t\t\tSarah Duffy\n\t\t\t<\/td>\n<td data-sheets-value='{\"1\":2,\"2\":\"Northumbria University\"}'>\n\t\t\t\tNorthumbria University\n\t\t\t<\/td>\n<\/tr>\n<tr>\n<td>\n\t\t\t\tNick Ellis\n\t\t\t<\/td>\n<td data-sheets-value='{\"1\":2,\"2\":\"University of Michigan\"}'>\n\t\t\t\tUniversity of Michigan\n\t\t\t<\/td>\n<\/tr>\n<tr>\n<td>\n\t\t\t\tElisabeth Engberg-Pedersen\n\t\t\t<\/td>\n<td data-sheets-value='{\"1\":2,\"2\":\"University of Copenhagen\"}'>\n\t\t\t\tUniversity of Copenhagen\n\t\t\t<\/td>\n<\/tr>\n<tr>\n<td>\n\t\t\t\tMarja Etel\u00e4m\u00e4ki\n\t\t\t<\/td>\n<td data-sheets-value='{\"1\":2,\"2\":\"University of Helsinki\"}'>\n\t\t\t\tUniversity of Helsinki\n\t\t\t<\/td>\n<\/tr>\n<tr>\n<td>\n\t\t\t\tKerstin Fischer\n\t\t\t<\/td>\n<td data-sheets-value='{\"1\":2,\"2\":\"University of Southern Denmark\"}'>\n\t\t\t\tUniversity of Southern Denmark\n\t\t\t<\/td>\n<\/tr>\n<tr>\n<td>\n\t\t\t\tAd Foolen\n\t\t\t<\/td>\n<td data-sheets-value='{\"1\":2,\"2\":\"Radboud University Nijmegen\"}'>\n\t\t\t\tRadboud University Nijmegen\n\t\t\t<\/td>\n<\/tr>\n<tr>\n<td>\n\t\t\t\tMirjam Fried\n\t\t\t<\/td>\n<td data-sheets-value='{\"1\":2,\"2\":\"Charles University in Prague\"}'>\n\t\t\t\tCharles University in Prague\n\t\t\t<\/td>\n<\/tr>\n<tr>\n<td>\n\t\t\t\tDirk Geeraerts\n\t\t\t<\/td>\n<td data-sheets-value='{\"1\":2,\"2\":\"KU Leuven\"}'>\n\t\t\t\tKU Leuven\n\t\t\t<\/td>\n<\/tr>\n<tr>\n<td>\n\t\t\t\tEl\u017cbieta G\u00f3rska\n\t\t\t<\/td>\n<td data-sheets-value='{\"1\":2,\"2\":\"University of Warsaw\"}'>\n\t\t\t\tUniversity of Warsaw\n\t\t\t<\/td>\n<\/tr>\n<tr>\n<td>\n\t\t\t\tK\u00fclli Habicht\n\t\t\t<\/td>\n<td data-sheets-value='{\"1\":2,\"2\":\"University of Tartu\"}'>\n\t\t\t\tUniversity of Tartu\n\t\t\t<\/td>\n<\/tr>\n<tr>\n<td>\n\t\t\t\tBeate Hampe\n\t\t\t<\/td>\n<td data-sheets-value='{\"1\":2,\"2\":\"Erfurt University\"}'>\n\t\t\t\tErfurt University\n\t\t\t<\/td>\n<\/tr>\n<tr>\n<td>\n\t\t\t\tChristopher Hart\n\t\t\t<\/td>\n<td data-sheets-value='{\"1\":2,\"2\":\"Lancaster University\"}'>\n\t\t\t\tLancaster University\n\t\t\t<\/td>\n<\/tr>\n<tr>\n<td>\n\t\t\t\tMarja-Liisa Helasvuo\n\t\t\t<\/td>\n<td data-sheets-value='{\"1\":2,\"2\":\"University of Turku\"}'>\n\t\t\t\tUniversity of Turku\n\t\t\t<\/td>\n<\/tr>\n<tr>\n<td>\n\t\t\t\tThomas Herbst\n\t\t\t<\/td>\n<td data-sheets-value='{\"1\":2,\"2\":\"FAU Erlangen-Nu00fcrnberg\"}'>\n\t\t\t\tFAU Erlangen-N\u00fcrnberg\n\t\t\t<\/td>\n<\/tr>\n<tr>\n<td>\n\t\t\t\tIlona Herlin\n\t\t\t<\/td>\n<td data-sheets-value='{\"1\":2,\"2\":\"University of Helsinki\"}'>\n\t\t\t\tUniversity of Helsinki\n\t\t\t<\/td>\n<\/tr>\n<tr>\n<td>\n\t\t\t\tMartin Hilpert\n\t\t\t<\/td>\n<td data-sheets-value='{\"1\":2,\"2\":\"Universitu00e9 de Neuchu00e2tel\"}'>\n\t\t\t\tUniversit\u00e9 de Neuch\u00e2tel\n\t\t\t<\/td>\n<\/tr>\n<tr>\n<td>\n\t\t\t\tHelen Hint\n\t\t\t<\/td>\n<td data-sheets-value='{\"1\":2,\"2\":\"University of Tartu\"}'>\n\t\t\t\tUniversity of Tartu\n\t\t\t<\/td>\n<\/tr>\n<tr>\n<td>\n\t\t\t\tMikko H\u00f6glund\n\t\t\t<\/td>\n<td data-sheets-value='{\"1\":2,\"2\":\"Stockholm University\"}'>\n\t\t\t\tStockholm University\n\t\t\t<\/td>\n<\/tr>\n<tr>\n<td>\n\t\t\t\tWillem Hollmann\n\t\t\t<\/td>\n<td data-sheets-value='{\"1\":2,\"2\":\"Lancaster University\"}'>\n\t\t\t\tLancaster University\n\t\t\t<\/td>\n<\/tr>\n<tr>\n<td>\n\t\t\t\tTuomas Huumo\n\t\t\t<\/td>\n<td data-sheets-value='{\"1\":2,\"2\":\"University of Turku\"}'>\n\t\t\t\tUniversity of Turku\n\t\t\t<\/td>\n<\/tr>\n<tr>\n<td>\n\t\t\t\tIraide Ibarretxe Antu\u00f1ano\n\t\t\t<\/td>\n<td data-sheets-value='{\"1\":2,\"2\":\"University of Zaragoza\"}'>\n\t\t\t\tUniversity of Zaragoza\n\t\t\t<\/td>\n<\/tr>\n<tr>\n<td>\n\t\t\t\tMinna Jaakola\n\t\t\t<\/td>\n<td data-sheets-value='{\"1\":2,\"2\":\"University of Helsinki\"}'>\n\t\t\t\tUniversity of Helsinki\n\t\t\t<\/td>\n<\/tr>\n<tr>\n<td>\n\t\t\t\tLaura Janda\n\t\t\t<\/td>\n<td data-sheets-value='{\"1\":2,\"2\":\"UiT The Arctic University of Norway\"}'>\n\t\t\t\tUiT The Arctic University of Norway\n\t\t\t<\/td>\n<\/tr>\n<tr>\n<td>\n\t\t\t\tAnni J\u00fcrine\n\t\t\t<\/td>\n<td data-sheets-value='{\"1\":2,\"2\":\"University of Tartu\"}'>\n\t\t\t\tUniversity of Tartu\n\t\t\t<\/td>\n<\/tr>\n<tr>\n<td>\n\t\t\t\tElsi Kaiser\n\t\t\t<\/td>\n<td data-sheets-value='{\"1\":2,\"2\":\"University of Southern California\"}'>\n\t\t\t\tUniversity of Southern California\n\t\t\t<\/td>\n<\/tr>\n<tr>\n<td>\n\t\t\t\tSeppo Kittil\u00e4\n\t\t\t<\/td>\n<td data-sheets-value='{\"1\":2,\"2\":\"University of Helsinki\"}'>\n\t\t\t\tUniversity of Helsinki\n\t\t\t<\/td>\n<\/tr>\n<tr>\n<td>\n\t\t\t\tJane Klavan\n\t\t\t<\/td>\n<td data-sheets-value='{\"1\":2,\"2\":\"University of Tartu\"}'>\n\t\t\t\tUniversity of Tartu\n\t\t\t<\/td>\n<\/tr>\n<tr>\n<td>\n\t\t\t\tGerson Klumpp\n\t\t\t<\/td>\n<td data-sheets-value='{\"1\":2,\"2\":\"University of Tartu\"}'>\n\t\t\t\tUniversity of Tartu\n\t\t\t<\/td>\n<\/tr>\n<tr>\n<td>\n\t\t\t\tAki-Juhani Kyr\u00f6l\u00e4inen\n\t\t\t<\/td>\n<td data-sheets-value='{\"1\":2,\"2\":\"University of Turku\"}'>\n\t\t\t\tUniversity of Turku\n\t\t\t<\/td>\n<\/tr>\n<tr>\n<td>\n\t\t\t\tRonald Langacker\n\t\t\t<\/td>\n<td data-sheets-value='{\"1\":2,\"2\":\"University of California\"}'>\n\t\t\t\tUniversity of California\n\t\t\t<\/td>\n<\/tr>\n<tr>\n<td>\n\t\t\t\tJaakko Leino\n\t\t\t<\/td>\n<td data-sheets-value='{\"1\":2,\"2\":\"University of Helsinki\"}'>\n\t\t\t\tUniversity of Helsinki\n\t\t\t<\/td>\n<\/tr>\n<tr>\n<td>\n\t\t\t\tMaarten Lemmens\n\t\t\t<\/td>\n<td data-sheets-value='{\"1\":2,\"2\":\"Universitu00e9 de Lille\"}'>\n\t\t\t\tUniversit\u00e9 de Lille\n\t\t\t<\/td>\n<\/tr>\n<tr>\n<td>\n\t\t\t\tThomas (Fuyin) Li\n\t\t\t<\/td>\n<td data-sheets-value='{\"1\":2,\"2\":\"Beihang University\"}'>\n\t\t\t\tBeihang University\n\t\t\t<\/td>\n<\/tr>\n<tr>\n<td>\n\t\t\t\tLiina Lindstr\u00f6m\n\t\t\t<\/td>\n<td data-sheets-value='{\"1\":2,\"2\":\"University of Tartu\"}'>\n\t\t\t\tUniversity of Tartu\n\t\t\t<\/td>\n<\/tr>\n<tr>\n<td>\n\t\t\t\tDavid Lorenz\n\t\t\t<\/td>\n<td data-sheets-value='{\"1\":2,\"2\":\"Albert-Ludwigs-Universitu00e4t Freiburg\"}'>\n\t\t\t\tAlbert-Ludwigs-Universit\u00e4t Freiburg\n\t\t\t<\/td>\n<\/tr>\n<tr>\n<td>\n\t\t\t\tAsifa Majid\n\t\t\t<\/td>\n<td data-sheets-value='{\"1\":2,\"2\":\"Max Planck Institute for Psycholinguistics\"}'>\n\t\t\t\tMax Planck Institute for Psycholinguistics\n\t\t\t<\/td>\n<\/tr>\n<tr>\n<td>\n\t\t\t\tAnastasia Makarova\n\t\t\t<\/td>\n<td data-sheets-value='{\"1\":2,\"2\":\"UiT The Arctic University of Norway\"}'>\n\t\t\t\tUiT The Arctic University of Norway\n\t\t\t<\/td>\n<\/tr>\n<tr>\n<td>\n\t\t\t\tJavier Valenzuela Manzanares\n\t\t\t<\/td>\n<td data-sheets-value='{\"1\":2,\"2\":\"Universidad de Murcia\"}'>\n\t\t\t\tUniversidad de Murcia\n\t\t\t<\/td>\n<\/tr>\n<tr>\n<td>\n\t\t\t\tHelle Metslang\n\t\t\t<\/td>\n<td data-sheets-value='{\"1\":2,\"2\":\"University of Tartu\"}'>\n\t\t\t\tUniversity of Tartu\n\t\t\t<\/td>\n<\/tr>\n<tr>\n<td>\n\t\t\t\tIrene Mittelberg\n\t\t\t<\/td>\n<td data-sheets-value='{\"1\":2,\"2\":\"RWTH Aachen University\"}'>\n\t\t\t\tRWTH Aachen University\n\t\t\t<\/td>\n<\/tr>\n<tr>\n<td>\n\t\t\t\tKevin Moore\n\t\t\t<\/td>\n<td data-sheets-value='{\"1\":2,\"2\":\"San Jose State University\"}'>\n\t\t\t\tSan Jose State University\n\t\t\t<\/td>\n<\/tr>\n<tr>\n<td>\n\t\t\t\tAndriy Myachykov\n\t\t\t<\/td>\n<td data-sheets-value='{\"1\":2,\"2\":\"Northumbria University\"}'>\n\t\t\t\tNorthumbria University\n\t\t\t<\/td>\n<\/tr>\n<tr>\n<td>\n\t\t\t\tYoshihisa Nakamura\n\t\t\t<\/td>\n<td data-sheets-value='{\"1\":2,\"2\":\"Kanazawa University\"}'>\n\t\t\t\tKanazawa University\n\t\t\t<\/td>\n<\/tr>\n<tr>\n<td>\n\t\t\t\tTore Nesset\n\t\t\t<\/td>\n<td data-sheets-value='{\"1\":2,\"2\":\"UiT The Arctic University of Norway\"}'>\n\t\t\t\tUiT The Arctic University of Norway\n\t\t\t<\/td>\n<\/tr>\n<tr>\n<td>\n\t\t\t\tJohn Newman\n\t\t\t<\/td>\n<td data-sheets-value='{\"1\":2,\"2\":\"University of Alberta\"}'>\n\t\t\t\tUniversity of Alberta\n\t\t\t<\/td>\n<\/tr>\n<tr>\n<td>\n\t\t\t\tKiki Nikiforidou\n\t\t\t<\/td>\n<td data-sheets-value='{\"1\":2,\"2\":\"National and Kapodistrian University of Athens\"}'>\n\t\t\t\tNational and Kapodistrian University of Athens\n\t\t\t<\/td>\n<\/tr>\n<tr>\n<td>\n\t\t\t\tAnna-Lena Nilsson\n\t\t\t<\/td>\n<td data-sheets-value='{\"1\":2,\"2\":\"NTNU\"}'>\n\t\t\t\tNTNU\n\t\t\t<\/td>\n<\/tr>\n<tr>\n<td>\n\t\t\t\tMiina Norvik\n\t\t\t<\/td>\n<td data-sheets-value='{\"1\":2,\"2\":\"University of Tartu\"}'>\n\t\t\t\tUniversity of Tartu\n\t\t\t<\/td>\n<\/tr>\n<tr>\n<td>\n\t\t\t\tJan Nuyts\n\t\t\t<\/td>\n<td data-sheets-value='{\"1\":2,\"2\":\"University of Antwerp\"}'>\n\t\t\t\tUniversity of Antwerp\n\t\t\t<\/td>\n<\/tr>\n<tr>\n<td>\n\t\t\t\tTiina Onikki-Rantaj\u00e4\u00e4sk\u00f6\n\t\t\t<\/td>\n<td data-sheets-value='{\"1\":2,\"2\":\"University of Helsinki\"}'>\n\t\t\t\tUniversity of Helsinki\n\t\t\t<\/td>\n<\/tr>\n<tr>\n<td>\n\t\t\t\tRenate Pajusalu\n\t\t\t<\/td>\n<td data-sheets-value='{\"1\":2,\"2\":\"University of Tartu\"}'>\n\t\t\t\tUniversity of Tartu\n\t\t\t<\/td>\n<\/tr>\n<tr>\n<td>\n\t\t\t\tCarita Paradis\n\t\t\t<\/td>\n<td data-sheets-value='{\"1\":2,\"2\":\"Lund University\"}'>\n\t\t\t\tLund University\n\t\t\t<\/td>\n<\/tr>\n<tr>\n<td>\n\t\t\t\tGeda Paulsen\n\t\t\t<\/td>\n<td data-sheets-value='{\"1\":2,\"2\":\"Institute of the Estonian Language\"}'>\n\t\t\t\tInstitute of the Estonian Language\n\t\t\t<\/td>\n<\/tr>\n<tr>\n<td>\n\t\t\t\tEsa Penttil\u00e4\n\t\t\t<\/td>\n<td data-sheets-value='{\"1\":2,\"2\":\"University of Eastern Finland\"}'>\n\t\t\t\tUniversity of Eastern Finland\n\t\t\t<\/td>\n<\/tr>\n<tr>\n<td>\n\t\t\t\tPiret Piiroja\n\t\t\t<\/td>\n<td data-sheets-value='{\"1\":2,\"2\":\"University of Tartu\"}'>\n\t\t\t\tUniversity of Tartu\n\t\t\t<\/td>\n<\/tr>\n<tr>\n<td>\n\t\t\t\tMaarja-Liisa Pilvik\n\t\t\t<\/td>\n<td data-sheets-value='{\"1\":2,\"2\":\"University of Tartu\"}'>\n\t\t\t\tUniversity of Tartu\n\t\t\t<\/td>\n<\/tr>\n<tr>\n<td>\n\t\t\t\tHelen Plado\n\t\t\t<\/td>\n<td data-sheets-value='{\"1\":2,\"2\":\"University of Tartu\"}'>\n\t\t\t\tUniversity of Tartu\n\t\t\t<\/td>\n<\/tr>\n<tr>\n<td>\n\t\t\t\tMaria Reile\n\t\t\t<\/td>\n<td data-sheets-value='{\"1\":2,\"2\":\"University of Tartu\"}'>\n\t\t\t\tUniversity of Tartu\n\t\t\t<\/td>\n<\/tr>\n<tr>\n<td>\n\t\t\t\tSally Rice\n\t\t\t<\/td>\n<td data-sheets-value='{\"1\":2,\"2\":\"University of Alberta\"}'>\n\t\t\t\tUniversity of Alberta\n\t\t\t<\/td>\n<\/tr>\n<tr>\n<td>\n\t\t\t\tHelka Riionheimo\n\t\t\t<\/td>\n<td data-sheets-value='{\"1\":2,\"2\":\"University of Eastern Finland\"}'>\n\t\t\t\tUniversity of Eastern Finland\n\t\t\t<\/td>\n<\/tr>\n<tr>\n<td>\n\t\t\t\tHeete Sahkai\n\t\t\t<\/td>\n<td data-sheets-value='{\"1\":2,\"2\":\"Institute of the Estonian Language\"}'>\n\t\t\t\tInstitute of the Estonian Language\n\t\t\t<\/td>\n<\/tr>\n<tr>\n<td>\n\t\t\t\tAndrea Schalley\n\t\t\t<\/td>\n<td data-sheets-value='{\"1\":2,\"2\":\"Karlstad University\"}'>\n\t\t\t\tKarlstad University\n\t\t\t<\/td>\n<\/tr>\n<tr>\n<td>\n\t\t\t\tDoris Sch\u00f6nefeld\n\t\t\t<\/td>\n<td data-sheets-value='{\"1\":2,\"2\":\"Leipzig University\"}'>\n\t\t\t\tLeipzig University\n\t\t\t<\/td>\n<\/tr>\n<tr>\n<td>\n\t\t\t\tEva Schultze-Berndt\n\t\t\t<\/td>\n<td data-sheets-value='{\"1\":2,\"2\":\"University of Manchester\"}'>\n\t\t\t\tUniversity of Manchester\n\t\t\t<\/td>\n<\/tr>\n<tr>\n<td>\n\t\t\t\tDingfang Shu\n\t\t\t<\/td>\n<td data-sheets-value='{\"1\":2,\"2\":\"Shanghai International Studies \"}'>\n\t\t\t\tShanghai International Studies\n\t\t\t<\/td>\n<\/tr>\n<tr>\n<td>\n\t\t\t\tAugusto Soares da Silva\n\t\t\t<\/td>\n<td data-sheets-value='{\"1\":2,\"2\":\"Catholic University of Portugal - Braga\"}'>\n\t\t\t\tCatholic University of Portugal \u2013 Braga\n\t\t\t<\/td>\n<\/tr>\n<tr>\n<td>\n\t\t\t\tJari Sivonen\n\t\t\t<\/td>\n<td data-sheets-value='{\"1\":2,\"2\":\"University of Oulu\"}'>\n\t\t\t\tUniversity of Oulu\n\t\t\t<\/td>\n<\/tr>\n<tr>\n<td>\n\t\t\t\tSvetlana Sokolova\n\t\t\t<\/td>\n<td data-sheets-value='{\"1\":2,\"2\":\"UiT The Arctic University of Norway\"}'>\n\t\t\t\tUiT The Arctic University of Norway\n\t\t\t<\/td>\n<\/tr>\n<tr>\n<td>\n\t\t\t\tJames Street\n\t\t\t<\/td>\n<td data-sheets-value='{\"1\":2,\"2\":\"Northumbria University\"}'>\n\t\t\t\tNorthumbria University\n\t\t\t<\/td>\n<\/tr>\n<tr>\n<td>\n\t\t\t\tPiia Taremaa\n\t\t\t<\/td>\n<td data-sheets-value='{\"1\":2,\"2\":\"University of Tartu\"}'>\n\t\t\t\tUniversity of Tartu\n\t\t\t<\/td>\n<\/tr>\n<tr>\n<td>\n\t\t\t\tArvi Tavast\n\t\t\t<\/td>\n<td data-sheets-value='{\"1\":2,\"2\":\"University of Tartu\"}'>\n\t\t\t\tUniversity of Tartu\n\t\t\t<\/td>\n<\/tr>\n<tr>\n<td>\n\t\t\t\tThora Tenbrink\n\t\t\t<\/td>\n<td data-sheets-value='{\"1\":2,\"2\":\"Bangor University\"}'>\n\t\t\t\tBangor University\n\t\t\t<\/td>\n<\/tr>\n<tr>\n<td>\n\t\t\t\tIlona Tragel\n\t\t\t<\/td>\n<td data-sheets-value='{\"1\":2,\"2\":\"University of Tartu\"}'>\n\t\t\t\tUniversity of Tartu\n\t\t\t<\/td>\n<\/tr>\n<tr>\n<td>\n\t\t\t\tKristel Uiboaed\n\t\t\t<\/td>\n<td data-sheets-value='{\"1\":2,\"2\":\"University of Tartu\"}'>\n\t\t\t\tUniversity of Tartu\n\t\t\t<\/td>\n<\/tr>\n<tr>\n<td>\n\t\t\t\tEne Vainik\n\t\t\t<\/td>\n<td data-sheets-value='{\"1\":2,\"2\":\"Institute of the Estonian Language\"}'>\n\t\t\t\tInstitute of the Estonian Language\n\t\t\t<\/td>\n<\/tr>\n<tr>\n<td>\n\t\t\t\tRiitta V\u00e4limaa-Blum\n\t\t\t<\/td>\n<td data-sheets-value='{\"1\":2,\"2\":\"Universitu00e9 de Nice Sophia-Antipolis and CNRS-UMR 6039\"}'>\n\t\t\t\tUniversit\u00e9 de Nice Sophia-Antipolis and CNRS-UMR 6039\n\t\t\t<\/td>\n<\/tr>\n<tr>\n<td>\n\t\t\t\tAnn Veismann\n\t\t\t<\/td>\n<td data-sheets-value='{\"1\":2,\"2\":\"University of Tartu\"}'>\n\t\t\t\tUniversity of Tartu\n\t\t\t<\/td>\n<\/tr>\n<tr>\n<td>\n\t\t\t\tMarjolijn Verspoor\n\t\t\t<\/td>\n<td data-sheets-value='{\"1\":2,\"2\":\"University of Groningen\"}'>\n\t\t\t\tUniversity of Groningen\n\t\t\t<\/td>\n<\/tr>\n<tr>\n<td>\n\t\t\t\tMarilyn Vihman\n\t\t\t<\/td>\n<td data-sheets-value='{\"1\":2,\"2\":\"University of York\"}'>\n\t\t\t\tUniversity of York\n\t\t\t<\/td>\n<\/tr>\n<tr>\n<td>\n\t\t\t\tVirve Vihman\n\t\t\t<\/td>\n<td data-sheets-value='{\"1\":2,\"2\":\"University of Tartu\"}'>\n\t\t\t\tUniversity of Tartu\n\t\t\t<\/td>\n<\/tr>\n<tr>\n<td>\n\t\t\t\tTene Viiburg\n\t\t\t<\/td>\n<td data-sheets-value='{\"1\":2,\"2\":\"University of Tartu\"}'>\n\t\t\t\tUniversity of Tartu\n\t\t\t<\/td>\n<\/tr>\n<tr>\n<td>\n\t\t\t\tLaura Visap\u00e4\u00e4\n\t\t\t<\/td>\n<td data-sheets-value='{\"1\":2,\"2\":\"University of Helsinki\"}'>\n\t\t\t\tUniversity of Helsinki\n\t\t\t<\/td>\n<\/tr>\n<tr>\n<td>\n\t\t\t\tMila Vulchanova\n\t\t\t<\/td>\n<td data-sheets-value='{\"1\":2,\"2\":\"NTNU\"}'>\n\t\t\t\tNTNU\n\t\t\t<\/td>\n<\/tr>\n<tr>\n<td>\n\t\t\t\tSherman Wilcox\n\t\t\t<\/td>\n<td data-sheets-value='{\"1\":2,\"2\":\"University of New Mexico\"}'>\n\t\t\t\tUniversity of New Mexico\n\t\t\t<\/td>\n<\/tr>\n<tr>\n<td>\n\t\t\t\tJordan Zlatev\n\t\t\t<\/td>\n<td data-sheets-value='{\"1\":2,\"2\":\"Lund University\"}'>\n\t\t\t\tLund University\n\t\t\t<\/td>\n<\/tr>\n<\/tbody>\n<\/table>\n","protected":false},"excerpt":{"rendered":"<p>Neil Bermel University of Sheffield Raphael Berthele Universit\u00e9 de Fribourg, Plurilinguisme Alice Blumenthal-Dram\u00e9 Freiburg Institute for Advanced Studies Kasper Boye University of Copenhagen Tine Breban University of Manchester Alan Cienki Vrije Universiteit Amsterdam; Moscow State Linguistic University Steven Clancy Harvard &#8230;<\/p>\n","protected":false},"author":83,"featured_media":0,"parent":0,"menu_order":0,"comment_status":"closed","ping_status":"closed","template":"","meta":{"_acf_changed":false,"inline_featured_image":false,"footnotes":""},"class_list":["post-5","page","type-page","status-publish","hentry"],"acf":[],"_links":{"self":[{"href":"https:\/\/sisu.ut.ee\/iclc14\/wp-json\/wp\/v2\/pages\/5","targetHints":{"allow":["GET"]}}],"collection":[{"href":"https:\/\/sisu.ut.ee\/iclc14\/wp-json\/wp\/v2\/pages"}],"about":[{"href":"https:\/\/sisu.ut.ee\/iclc14\/wp-json\/wp\/v2\/types\/page"}],"author":[{"embeddable":true,"href":"https:\/\/sisu.ut.ee\/iclc14\/wp-json\/wp\/v2\/users\/83"}],"replies":[{"embeddable":true,"href":"https:\/\/sisu.ut.ee\/iclc14\/wp-json\/wp\/v2\/comments?post=5"}],"version-history":[{"count":1,"href":"https:\/\/sisu.ut.ee\/iclc14\/wp-json\/wp\/v2\/pages\/5\/revisions"}],"predecessor-version":[{"id":606,"href":"https:\/\/sisu.ut.ee\/iclc14\/wp-json\/wp\/v2\/pages\/5\/revisions\/606"}],"wp:attachment":[{"href":"https:\/\/sisu.ut.ee\/iclc14\/wp-json\/wp\/v2\/media?parent=5"}],"curies":[{"name":"wp","href":"https:\/\/api.w.org\/{rel}","templated":true}]}}