{"id":69,"date":"2024-04-04T07:30:21","date_gmt":"2024-04-04T04:30:21","guid":{"rendered":"https:\/\/sisu.ut.ee\/huvitavkeemia\/7-orgaanilised-hapniku-ja-lammastikuuhendid\/"},"modified":"2024-04-04T07:32:47","modified_gmt":"2024-04-04T04:32:47","slug":"7-orgaanilised-hapniku-ja-lammastikuuhendid","status":"publish","type":"page","link":"https:\/\/sisu.ut.ee\/huvitavkeemia\/7-orgaanilised-hapniku-ja-lammastikuuhendid\/","title":{"rendered":"7. Orgaanilised hapniku- ja l\u00e4mmastiku\u00fchendid"},"content":{"rendered":"<p>\n\tPaljud orgaanilised ained sisaldavad hapnikku v\u00f5i l\u00e4mmastikku. J\u00e4rgnevalt vaatlemegi aineklasse, kus leidub hapnikku v\u00f5i l\u00e4mmastikku sisaldav\u00a0funktsionaalr\u00fchm.\n<\/p>\n<p>\n\t\u00a0<\/p>\n","protected":false},"excerpt":{"rendered":"<p>Paljud orgaanilised ained sisaldavad hapnikku v\u00f5i l\u00e4mmastikku. J\u00e4rgnevalt vaatlemegi aineklasse, kus leidub hapnikku v\u00f5i l\u00e4mmastikku sisaldav\u00a0funktsionaalr\u00fchm. \u00a0<\/p>\n","protected":false},"author":269,"featured_media":0,"parent":0,"menu_order":0,"comment_status":"closed","ping_status":"closed","template":"","meta":{"_acf_changed":false,"inline_featured_image":false,"footnotes":""},"class_list":["post-69","page","type-page","status-publish","hentry"],"acf":[],"_links":{"self":[{"href":"https:\/\/sisu.ut.ee\/huvitavkeemia\/wp-json\/wp\/v2\/pages\/69","targetHints":{"allow":["GET"]}}],"collection":[{"href":"https:\/\/sisu.ut.ee\/huvitavkeemia\/wp-json\/wp\/v2\/pages"}],"about":[{"href":"https:\/\/sisu.ut.ee\/huvitavkeemia\/wp-json\/wp\/v2\/types\/page"}],"author":[{"embeddable":true,"href":"https:\/\/sisu.ut.ee\/huvitavkeemia\/wp-json\/wp\/v2\/users\/269"}],"replies":[{"embeddable":true,"href":"https:\/\/sisu.ut.ee\/huvitavkeemia\/wp-json\/wp\/v2\/comments?post=69"}],"version-history":[{"count":1,"href":"https:\/\/sisu.ut.ee\/huvitavkeemia\/wp-json\/wp\/v2\/pages\/69\/revisions"}],"predecessor-version":[{"id":422,"href":"https:\/\/sisu.ut.ee\/huvitavkeemia\/wp-json\/wp\/v2\/pages\/69\/revisions\/422"}],"wp:attachment":[{"href":"https:\/\/sisu.ut.ee\/huvitavkeemia\/wp-json\/wp\/v2\/media?parent=69"}],"curies":[{"name":"wp","href":"https:\/\/api.w.org\/{rel}","templated":true}]}}