{"id":65,"date":"2024-04-04T07:30:20","date_gmt":"2024-04-04T04:30:20","guid":{"rendered":"https:\/\/sisu.ut.ee\/huvitavkeemia\/2-moolarvutus-lahuse-kontsentratsioon\/"},"modified":"2024-04-04T07:32:47","modified_gmt":"2024-04-04T04:32:47","slug":"2-moolarvutus-lahuse-kontsentratsioon","status":"publish","type":"page","link":"https:\/\/sisu.ut.ee\/huvitavkeemia\/2-moolarvutus-lahuse-kontsentratsioon\/","title":{"rendered":"2. Moolarvutus, lahuse kontsentratsioon"},"content":{"rendered":"<p>Puhtaid aineid esineb meie igap\u00e4evaelus \u00fcsna harva. Ka joogivesi sisaldab erinevaid aineosakesi. Toiduainete ja kodukeemia pakenditelt saame lugeda, milliseid aineid ja kui palju need sisaldavad. Lahuse koostise arvutuste peat\u00fckis vaatamegi l\u00e4hemalt lahuse kontsentratsiooni v\u00e4ljendumise viise, kuidas arvutada ainehulka, kuidas teha arvutusi reaktsiooniv\u00f5rrandite p\u00f5hjal ning mis on saagis ja kadu.<\/p>\n","protected":false},"excerpt":{"rendered":"<p>Puhtaid aineid esineb meie igap\u00e4evaelus \u00fcsna harva. Ka joogivesi sisaldab erinevaid aineosakesi. Toiduainete ja kodukeemia pakenditelt saame lugeda, milliseid aineid ja kui palju need sisaldavad. Lahuse koostise arvutuste peat\u00fckis vaatamegi l\u00e4hemalt lahuse kontsentratsiooni v\u00e4ljendumise viise, kuidas arvutada ainehulka, kuidas teha &#8230;<\/p>\n","protected":false},"author":269,"featured_media":0,"parent":0,"menu_order":0,"comment_status":"closed","ping_status":"closed","template":"","meta":{"_acf_changed":false,"inline_featured_image":false,"footnotes":""},"class_list":["post-65","page","type-page","status-publish","hentry"],"acf":[],"_links":{"self":[{"href":"https:\/\/sisu.ut.ee\/huvitavkeemia\/wp-json\/wp\/v2\/pages\/65","targetHints":{"allow":["GET"]}}],"collection":[{"href":"https:\/\/sisu.ut.ee\/huvitavkeemia\/wp-json\/wp\/v2\/pages"}],"about":[{"href":"https:\/\/sisu.ut.ee\/huvitavkeemia\/wp-json\/wp\/v2\/types\/page"}],"author":[{"embeddable":true,"href":"https:\/\/sisu.ut.ee\/huvitavkeemia\/wp-json\/wp\/v2\/users\/269"}],"replies":[{"embeddable":true,"href":"https:\/\/sisu.ut.ee\/huvitavkeemia\/wp-json\/wp\/v2\/comments?post=65"}],"version-history":[{"count":1,"href":"https:\/\/sisu.ut.ee\/huvitavkeemia\/wp-json\/wp\/v2\/pages\/65\/revisions"}],"predecessor-version":[{"id":426,"href":"https:\/\/sisu.ut.ee\/huvitavkeemia\/wp-json\/wp\/v2\/pages\/65\/revisions\/426"}],"wp:attachment":[{"href":"https:\/\/sisu.ut.ee\/huvitavkeemia\/wp-json\/wp\/v2\/media?parent=65"}],"curies":[{"name":"wp","href":"https:\/\/api.w.org\/{rel}","templated":true}]}}