{"id":49,"date":"2024-04-04T07:30:19","date_gmt":"2024-04-04T04:30:19","guid":{"rendered":"https:\/\/sisu.ut.ee\/huvitavkeemia\/59-fosfor-ja-fosfori-uhendid\/"},"modified":"2025-04-22T12:32:53","modified_gmt":"2025-04-22T09:32:53","slug":"59-fosfor-ja-fosfori-uhendid","status":"publish","type":"page","link":"https:\/\/sisu.ut.ee\/huvitavkeemia\/59-fosfor-ja-fosfori-uhendid\/","title":{"rendered":"5.9. Fosfor ja fosfori\u00fchendid"},"content":{"rendered":"<p>Esmakordselt sai fosforit 1669. aastal saksa keemik Henning Brandt. Otsides v\u00f5imalust saada elueliksiiri ja filosoofilist kivi, avastas ta helendava aine fosfori (ta l\u00e4htus\u00a0uriinist, kuumutas selle aurustumisj\u00e4\u00e4ki koos s\u00f6e ja liivaga).\u00a0Pikemat aega p\u00fc\u00fcti seda meetodit hoida saladuses, sest demonstreerides helendavat fosforit k\u00f5rgemale seltskonnale\u00a0oli v\u00f5imalik teenida raha. Selle, et fosfor on element, t\u00f5estas korrektselt Lavoisier. Fosfor on kreeka keeles \u201cvalgusekandja<sup>\u201c<\/sup>. Looduses kuulub fosfor k\u00fcllalt levinud elementide hulka, kuid lihtainena looduses ei esine, esineb p\u00f5hiliselt kaltsiumfosfaadina (Ca<sub>3<\/sub>(PO<sub>4<\/sub>)<sub>2<\/sub>). Fosfor on t\u00e4htis bioelement, sest kuulub valkude ja teiste elutegevuses oluliste \u00fchendite koostisse. Luudes ja hammastes sisalduv kaltsiumfosfaat annab neile tugevuse. Hammastes on k\u00f5ige rohkem mineraali Ca<sub>10<\/sub>(PO<sub>4<\/sub>)<sub>6<\/sub>(OH)<sub>2,<\/sub>\u00a0mida\u00a0v\u00f5ib lihtsustatult vaadata kui kahest ainest koosnevat mineraali \u2013 Ca<sub>3<\/sub>(PO<sub>4<\/sub>)<sub>2<\/sub> + Ca(OH)<sub>2<\/sub>. Happeliste jookide joomisel toimuvad erinevad reaktsioonid, nt Ca(OH)<sub>2<\/sub> + 2H<sup>+<\/sup> \u2192 Ca<sup>2+<\/sup> + 2H<sub>2<\/sub>O. Selle tulemusel hambavaap laguneb ja tekivad augud.<\/p>\n<p>Pesemisvahendites kasutatakse leelismetallide fosfaate, pol\u00fcfosfaate ning peroksofosfaate. Vee pehmendajad \u2013 pol\u00fcfosfaadid \u2013 moodustavd Ca<sup>2+<\/sup>\u2013 ja Mg<sup>2+<\/sup>-ioonidega kelaatseid komplekse, takistades katlakivi teket. P\u00f5hiosa toodetavatest fosfaatidest leiab rakendust fosforv\u00e4etistena.\u00a0\u00dcks enim\u00a0kasutavaid ja odavamaid fosforiv\u00e4etisi on superfosfaat.<\/p>\n<h2><span lang=\"ET\"><span style=\"line-height: 107%;\">Fosfori allotroobid<\/span><\/span><\/h2>\n<p>Fosforil on erinevaid allotroope (vaata jooniseid\u00a01 ja 2), enamik neist on pol\u00fcmeersed, kus P-aatomid on \u00fchinenud P<sub>2<\/sub>, P<sub>4<\/sub> ning P<sub>2\u221e<\/sub> molekulideks.\u00a0Tuntumad neist on kolm: valge fosfor (P<sub>4<\/sub>), punane fosfor (P<sub>2\u221e<\/sub>) ning must fosfor.<\/p>\n<p style=\"text-align: center;\"><img loading=\"lazy\" decoding=\"async\" width=\"1480\" height=\"558\" class=\"alignnone wp-image-333\" style=\"width: 600px; height: 226px;\" title=\"screenshot_2022-03-24_at_16.37.13.png\" src=\"https:\/\/sisu.ut.ee\/wp-content\/uploads\/sites\/524\/screenshot_2022-03-24_at_16.37.13.png\" alt=\"pilt\" srcset=\"https:\/\/sisu.ut.ee\/wp-content\/uploads\/sites\/524\/screenshot_2022-03-24_at_16.37.13.png 1480w, https:\/\/sisu.ut.ee\/wp-content\/uploads\/sites\/524\/screenshot_2022-03-24_at_16.37.13-300x113.png 300w, https:\/\/sisu.ut.ee\/wp-content\/uploads\/sites\/524\/screenshot_2022-03-24_at_16.37.13-1024x386.png 1024w, https:\/\/sisu.ut.ee\/wp-content\/uploads\/sites\/524\/screenshot_2022-03-24_at_16.37.13-768x290.png 768w\" sizes=\"auto, (max-width: 1480px) 100vw, 1480px\"><\/p>\n<h6 style=\"text-align: center;\"><span lang=\"ET\"><span style=\"line-height: 107%;\">Joonis 1. Valge, punase, violetse musta fosfori struktuurid<\/span><\/span>. Allikas: <a title=\"\" href=\"https:\/\/www.semanticscholar.org\/paper\/Fundamental-Chemistry-Involving-Phosphorus(I)-and-Binder\/b338e6574838832e09e2fa8bddd8901ca3c2fe15\/figure\/9\" target=\"_blank\" rel=\"noopener\" data-url=\"https:\/\/www.semanticscholar.org\/paper\/Fundamental-Chemistry-Involving-Phosphorus(I)-and-Binder\/b338e6574838832e09e2fa8bddd8901ca3c2fe15\/figure\/9\">https:\/\/www.semanticscholar.org\/paper\/Fundamental-Chemistry-Involving-Phosphorus(I)-and-Binder\/b338e6574838832e09e2fa8bddd8901ca3c2fe15\/figure\/9<\/a><\/h6>\n<p style=\"text-align: center;\"><img loading=\"lazy\" decoding=\"async\" width=\"1010\" height=\"364\" class=\"alignnone wp-image-334\" style=\"width: 500px; height: 180px;\" title=\"screenshot_2022-03-24_at_16.38.41.png\" src=\"https:\/\/sisu.ut.ee\/wp-content\/uploads\/sites\/524\/screenshot_2022-03-24_at_16.38.41.png\" alt=\"pilt\" srcset=\"https:\/\/sisu.ut.ee\/wp-content\/uploads\/sites\/524\/screenshot_2022-03-24_at_16.38.41.png 1010w, https:\/\/sisu.ut.ee\/wp-content\/uploads\/sites\/524\/screenshot_2022-03-24_at_16.38.41-300x108.png 300w, https:\/\/sisu.ut.ee\/wp-content\/uploads\/sites\/524\/screenshot_2022-03-24_at_16.38.41-768x277.png 768w\" sizes=\"auto, (max-width: 1010px) 100vw, 1010px\"><\/p>\n<h6 style=\"text-align: center;\"><span lang=\"ET\"><span style=\"line-height: 107%;\">Joonis 2. Fosfori allotroobid valge, punane, violetne ja\u00a0must\u00a0fosfor. Allikas: <\/span><\/span><a title=\"\" href=\"https:\/\/en.wikipedia.org\/wiki\/Phosphorus#\/media\/File:PhosphComby.jpg\" target=\"_blank\" rel=\"noopener\" data-url=\"https:\/\/en.wikipedia.org\/wiki\/Phosphorus#\/media\/File:PhosphComby.jpg\">https:\/\/en.wikipedia.org\/wiki\/Phosphorus#\/media\/File:PhosphComby.jpg<\/a><\/h6>\n<p><b>Valge fosfor<\/b> on molekulaarne aine, mille v\u00f5re s\u00f5lmpunktides on fosfori P<sub>4<\/sub> molekulid. V\u00f5re meenutab teemandi struktuuri. Lihtaine helendab pimedas. Valge fosfor vees ei lahustu, kuid lahustub h\u00e4sti m\u00f5nedes orgaanilistes lahustites. Valget fosforit hoitakse vee all (ei reageeri veega), sest \u00f5hu k\u00e4es ta oks\u00fcdeerub ning v\u00f5ib s\u00fcttida p\u00f5lema (s\u00fcttimistemperatuur 50\u00a0<sup>o<\/sup>C). Pikemal hoidmisel muutub valge fosfor punaseks fosforiks. Kuumutamisel on\u00a0 \u00fcleminek kiire. Nahale sattumisel tekitab fosfor raskesti paranevaid haavandeid. Fosfor ei juhi elektrit. Puhtal valgel fosforil\u00a0on v\u00e4rvusetud l\u00e4bipaistvad kristallid, mis murravad valgust. Valguse k\u00e4es \u00f5huhapniku toimel muutub valge fosfor kiiresti kollaseks vahataoliseks massiks, osaliselt oks\u00fcdeerudes, osaliselt muutudes punaseks fosforiks. N\u00f5rkade molekulidevaheliste j\u00f5udude t\u00f5ttu on madala\u00a0sulamistemperatuuriga \u2013 T<sub>sul<\/sub> on 44,1 <sup>o<\/sup>C, lendub kergesti, on noaga l\u00f5igatav ning iseloomuliku l\u00f5hnaga.<\/p>\n<p><b>Punane fosfor<\/b> tekib valge fosfori kuumutamisel \u00f5hu juurdep\u00e4\u00e4suta 300 \u2013 400 <sup>o<\/sup>C-ni ning r\u00f5hu all. Punane fosfor on stabiilsem kui valge fosfor. Puhas punane fosfor praktiliselt ei ole m\u00fcrgine. Punane fosfor oks\u00fcdeerub palju halvemini kui valge fosfor \u2013 s\u00fcttib alles temperatuuril 250\u00a0<sup>o<\/sup>C, ei helenda pimedas. Puhas amorfne punane fosfor pole v\u00e4ga tuleohtlik, kuid lisandid ning h\u00f5\u00f5rdumine v\u00f5ivad s\u00fcttimist soodustada. Ei juhi elektrit. Sulamistemepratuur on varieeruv: 585 \u2013 600\u00a0<sup>o<\/sup>C. Punase fosfori \u00fcleviimisel vedelasse olekusse on vajalik osade sidemete l\u00f5hkumine. N\u00e4iteks temperatuuril 423\u00a0<sup>o<\/sup>C sisaldab fosfori aur P<sub>2<\/sub> molekule, mis moodustavad kohe P<sub>4<\/sub> molekulid.<\/p>\n<p>Punane fosfor on tikutoosi s\u00fc\u00fctepinna p\u00f5hiline koostisaine (P, KClO<sub>3<\/sub>, MnO<sub>2<\/sub> jt). Tiku h\u00f5\u00f5rdumisel m\u00f6\u00f6da s\u00fc\u00fctepinda tekib veidi valget fosforit, mis s\u00fcttides s\u00fc\u00fctab p\u00f5lema ka tiku.\u00a0<\/p>\n<p><b>Must fosfor<\/b> tekib valge fosfori kuumutamisel 200\u00a0<sup>o<\/sup>C juures v\u00e4ga k\u00f5rgel r\u00f5hul (~ 1200 MPa) v\u00f5i kuumutamisel 400\u00a0<sup>o<\/sup>C kraadi juures katal\u00fcsaatori juuresolekul. Struktuurilt on must fosfor l\u00e4hedane grafiidile \u2013 kihiline, pooljuht, hea soojusjuht ja korrap\u00e4rase struktuuriga. Siksakkihid on \u00fchendatud van der Waalsi j\u00f5ududega.\u00a0Must fosfor on\u00a0fosfori allotroopidest keemiliselt k\u00f5ige passiivsem.<\/p>\n<h2><span lang=\"ET\"><span style=\"line-height: 107%;\">Fosfori keemilised omadused<\/span><\/span><\/h2>\n<p>Fosfor on l\u00e4mmastiku elektronanaloog: <strong>1s<sup>2<\/sup>2s<sup>2<\/sup>2p<sup>6<\/sup><span style=\"color: red;\">3s<sup>2<\/sup>3p<sup>3<\/sup><\/span><\/strong>, kus v\u00e4liskihis on 5 elektroni, millest 3 on paardumata. Seega fosfor v\u00f5ib okteti saavutamiseks liita 3 elektroni v\u00f5i loovutada kolm kuni\u00a0viis elektroni. \u00dcldiselt moodustab \u00fchendeid, kus on 3 v\u00f5i 5 polaarset kovalentset keemilist sidet.<\/p>\n<p><span lang=\"ET\"><span style=\"line-height: 107%;\">Fosfor on palju aktiivsem kui l\u00e4mmastik, sest sidemed P<sub>4<\/sub> molekulis on n\u00f5rgemad kui kolmikside<\/span><\/span> <span lang=\"ET\"><span style=\"line-height: 107%;\">l\u00e4mmastikumolekulis. Mittemetallidega reageerimisel (need, mis on mittemetallisemad fosfori<\/span><\/span>st) k\u00e4itub kui redutseerija ning reageerimisel vesiniku ning metallidega kui oks\u00fcdeerija (vaata joonist 3).<\/p>\n<p>Metallidega reageerimisel tekivad fosfiidid. <span lang=\"ET\"><span style=\"line-height: 107%;\">Fosfiidid<b> <\/b>on \u00fchendid, kus fosfori oks\u00fcdatsiooniaste on \u2013III. <\/span><\/span><span lang=\"ET\"><span style=\"line-height: 107%;\">Reaktsioonid toimuvad k\u00f5rgemal temperatuuril.<\/span><\/span><\/p>\n<p style=\"margin-left: 40px;\"><span lang=\"ET\"><span style=\"line-height: 107%;\">3Na + P \u2192 Na<sub>3<\/sub>P naatriumfosfiid<\/span><\/span><br><span lang=\"ET\"><span style=\"line-height: 107%;\">4P + 5O<sub>2 <\/sub>\u2192 P<sub>4<\/sub>O<sub>10<\/sub> tetrafosfordekaoksiid<\/span><\/span><br><span lang=\"ET\"><span style=\"line-height: 107%;\">2P + 5Cl<sub>2 <\/sub>\u2192 2PCl<sub>5<\/sub> fosforpentakloriid<\/span><\/span><\/p>\n<p style=\"text-align: center;\"><img loading=\"lazy\" decoding=\"async\" width=\"1772\" height=\"746\" class=\"alignnone wp-image-335\" style=\"width: 600px; height: 253px;\" title=\"screenshot_2022-03-24_at_16.41.28.png\" src=\"https:\/\/sisu.ut.ee\/wp-content\/uploads\/sites\/524\/screenshot_2022-03-24_at_16.41.28.png\" alt=\"pilt\" srcset=\"https:\/\/sisu.ut.ee\/wp-content\/uploads\/sites\/524\/screenshot_2022-03-24_at_16.41.28.png 1772w, https:\/\/sisu.ut.ee\/wp-content\/uploads\/sites\/524\/screenshot_2022-03-24_at_16.41.28-300x126.png 300w, https:\/\/sisu.ut.ee\/wp-content\/uploads\/sites\/524\/screenshot_2022-03-24_at_16.41.28-1024x431.png 1024w, https:\/\/sisu.ut.ee\/wp-content\/uploads\/sites\/524\/screenshot_2022-03-24_at_16.41.28-768x323.png 768w, https:\/\/sisu.ut.ee\/wp-content\/uploads\/sites\/524\/screenshot_2022-03-24_at_16.41.28-1536x647.png 1536w\" sizes=\"auto, (max-width: 1772px) 100vw, 1772px\"><\/p>\n<h6 style=\"text-align: center;\"><span lang=\"ET\"><span style=\"line-height: 107%;\">Joonis 3. Fosfori keemilised omadused<\/span><\/span><\/h6>\n<p><span lang=\"ET\"><span style=\"line-height: 107%;\"><span style=\"color: black;\">Vaatame n\u00fc\u00fcd fosfori t\u00e4htsamaid \u00fchendeid.<\/span><\/span><\/span><\/p>\n<h2>Fosfori oksiid P<sub>4<\/sub>O<sub>10<\/sub> (P<sub>2<\/sub>O<sub>5<\/sub>)<\/h2>\n<p><span lang=\"ET\"><span style=\"line-height: 107%;\"><span style=\"color: black;\">Fosfor reageerib hapnikuga ning selle tulemusena v\u00f5ivad tekkida erinevad oksiidid. <\/span><\/span><\/span><span lang=\"ET\"><span style=\"line-height: 107%;\">Hapniku vaeguses tekib fosfor(III)oksiid. <\/span><\/span><span lang=\"ET\"><span style=\"line-height: 107%;\"><span style=\"color: black;\">Tetrafosfordekaoksiid tekib fosfori p\u00f5lemisel, kui hapnikku on piisavalt. <\/span><\/span><\/span>Valge fosfor p\u00f5leb ilma s\u00fc\u00fctamata, p\u00f5lemine j\u00e4tkub isegi vee all \u2013 seet\u00f5ttu kasutatakse seda sageli s\u00fc\u00fctajana. Praktikas tekib tavaliselt P<sub>4<\/sub>O<sub>10<\/sub> ning P<sub>4<\/sub>O<sub>6<\/sub> oksiidide segu. Valge fosfori aeglasel oks\u00fcdatsioonil eraldub energia valgusena (aurude aeglane oks\u00fcdatsion \u00f5hus) \u2013 fosfor helendab. Aeglane oks\u00fcdatsioon v\u00f5ib kergesti \u00fcle minna aktiivseks p\u00f5lemiseks.<\/p>\n<p style=\"margin-left: 40px;\">4P + 3O<sub>2<\/sub> <span lang=\"ET\"><span style=\"line-height: 107%;\">\u2192<\/span><\/span> 2P<sub>2<\/sub>O<sub>3<\/sub>\u00a0 korrektsemalt 4P + 3O<sub>2<\/sub> <span lang=\"ET\"><span style=\"line-height: 107%;\">\u2192<\/span><\/span> P<sub>4<\/sub>O<sub>6<\/sub><br>4P + 5O<sub>2<\/sub> <span lang=\"ET\"><span style=\"line-height: 107%;\">\u2192<\/span><\/span> 2P<sub>2<\/sub>O<sub>5\u00a0 <\/sub>korrektsemalt 4P + 5O<sub>2<\/sub> <span lang=\"ET\"><span style=\"line-height: 107%;\">\u2192<\/span><\/span> P<sub>4<\/sub>O<sub>10 <\/sub>\u00a0<\/p>\n<p><span lang=\"ET\"><span style=\"line-height: 107%;\"><span style=\"color: black;\">Tetrafosfordekaoksiid koosneb enamasti P<sub>4<\/sub>O<sub>10<\/sub> molekulidest, kuid ta v\u00f5ib moodustada ka suuremaid pol\u00fcmeerseid molekule. Praktikas m\u00e4rgitakse sageli aine valem\u00a0 lihtsustatult P<sub>2<\/sub>O<sub>5<\/sub>, mis t\u00e4histab selle \u00fchendi kvantitatiivset koostist, mitte molekuli ehitust.<\/span><\/span><\/span><\/p>\n<p><span lang=\"ET\"><span style=\"line-height: 107%;\"><span style=\"color: black;\">P<sub>4<\/sub>O<sub>10 <\/sub>on valge tahke aine, mis seob tugevasti \u00f5huniiskust ja vett, mist\u00f5ttu kasutatakse seda n\u00e4iteks ainete kuivatamisel. <\/span><\/span><\/span><\/p>\n<p><span lang=\"ET\"><span style=\"line-height: 107%;\"><span style=\"color: black;\">Veega reageerimisel, kui vett on piisavalt, tekib tetrafosfordekaoksiidist fosforhape (H<sub>3<\/sub>PO<sub>4<\/sub>):<\/span><\/span><\/span><\/p>\n<p style=\"margin-left: 40px;\"><span lang=\"ET\"><span style=\"line-height: 107%;\"><span style=\"color: black;\">P<sub>4<\/sub>O<sub>10<\/sub>(t) + 6H<sub>2<\/sub>O(v) \u2192 4H<sub>3<\/sub>PO<sub>4<\/sub>(l)<\/span><\/span><\/span><\/p>\n<p><span lang=\"ET\"><span style=\"line-height: 107%;\"><span style=\"color: black;\">Happelise oksiidina regeerib aluste ja aluseliste oksiididega.<\/span><\/span><\/span><\/p>\n<p style=\"margin-left: 40px;\"><span lang=\"ET\"><span style=\"line-height: 107%;\"><span style=\"color: black;\">P<sub>4<\/sub>O<sub>10<\/sub>(t) + 12NaOH(l) \u2192 4Na<sub>3<\/sub>PO<sub>4<\/sub>(l) + 6H<sub>2<\/sub>O(v)<\/span><\/span><\/span><br><span lang=\"ET\"><span style=\"line-height: 107%;\"><span style=\"color: black;\">P<sub>4<\/sub>O<sub>10<\/sub>(t) + 6Na<sub>2<\/sub>O(t) \u2192 4Na<sub>3<\/sub>PO<sub>4<\/sub>(t)<\/span><\/span><\/span><\/p>\n<h2>Fosforhape\u00a0H<sub>3<\/sub>PO<sub>4<\/sub><\/h2>\n<h5>Fosforhape reageerib aluste, aluseliste oksiidide ja metallidega.<\/h5>\n<p><span lang=\"ET\"><span style=\"line-height: 107%;\"><span style=\"color: black;\">Fosforhape on valge kristalne aine, mis lahustub vees h\u00e4sti. Ta on keskmise tugevusega hape ja dissotsieerub vesilahuses tavatingimustes vaid osaliselt, loovutades vaid \u00fche prootoni (H<sup>+<\/sup>).<\/span><\/span><\/span><\/p>\n<p style=\"margin-left: 40px;\"><span lang=\"ET\"><span style=\"line-height: 107%;\"><span style=\"color: black;\">H<sub>3<\/sub>PO<sub>4<\/sub> <\/span><\/span><\/span><span lang=\"EN-US\" style=\"background: white;\"><span style=\"color: black;\">\u21c6 <\/span><\/span><span lang=\"ET\"><span style=\"line-height: 107%;\"><span style=\"color: black;\">H<sup>+<\/sup> + H<sub>2<\/sub>PO<sub>4<\/sub><sup>\u2013<\/sup><\/span><\/span><\/span><\/p>\n<p><span lang=\"ET\"><span style=\"line-height: 107%;\"><span style=\"color: black;\">Teist ja kolmandat prootonit (H<sup>+<\/sup>) annab \u00e4ra raskesti.<\/span><\/span><\/span><\/p>\n<p><span lang=\"ET\"><span style=\"line-height: 107%;\"><span style=\"color: black;\">Fosforhape reageerib aluste, aluseliste oksiidide ja metallidega.<\/span><\/span><\/span><\/p>\n<p style=\"margin-left: 40px;\"><span lang=\"ET\"><span style=\"line-height: 107%;\"><span style=\"color: black;\">H<sub>3<\/sub>PO<sub>4<\/sub>(l) + 3NaOH(l) \u2192 Na<sub>3<\/sub>PO<sub>4<\/sub> + 3H<sub>2<\/sub>O(v)<\/span><\/span><\/span><br><span lang=\"ET\"><span style=\"line-height: 107%;\"><span style=\"color: black;\">2H<sub>3<\/sub>PO<sub>4<\/sub>(l) + 3Na<sub>2<\/sub>O(t) \u2192 2Na<sub>3<\/sub>PO<sub>4<\/sub>(l) + 3H<sub>2<\/sub>O(v) <\/span><\/span><\/span><br><span lang=\"ET\"><span style=\"line-height: 107%;\"><span style=\"color: black;\">2H<sub>3<\/sub>PO<sub>4<\/sub>(l) + 3Na(t) \u2192 2Na<sub>3<\/sub>PO<sub>4<\/sub>(l) + 3H<sub>2<\/sub>(g)<\/span><\/span><\/span><\/p>\n<p><span lang=\"ET\"><span style=\"line-height: 107%;\"><span style=\"color: black;\">Reageerib ka m\u00f5nede sooladega.<\/span><\/span><\/span><\/p>\n<p style=\"margin-left: 40px;\">Na<sub>2<\/sub>CO<sub>3<\/sub>(t) + H<sub>3<\/sub>PO<sub>4<\/sub>(l) <span lang=\"EN-US\" style=\"background: white;\"><span style=\"color: black;\">\u21c6<\/span><\/span> Na<sub>2<\/sub>HPO<sub>4<\/sub>(l) + CO<sub>2<\/sub>(g) +H<sub>2<\/sub>O(v)<\/p>\n<p><\/p><div class=\"accordion mb-3\">\n        <div class=\"accordion-item accordion-item--white\">\n        <h2 class=\"accordion-header\" id=\"accordion-69dc1ac46754a-heading\">\n            <button class=\"accordion-button collapsed\" type=\"button\" data-bs-toggle=\"collapse\" data-bs-target=\"#accordion-69dc1ac46754a-collapse\" aria-expanded=\"true\" aria-controls=\"accordion-69dc1ac46754a-collapse\">\u00dclesanne 1<\/button>\n        <\/h2>\n        <div id=\"accordion-69dc1ac46754a-collapse\" class=\"accordion-collapse collapse\" aria-labelledby=\"accordion-69dc1ac46754a-heading\">\n            <div class=\"accordion-body\">\n\n\n<div class=\"h5p-iframe-wrapper\"><div class=\"video-placeholder-wrapper video-placeholder-wrapper--fixed\" style=\"height: 366px;\">\n\t\t\t    <div class=\"video-placeholder d-flex justify-content-center align-items-center\">\n\t\t\t        <div class=\"overlay text-white p-2 w-100 text-center d-block justify-content-center align-items-center\">\n\t\t\t            <div>Kolmandate osapoolte sisu n\u00e4gemiseks palun n\u00f5ustu k\u00fcpsistega.<\/div>\n\t\t\t            <button class=\"btn btn-secondary btn-sm mt-1 consent-change\">Muuda n\u00f5usolekut<\/button>\n\t\t\t        <\/div>\n\t\t\t    <\/div>\n\t\t\t<\/div>\n<\/div>\n\n\n<p><\/p><\/div>\n        <\/div>\n        <\/div>\n    <\/div>\n<p><\/p><div class=\"accordion mb-3\">\n        <div class=\"accordion-item accordion-item--white\">\n        <h2 class=\"accordion-header\" id=\"accordion-69dc1ac4675e6-heading\">\n            <button class=\"accordion-button collapsed\" type=\"button\" data-bs-toggle=\"collapse\" data-bs-target=\"#accordion-69dc1ac4675e6-collapse\" aria-expanded=\"true\" aria-controls=\"accordion-69dc1ac4675e6-collapse\">\u00dclesande 1 lahendused<\/button>\n        <\/h2>\n        <div id=\"accordion-69dc1ac4675e6-collapse\" class=\"accordion-collapse collapse\" aria-labelledby=\"accordion-69dc1ac4675e6-heading\">\n            <div class=\"accordion-body\">\n<p>1.1. P<sub>4<\/sub>O<sub>10<\/sub> on happeline oksiid, mis seob v\u00e4ga tugevalt vett. Arvuta mitu grammi vett seob 25 g tetrafosfordekaoksiid? Vastus anna \u00fcks koht peale koma.<\/p>\n<p style=\"margin-left: 40px;\"><b>Vastus: <\/b>25 g tetrafosfordekaoksiidi seob 9,5 g vett.<\/p>\n<p style=\"margin-left: 40px;\"><b>Lahendus:<\/b> kirjutame ja tasakaalustame P<sub>4<\/sub>O<sub>10<\/sub> ja vee vahelise reaktsiooni:<\/p>\n<p style=\"margin-left: 80px;\">P<sub>4<\/sub>O<sub>10<\/sub> + 6 H<sub>2<\/sub>O \u2192 4 H<sub>3<\/sub>PO<sub>4<\/sub><\/p>\n<p style=\"margin-left: 40px;\">Tuleb leida P<sub>4<\/sub>O<sub>10<\/sub> moolide arv, selleks leiame esmalt molaarmassi.<\/p>\n<p style=\"margin-left: 80px;\"><i>M<\/i>(P<sub>4<\/sub>O<sub>10<\/sub>) = 284 g\/mol<\/p>\n<p style=\"margin-left: 80px;\"><span class=\"math-tex\">$n(P_4O_{10})= {m \\over M}={25g \\over 284 g\/mol}=0.088mol$<\/span><\/p>\n<p style=\"margin-left: 40px;\">Reaktsiooniv\u00f5rrandist n\u00e4eme, et P<sub>4<\/sub>O<sub>10<\/sub> ja vee moolsuhe on 1:6. Seega on seotava vee moolide arv 0,088\u00d76=0,528 mol. Arvestades, et vee molaarmass on 18 g\/mol, leiame selle veekoguse massi:<i><\/i><\/p>\n<p style=\"margin-left: 80px;\"><i><span lang=\"ET\">m<\/span><\/i>(H<sub><sub>2<\/sub><\/sub><span lang=\"ET\">O)\u00a0<i>=\u00a0<\/i><i>n\u00a0<\/i><i>\u00d7\u00a0<\/i><i>M\u00a0<\/i><i>=\u00a0<\/i>0,528 mol \u00d7 18 g\/mol = 9,504\u00a0\u2248 9,5 g<\/span><\/p>\n\n<p>1.2. Fosfor reageerib hapnikuga, mille tulemusena tekib P<sub>4<\/sub>O<sub>10<\/sub>. Mitu grammi tetrafosfordekaoksiidi tekib 62g fosfori reageerimisel 3 mooli hapnikuga? Vastus anna t\u00e4isarvuna.<\/p>\n<p style=\"margin-left: 40px;\"><b>Vastus:<\/b> Tetrafosfordekaoksiidi tekib 142 g<\/p>\n<p style=\"margin-left: 40px;\"><b>Lahendus: <\/b>kirjutame ja tasakaalustame fosfori ja hapniku vahelise reaktsiooni:<\/p>\n<p style=\"margin-left: 80px;\">4 P + 5 O<sub>2<\/sub> \u2192 P<sub>4<\/sub>O<sub>10<\/sub><\/p>\n<p style=\"margin-left: 40px;\">Esmalt tuleb leida fosfori moolide arv, arvestades, et fosfori molaarmass on 31 g\/mol:<\/p>\n<p style=\"margin-left: 80px;\"><span class=\"math-tex\">$n(P)= {m \\over M}={62g \\over 31g\/mol}=2mol$<\/span><\/p>\n<p style=\"margin-left: 40px;\">Reaktsiooniv\u00f5rrandist n\u00e4eme, et fosfori ja hapniku moolsuhe on 4:5. Seega 2 mooli fosforiga reageerib <i><span lang=\"ET\">2 \u00d7\u00a0<\/span><\/i><i><span lang=\"ET\">5 \/\u00a0<\/span><\/i><i><span lang=\"ET\">4\u00a0<\/span><\/i><i><span lang=\"ET\">= 2,5<\/span><\/i>\u00a0mooli hapnikku ja teeme arvutused fosfori moolide arvu j\u00e4rgi, sest hapnikku on \u00fclehulgas. Fosfori ja P<sub>4<\/sub>O<sub>10<\/sub> moolsuhe on 4:1, seega tekib P<sub>4<\/sub>O<sub>10<\/sub> <i><span lang=\"ET\">2 \u00d7\u00a0<\/span><\/i><i><span lang=\"ET\">1 \/\u00a0<\/span><\/i><i><span lang=\"ET\">4<\/span><\/i><i><span lang=\"ET\">=0,5<\/span><\/i>\u00a0mol. Arvestades, et <i>M<\/i>(P<sub>4<\/sub>O<sub>10<\/sub>) = 284 g\/mol, leiame selle massi:<i><\/i><\/p>\n<p style=\"margin-left: 80px;\"><i><span lang=\"ET\">m<\/span><\/i>(P<sub><sub>4<\/sub><\/sub><span lang=\"ET\">O<\/span><sub><span lang=\"ET\"><sub>10<\/sub><\/span><\/sub><span lang=\"ET\">)\u00a0<i>=\u00a0<\/i><i>n\u00a0<\/i><i>\u00d7\u00a0<\/i><i>M\u00a0<\/i><i>=\u00a0<\/i>0,5 mol \u00d7 284 g\/mol = 142 g<\/span><\/p>\n\n<p>1.5. 200 g 20% H<sub>3<\/sub>PO<sub>4<\/sub>-lahusele lisati 400g vett. Milline on fosforhappe sisaldus lahuses peale vee lisamist (arvuta lahuse massiprotsent)? Vastus anna \u00fcks koht peale koma.<\/p>\n<p style=\"margin-left: 40px;\"><b>Vastus:<\/b> Fosforhappe sisaldus lahuses on: 6,7%<\/p>\n<p style=\"margin-left: 40px;\"><b>Lahendus:<\/b> esmalt leiame H<sub>3<\/sub>PO<sub>4<\/sub> massi alglahuses. Lahust on 200 g ja 20% sellest H<sub>3<\/sub>PO<sub>4<\/sub>, mille mass on seega 0,2\u00d7200 g = 40 g.<\/p>\n<p style=\"margin-left: 40px;\">Alglahusele lisatakse juurde 400 g vett, seega on lahuse l\u00f5ppmass 200 + 400 = 600 g. L\u00f5pplahuse massiprotsent on:<\/p>\n<p style=\"margin-left: 40px;\"><i><\/i><i><\/i><i><\/i><span class=\"math-tex\">$P(H_3PO_4)= {40g \\over 600g}*100=6.66\u2026\u22486.7$<\/span><\/p><\/div>\n        <\/div>\n        <\/div>\n    <\/div>\n","protected":false},"excerpt":{"rendered":"<p>Esmakordselt sai fosforit 1669. aastal saksa keemik Henning Brandt. Otsides v\u00f5imalust saada elueliksiiri ja filosoofilist kivi, avastas ta helendava aine fosfori (ta l\u00e4htus\u00a0uriinist, kuumutas selle aurustumisj\u00e4\u00e4ki koos s\u00f6e ja liivaga).\u00a0Pikemat aega p\u00fc\u00fcti seda meetodit hoida saladuses, sest demonstreerides helendavat fosforit &#8230;<\/p>\n","protected":false},"author":269,"featured_media":0,"parent":0,"menu_order":0,"comment_status":"closed","ping_status":"closed","template":"","meta":{"_acf_changed":false,"inline_featured_image":false,"footnotes":""},"class_list":["post-49","page","type-page","status-publish","hentry"],"acf":[],"_links":{"self":[{"href":"https:\/\/sisu.ut.ee\/huvitavkeemia\/wp-json\/wp\/v2\/pages\/49","targetHints":{"allow":["GET"]}}],"collection":[{"href":"https:\/\/sisu.ut.ee\/huvitavkeemia\/wp-json\/wp\/v2\/pages"}],"about":[{"href":"https:\/\/sisu.ut.ee\/huvitavkeemia\/wp-json\/wp\/v2\/types\/page"}],"author":[{"embeddable":true,"href":"https:\/\/sisu.ut.ee\/huvitavkeemia\/wp-json\/wp\/v2\/users\/269"}],"replies":[{"embeddable":true,"href":"https:\/\/sisu.ut.ee\/huvitavkeemia\/wp-json\/wp\/v2\/comments?post=49"}],"version-history":[{"count":5,"href":"https:\/\/sisu.ut.ee\/huvitavkeemia\/wp-json\/wp\/v2\/pages\/49\/revisions"}],"predecessor-version":[{"id":1292,"href":"https:\/\/sisu.ut.ee\/huvitavkeemia\/wp-json\/wp\/v2\/pages\/49\/revisions\/1292"}],"wp:attachment":[{"href":"https:\/\/sisu.ut.ee\/huvitavkeemia\/wp-json\/wp\/v2\/media?parent=49"}],"curies":[{"name":"wp","href":"https:\/\/api.w.org\/{rel}","templated":true}]}}