{"id":8,"date":"2024-04-04T04:37:05","date_gmt":"2024-04-04T01:37:05","guid":{"rendered":"https:\/\/sisu.ut.ee\/hunoratsep\/artiklid\/"},"modified":"2024-04-29T15:50:54","modified_gmt":"2024-04-29T12:50:54","slug":"artiklid","status":"publish","type":"page","link":"https:\/\/sisu.ut.ee\/hunoratsep\/artiklid\/","title":{"rendered":"Artiklid"},"content":{"rendered":"<p>L\u00e4\u00e4nemeresoome keelte t-lise infinitiivi p\u00e4ritoluga seoses olevaid probleeme. \u2013 Emakeele Seltsi Aastaraamat I, 1955. Tallinn 1955, lk 152\u2013162.<\/p>\n<p><em>i<\/em>-sufiksilistest verbidest eesti keeles. \u2013 Emakeele Seltsi Aastaraamat II, 1956. Tallinn 1956, lk 74\u201391. [S\u00f5naloo raamat. Tartu 2002, 143\u2013160.]<\/p>\n<p>n-listest infiniitsetest verbivormidest soome-ugri keeltes. \u2013 TR\u00dc Toimetised, v 43. Ajaloo-keeleteaduskonna t\u00f6id. Tallinn 1956, lk 100\u2013114.<\/p>\n<p>Aspektikategooriast eesti keeles. \u2013 Emakeele Seltsi Aastaraamat III, 1957. Tallinn 1957, lk 72\u201381.<\/p>\n<p>Lisamaterjali eesti keele <em>uh&gt;hv<\/em> metateesi kohta. \u2013 Emakeele Seltsi Aastaraamat IV, 1958. Tallinn 1959, lk 77\u201390.<\/p>\n<p>Liivi fraseoloogiat. \u2013 Emakeele Seltsi Aastaraamat V, 1959. Tallinn 1959, lk 226\u2013243.<\/p>\n<p>P\u00f5him\u00f5ttelist seoses s\u00fcntaksialase diskussiooniga. \u2013 Keel ja Kirjandus 1959, nr 12, lk 726\u2013730.<\/p>\n<p>\u00dchest vene laenust. \u2013 Keel ja Kirjandus 1959, nr , lk 166\u2013168. [S\u00f5naloo raamat. Tartu 2002, 133\u2013136.]<\/p>\n<p>Vadja fraseoloogiat. \u2013 Emakeele Seltsi Aastaraamat VI, 1960. Tallinn 1960, lk 162\u2013178.<\/p>\n<p>\u041e\u0431 \u0438\u0441\u0442\u043e\u0440\u0438\u0447\u0435\u0441\u043a\u043e\u043c \u0438\u0441\u0441\u043b\u0435\u0434\u043e\u0432\u0430\u043d\u0438\u0438 \u0444\u0440\u0430\u0437\u0435o\u043b\u043e\u0433\u0438\u0438 \u043f\u0440\u0438\u0431\u0430\u043b\u0442\u0438\u0439\u0441\u043a\u043e-\u0444\u0438\u043d\u0441\u043a\u0438\u0445 \u044f\u0437\u044b\u043a\u043e\u0432. \u2013 B\u043e\u043f\u0440\u043e\u0441\u044b \u0444\u0438\u043d\u043d\u043e-\u0443\u0433\u043e\u0440\u0441\u043a\u043e\u0433\u043e \u044f\u0437\u044b\u043a\u043e\u0437\u043d\u0430\u043d\u0438\u044f. \u041c\u043e\u0441\u043a\u0432\u0430, \u0441\u0442\u0440 101\u2013108.<\/p>\n<p>Keele ja k\u00f5ne eristamisest. \u2013 Nonaginta. J. V. Veski 90. s\u00fcnnip\u00e4evaks 27. juunil 1963. Emakeele Seltsi Toimetised Nr 6. Tallinn 1963, lk 243\u2013255.<\/p>\n<p>S\u00f5navara rikastamise allikatest. [M\u00f5nev\u00f5rra t\u00e4iendatud ettekanne J. V. Veski 90. s\u00fcnnip\u00e4evale p\u00fchendatud konverentsil 26. juunil 1963. a] \u2013 Kirjakeel 1964, Tallinn 1964, lk 33\u201345. [S\u00f5naloo raamat. Tartu 2002, 173\u2013190.]<\/p>\n<p>\u00dcber die Arbeit au dem Gebiete der strukturellen und mathematischen Linguistik an der Tartuer Staatlichen Universit\u00e4t. \u2013 Congressus Secundus Internationalis Fenno-Ugristarum Helsingae habitus 23.\u201328. VIII 1965. Pars I. Acta Linguistica. Helsinki 1968, pp. 419\u2013424.<\/p>\n<p><a href=\"\/wp-content\/uploads\/sites\/302\/yhendverbide_rektsioonistrktuuride_isearasustest_eesti_keeles.pdf\" target=\"_blank\" rel=\"noopener\">\u00dchendverbide rektsioonistruktuuride ise\u00e4rasustest eesti keeles. [T\u00e4iendatud ja edasiarendatud variant ettekandest J. V. Veski p\u00e4eval Tartus 26. juunil 1968.]<\/a> \u2013 Emakeele Seltsi Aastaraamat 14\u201315, 1968\u20131969. Tallinn 1969, lk 59\u201377.<\/p>\n<p>L\u00e4htugem keeleteoreetilistest seisukohtadest! [Koos M. Erelti, J. Kaplinski, E. Uusp\u00f5llu, H. \u00d5imuga.] [M. Hindi artikli \u201eV\u00f5\u00f5rp\u00e4risnimede ja nende tuletiste \u00f5igekirja vaieldavused\u201c ajakirjas \u201eKeel ja Kirjandus\u201c 1968, nr 1 puhul.] \u2013 Keel ja Kirjandus 1969, nr 2, lk 105\u2013106.<\/p>\n<p>Die Typen der verbalen Rektionsstruktur und die Sprachtypologie in Hinsicht auf das Estnische. \u2013 Theoretical Problems of Typology and the Northern Eurasian Languages. Budapest, pp 129\u2013134.<\/p>\n<p><a href=\"\/wp-content\/uploads\/sites\/302\/kas_kaudne_koneviis_on_koneviis.pdf\" target=\"_blank\" rel=\"noopener\">Kas kaudne k\u00f5neviis on k\u00f5neviis? Verbivormide situatsioonianal\u00fc\u00fcsi. \u2013 Keel ja struktuur 5. T\u00f6id strukturaalse ja matemaatilise lingvistika alalt<\/a>. Tartu 1971, lk 43\u201369. \u2013 TR\u00dc rotaprint.<\/p>\n<p>S\u00f5naajaloolisi marginaale I. \u2013 S\u00f5nas\u00f5el 1. Uurimusi ja materjale eesti keele s\u00f5navara alalt. Tartu 1972, lk 18\u201326. \u2013 TR\u00dc rotaprint. [S\u00f5naloo raamat. Tartu 2002, 304\u2013310.]<\/p>\n<p>Valentsiteooriat ja selle kriitikat. \u2013 Keel ja struktuur 6. T\u00f6id strukturaalse ja matemaatilise lingvistika alalt. Tartu 1972, lk 119\u2013152. \u2013 TR\u00dc rotaprint.<\/p>\n<p>Eesti keele lihtlause mallidest ja nende esitamise metoodikast. \u2013 Keel ja struktuur 6. T\u00f6id strukturaalse ja matemaatilise lingvistika alalt. Tartu 1972, lk 25\u201386. \u2013 TR\u00dc rotaprint.<\/p>\n<p>S\u00fcvasituatsioonidest ja lausemallidest. \u2013 Emakeele Seltsi Aastaraamat 18, 1972. Tallinn 1972, lk 55\u201370.<\/p>\n<p>Eesti keele v\u00e4ljendverbide olemusest. \u2013 Keel ja Kirjandus 1973, nr 1, lk 25\u201330. [S\u00f5naloo raamat. Tartu 2002, 161\u2013172.]<\/p>\n<p>Government Structure Types of the Verbs of Saying and Action Situations. \u2013 Generative Grammar in Europe. Edited by F. Kiefer and N. Ruwet. Dordrecht-Holland 1973, pp 387\u2013406.<\/p>\n<p>S\u00f5naajaloolisi marginaale II. \u2013 S\u00f5nas\u00f5el 2. Uurimusi ja materjale eesti keele s\u00f5navara alalt. Tartu 1973, lk 5\u2013106. \u2013 TR\u00dc rotaprint. [S\u00f5naloo raamat. Tartu 2002, 311\u2013320.]<\/p>\n<p><a href=\"\/wp-content\/uploads\/sites\/302\/elemetaarlaused_eesti_keeles.pdf\" target=\"_blank\" rel=\"noopener\">Elementaarlaused eesti keeles. \u2013 Keel ja struktuur 8. T\u00f6id strukturaalse ja matemaatilise lingvistika alalt<\/a>. [Akadeemik professor Johannes Voldemar Veski 100. s\u00fcnnip\u00e4evaks.] Tartu 1973, lk 5\u2013106. \u2013 TR\u00dc rotaprint.<\/p>\n<p>M\u00f5ni s\u00f5na liivi keeleainestiku talletamisest. \u2013 Keel ja Kirjandus 1973, nr 12, lk 757.<\/p>\n<p><a href=\"\/wp-content\/uploads\/sites\/302\/on_deep_situattions_and_sentence_patterns.pdf\" target=\"_blank\" rel=\"noopener\">On Deep Situations and Sentence Patterns. \u2013 Trends in Soviet Theoretical Linguistics<\/a>. Edited by F. Kiefer. Dordrecht-Holland 1973, pp 105\u2013122.<\/p>\n<p>Eesti keele verbis\u00fcntaksi p\u00f5him\u00f5tteid ja reegleid. Emakeele Seltsi Aastaraamat 19\u201320, 1973\u20131974. Tallinn 1975, lk 15\u201323.<\/p>\n<p>Zur Abh\u00e4ngigkeit der Form verbaler Rektionsstrukturtypen von der Semantik des T\u00e4tigkeitswortes im Estischen. \u2013 Congressus Tertius Internationalis Fenno-Ugristarum Tallinnae habitus 17.\u201323. VIII 1970. Pars I. Acta Linguitica. Tallinn 1975, S. 346\u2013350.<\/p>\n<p>Mis sellest keeleteadusest kasu on? \u2013 Keel, mida me uurime. Tallinn 1976, lk 7\u201313.<\/p>\n<p>Kui palju on eesti keeles s\u00f5nu? \u2013 Keel, mida me uurime. Tallinn 1976, lk 141\u2013144. [S\u00f5naloo raamat. Tartu 2002, 41\u201346.]<\/p>\n<p>Soome laenudest eesti kirjakeeles. \u2013 Keel ja Kirjandus 1976, nr 4, lk 210\u2013216. [S\u00f5naloo raamat. Tartu 2002, 229\u2013245.]<\/p>\n<p>M\u00f5nede eesti keele verbide lausemallid. \u2013 Keel ja struktuur 9. T\u00f6id strukturaalse ja matemaatilise lingvistika alalt. Tartu 1976, lk 92\u2013117. \u2013 TR\u00dc rotaprint.<\/p>\n<p>Eesti keele lihtlausete moodustamise alustest. [Ettekanne eriinternaatkoolide 2. Keelep\u00e4eval 23. novembril 1975. Tartus.] \u2013 Emakeele Seltsi Aastaraamat 22, 1976. Tallinn 1977, lk 63\u201371.<\/p>\n<p>Eesti keele s\u00f5navara ajaloo p\u00f5hiprobleeme. [Ettekanne TR\u00dc filoloogiateaduskonna p\u00e4evadel 22.\u201323. okt 1977.] \u2013 TR\u00dc Toimetised, v 460. Eesti keele s\u00f5navara probleeme V. T\u00f6id eesti filoloogia alalt. Tartu 1978, lk 3\u201313. [S\u00f5naloo raamat. Tartu 2002, 47\u201358.]<\/p>\n<p>Johannes Voldemar Veski ja Wiedemanni s\u00f5naraamat. [Ettekanne 10. J. V. Veski p\u00e4eval 27. juunil 1977. a Tartus.] \u2013 TR\u00dc Toimetised, v 460. Eesti keele s\u00f5navara probleeme V. T\u00f6id eesti filoloogia alalt. Tartu 1978, lk 93\u2013105. [S\u00f5naloo raamat. Tartu 2002, 290\u2013303.]<\/p>\n<p>Verbide kokku- ja lahkukirjutamise uued reeglid. (Vabariiklikus \u00f5igekeelsuskomisjonis.) \u2013 Keel ja Kirjandus 1980, nr 2, lk 108\u2013110.<\/p>\n<p>\u041e\u0441\u043d\u043e\u0432\u043d\u044b\u0435 \u0441\u0442\u0440\u0443\u043a\u0442\u0443\u0440\u044b \u043f\u0440\u043e\u0441\u0442\u044b\u0445 \u043f\u0440\u0435\u0434\u043b\u043e\u0445\u0435\u043d\u0438\u0439 \u044d\u0441\u0442\u043e\u043d\u0441\u043a\u043e\u0433\u043e \u044f\u0437\u044b\u043a\u0430 \u0432 \u0442\u0438\u043f\u043e\u043b\u043e\u0433\u0438\u0447\u0435\u0441\u043a\u043e\u043c \u0430\u0441\u043f\u0435\u043a\u0442\u0435. \u2013 Congressus Quintus Internationalis Fenno-Ugristarum. Turku 20.\u201327. VIII 1980. Pars II. Summa dissertationum. Turku, 1980, s 105.<\/p>\n<p>V rahvusvaheline fennougristide kongress. [Alapealk Avaplenaaristung, fonoloogia, morfoloogia, s\u00fcntaks, semantika. Koos S. Ruutsoo, P. Alvre, A.-R. Hausenbergiga.] \u2013 Keel ja Kirjandus 1980, nr 11, lk 696\u2013703.<\/p>\n<p>Johannes Aavik ja soome laenud. \u2013 Keel ja Kirjandus 1981, nr 5, lk 289\u2013296. [S\u00f5naloo raamat. Tartu 2002, 246\u2013259.]<\/p>\n<p>Some tendencies in the development of Estonian. \u2013 \u0421\u043e\u0432\u0435\u0442\u0441\u043a\u043e\u0435 \u0444\u0438\u043d\u043d\u043e-\u0443\u0433\u0440\u043e\u0432\u0435\u0434e\u043d\u0438\u0435 1981, \u2116 3, \u0441\u0442\u0440 202\u2013211. [Eesti keeles: Eesti keele arengutendentse \u2013 S\u00f5naloo raamat. Tartu 2002, 27\u201340.<\/p>\n<p>Eesti keele lihtlausete p\u00f5hit\u00fc\u00fcbid kontensiivse t\u00fcpoloogia vaatekohast. \u2013 TR\u00dc Toimetised, v 574. Eesti keele grammatika probleeme. T\u00f6id eesti filoloogia alalt VIII. Tartu 1981, lk 35\u201350.<\/p>\n<p>Eestin kielen yksin\u00e4islauseiden perustyypit typologian n\u00e4k\u00f6kulmasta katsottuna. \u2013 Congressus Quintus Internationalis Fenno-Ugristarum Turku 20.\u201327. VIII 1980. Pars VI. Dissertationes sectionum: Phonologica et morphologica, syntactica et semantika. Turku 1981, s 453\u2013459.<\/p>\n<p>Liivi ja eesti keele \u00fchisest s\u00f5navarast. \u2013 L\u00e4\u00e4nemeresoomlaste etnokultuuri k\u00fcsimusi. Tallinn 1982, lk 58\u201362.<\/p>\n<p>Alamsaksa p\u00e4ritolu eesnimedest. \u2013 S\u00f5nas\u00f5el 6. Uurimusi ja materjale eesti keele s\u00f5navara alalt. Tartu 1983, lk 69\u201374. \u2013 TR\u00dc rotaprint. [S\u00f5naloo raamat. Tartu 2002, 137\u2013142.]<\/p>\n<p>Eesti kirjakeele t\u00fcvevara p\u00e4ritolu. \u2013 Keel ja Kirjandus 1983, nr 10, lk 539\u2013548. [S\u00f5naloo raamat. Tartu 2002, 59\u201377.]<\/p>\n<p>Eesti kirjakeele s\u00f5navara rikastamise p\u00e4evaprobleeme. \u2013 Kirjakeel 1983, ENSV TA Emakeele Selts. Tallinn 1983, lk 3\u201317. [S\u00f5naloo raamat. Tartu 2002, 191\u2013204.]<\/p>\n<p>Die estnische Sprache. [Artikkel.] \u2013 Wissenwertes \u00fcber Sowjetestland 2., erg\u00e4nzte Auflage. Tallinn 1984, lk 5\u201312.<\/p>\n<p>L\u00e4\u00e4nemeresoome v\u00e4rvimaailm. Mauno Koski, V\u00e4rien nimitykset suomessa ja l\u00e4hisukukieliss\u00e4. Suomalaisen Kirjallisuuden Seuran Toimituksia 391. Savonlinna 1983. [Retsensioon.] \u2013 Keel ja Kirjandus 1985, nr 1, lk 58\u201359.<\/p>\n<p>Congressus Sextus Internationalis Fenno-Ugristarum habitus est. [Alapealk. Plenaaristungid, s\u00fcmpoosionid, grammatika ja foneetika. Koos M. Erelti, M. Hindi, R. Karelsoni, P. Kokla, A. Turkini, U. Uibo, S. Vare, T.-R. Viitso ja A. Vinkeliga.] \u2013 Keel ja Kirjandus 1985, nr 10, lk 632\u2013639.<\/p>\n<p>Eesti kirjakeele s\u00f5nat\u00fcvede tuletuskoormus. \u2013 Keel ja Kirjandus 1986, nr 11, lk 662\u2013667. [S\u00f5naloo raamat. Tartu 2002, 84\u201396.]<\/p>\n<p>matma p\u00e4ritolust. \u2013 S\u00f5nas\u00f5el 7. Uurimusi ja materjale eesti keele s\u00f5navara alalt. Tartu 1986, lk 129\u2013133. \u2013 TR\u00dc rotaprint. [S\u00f5naloo raamat. Tartu 2002, 129\u2013132.]<\/p>\n<p>Friedebert Tuglase kirjanikus\u00f5navara iseloomulikke jooni. \u2013 Emakeele Seltsi aastaraamat 32, 1986. Tallinn 1986, lk 5\u201316. [S\u00f5naloo raamat. Tartu 2002, 265\u2013282.]<\/p>\n<p>Elava eesti keele olevik ja tulevik. \u2013 VEKSA kalender 1987. [V\u00e4liseestlastega kultuurisidemete arendamise \u00fchingu aastaraamat X.] Tallinn 1986, lk 120\u2013125.<\/p>\n<p>Eesti keele uurimise status quo: l\u00fcnki ja v\u00e4ljavaateid. \u2013 Keel ja Kirjandus 1987, nr 3, lk 129\u2013135.<\/p>\n<p><a href=\"\/wp-content\/uploads\/sites\/302\/eesti_keele_tekkimise_lugu.pdf\" target=\"_blank\" rel=\"noopener\">Eesti keele tekkimise lugu. \u2013 Akadeemia 1989, nr 7, lk 1503\u20131524<\/a>. [S\u00f5naloo raamat. Tartu 2002, 9\u201326.]<\/p>\n<p>Viron ja suomen kielen tutkimuksen yhteisi\u00e4 suuntaviivoja. [Ettekanne Soome keeleteaduse p\u00e4evadel Turus 1994.] \u2013 Viritt\u00e4j\u00e4 1994, nr 4, lk 267\u2013273. [Eesti keeles: Eesti ja soome keele uurimise \u00fchiseid sihtjooni. \u2013 S\u00f5naloo raamat. Tartu 2002, 205\u2013215.]<\/p>\n<p>\u00dchist ja sarnast eesti ja soome keele s\u00f5navaras. [Ettekanne l\u00e4\u00e4nemeresoome filoloogia s\u00fcmpoosiumil 30. 8.\u20132. 9. 1988 Turus.] \u2013 S\u00f5naloo raamat 2002. Tartu 2002, 216\u2013228.<\/p>\n<p>Uute lihtt\u00fcvede saamise viisidest eesti s\u00f5navaras. \u2013 Festschrift K\u00e1roly R\u00e9dei zum 60. Geburtstag. Eml\u00e9kk\u00f6nyv R\u00e9dei K\u00e1roly 60. sz\u00fclet\u00e9snapj\u00e1ra. Wien-Budapest 1992, lk 371\u2013375. [S\u00f5naloo raamat. Tartu 2002, 78\u201383.]<\/p>\n<p>Eesti keel m\u00e4letab minevikku. \u2013 S\u00f5naloo raamat. Tartu 2002, 97\u2013128.<\/p>\n<p>S\u00f5nateadlik Tuglas \u2013 Keel ja Kirjandus 2006, nr 7, lk 572\u2013581.<\/p>\n","protected":false},"excerpt":{"rendered":"<p>L\u00e4\u00e4nemeresoome keelte t-lise infinitiivi p\u00e4ritoluga seoses olevaid probleeme. \u2013 Emakeele Seltsi Aastaraamat I, 1955. Tallinn 1955, lk 152\u2013162. i-sufiksilistest verbidest eesti keeles. \u2013 Emakeele Seltsi Aastaraamat II, 1956. Tallinn 1956, lk 74\u201391. [S\u00f5naloo raamat. Tartu 2002, 143\u2013160.] n-listest infiniitsetest verbivormidest &#8230;<\/p>\n","protected":false},"author":102,"featured_media":0,"parent":0,"menu_order":0,"comment_status":"closed","ping_status":"closed","template":"","meta":{"_acf_changed":false,"inline_featured_image":false,"footnotes":""},"class_list":["post-8","page","type-page","status-publish","hentry"],"acf":[],"_links":{"self":[{"href":"https:\/\/sisu.ut.ee\/hunoratsep\/wp-json\/wp\/v2\/pages\/8","targetHints":{"allow":["GET"]}}],"collection":[{"href":"https:\/\/sisu.ut.ee\/hunoratsep\/wp-json\/wp\/v2\/pages"}],"about":[{"href":"https:\/\/sisu.ut.ee\/hunoratsep\/wp-json\/wp\/v2\/types\/page"}],"author":[{"embeddable":true,"href":"https:\/\/sisu.ut.ee\/hunoratsep\/wp-json\/wp\/v2\/users\/102"}],"replies":[{"embeddable":true,"href":"https:\/\/sisu.ut.ee\/hunoratsep\/wp-json\/wp\/v2\/comments?post=8"}],"version-history":[{"count":2,"href":"https:\/\/sisu.ut.ee\/hunoratsep\/wp-json\/wp\/v2\/pages\/8\/revisions"}],"predecessor-version":[{"id":105,"href":"https:\/\/sisu.ut.ee\/hunoratsep\/wp-json\/wp\/v2\/pages\/8\/revisions\/105"}],"wp:attachment":[{"href":"https:\/\/sisu.ut.ee\/hunoratsep\/wp-json\/wp\/v2\/media?parent=8"}],"curies":[{"name":"wp","href":"https:\/\/api.w.org\/{rel}","templated":true}]}}