{"id":13,"date":"2024-04-04T04:37:05","date_gmt":"2024-04-04T01:37:05","guid":{"rendered":"https:\/\/sisu.ut.ee\/hunoratsep\/cv\/"},"modified":"2024-04-29T15:49:40","modified_gmt":"2024-04-29T12:49:40","slug":"cv","status":"publish","type":"page","link":"https:\/\/sisu.ut.ee\/hunoratsep\/cv\/","title":{"rendered":"CV"},"content":{"rendered":"<p>S\u00fcnniaeg ja -koht: 28.12.1927, Tartu<br>\nKontakt: <a href=\"mailto:hunoratsep@gmail.com\">hunoratsep@gmail.com<\/a><\/p>\n<p><span class=\"tabb\">Praegune peamine tegevusvaldkond: eesti keele s\u00f5navara ajalugu<br>\n<\/span><\/p>\n<p><strong>Haridusk\u00e4ik<\/strong><br>\n1946 \u00a0 \u00a0 \u00a0 \u00a0 \u00a0 \u00a0 \u00a0 \u00a0 \u00a0Tartu I Keskkool<\/p>\n<p>1951 \u00a0 \u00a0 \u00a0 \u00a0 \u00a0 \u00a0 \u00a0 \u00a0 \u00a0Tartu Riiklik \u00dclikool, \u00a0ajaloo-keeleteaduskond (soome-ugri keeled)<\/p>\n<p>1954 \u00a0 \u00a0 \u00a0 \u00a0 \u00a0 \u00a0 \u00a0 \u00a0 \u00a0filoloogiakandidaat, Tartu Riiklik \u00dclikool, \u201eInfiniitsed verbivormid soome-ugri<br>\nkeeltes\u201d (\u201e<em>\u0418\u043d\u0444\u0438\u043d\u0438\u0442\u043d\u044b\u0435 \u0433\u043b\u0430\u0433\u043e\u043b\u044c\u043d\u044b\u0435 \u0444\u043e\u0440\u043c\u044b \u0432 \u0444\u0438\u043d\u043d\u043e-\u0443\u0433\u043e\u0440\u0441\u043a\u0438\u0445 \u044f\u0437\u044b\u043a\u0430\u0445\u201c<\/em>)<\/p>\n<p>1965\u20131967 \u00a0\u00a0\u00a0\u00a0\u00a0 Tartu Riiklik \u00dclikool, doktorantuur<\/p>\n<p>1974\u00a0\u00a0\u00a0\u00a0\u00a0\u00a0\u00a0\u00a0\u00a0\u00a0\u00a0\u00a0\u00a0\u00a0\u00a0\u00a0\u00a0\u00a0filoloogiadoktor, Tartu Riiklik \u00dclikool, \u201eEesti keele lihtlausete struktuur.<br>\nVerbikesksed lausemallid\u201c (\u201e<em>\u0421\u0442\u0440\u0443\u043a\u0442\u0443\u0440\u0430 \u043f\u0440\u043e\u0441\u0442\u043e\u0433\u043e \u043f\u0440\u0435\u0434\u043b\u043e\u0436\u0435\u043d\u0438\u044f \u0432 \u044d\u0441\u0442\u043e\u043d\u0441\u043a\u043e\u043c<br>\n\u044f\u0437\u044b\u043a\u0435 (\u043e\u0440\u0438\u0435\u043d\u0442\u0438\u0440\u043e\u0432\u0430\u043d\u043d\u044b\u0435 \u043d\u0430 \u0433\u043b\u0430\u0433\u043e\u043b \u043c\u043e\u0434\u0435\u043b\u0438 \u043f\u0440\u0435\u0434\u043b\u043e\u0436\u0435\u043d\u0438\u044f)\u201c<\/em>)<\/p>\n<p><strong>Teenistusk\u00e4ik<\/strong><br>\n1954\u20131958 \u00a0\u00a0\u00a0\u00a0 Tartu Riikliku \u00dclikooli eesti keele kateedri vanem\u00f5petaja<\/p>\n<p>1958\u20131975 \u00a0\u00a0\u00a0\u00a0 Tartu Riikliku \u00dclikooli eesti keele kateedri dotsent<\/p>\n<p>1977\u00a0\u00a0\u00a0\u00a0\u00a0\u00a0\u00a0\u00a0\u00a0\u00a0\u00a0\u00a0\u00a0\u00a0\u00a0 \u00a0professorikutse<\/p>\n<p>1975\u20131992 \u00a0\u00a0\u00a0\u00a0 Tartu Riikliku \u00dclikooli eesti keele kateedri juhataja<\/p>\n<p>1992\u20131993 \u00a0\u00a0\u00a0\u00a0 Tartu \u00dclikooli eesti keele korraline professor<\/p>\n<p>1994\u2013\u2026 \u00a0 \u00a0 \u00a0 \u00a0 \u00a0 Tartu \u00dclikooli emeriitprofessor<\/p>\n<p><strong>Tunnustused<\/strong><br>\n1980 \u00a0\u00a0\u00a0\u00a0\u00a0\u00a0\u00a0\u00a0\u00a0\u00a0\u00a0\u00a0\u00a0\u00a0 N\u00f5ukogude Eesti preemia<\/p>\n<p>1981\u00a0\u00a0\u00a0\u00a0\u00a0\u00a0\u00a0\u00a0\u00a0\u00a0\u00a0\u00a0\u00a0\u00a0\u00a0 ENSV TA korrespondentliige<\/p>\n<p>1987 \u00a0\u00a0\u00a0\u00a0\u00a0\u00a0\u00a0\u00a0\u00a0\u00a0\u00a0\u00a0\u00a0\u00a0 Eesti TA medal<\/p>\n<p>1989\u00a0\u00a0\u00a0\u00a0\u00a0\u00a0\u00a0\u00a0\u00a0\u00a0\u00a0\u00a0\u00a0\u00a0\u00a0 Eesti TA akadeemik<\/p>\n<p>1994 \u00a0\u00a0\u00a0\u00a0\u00a0\u00a0\u00a0\u00a0\u00a0\u00a0\u00a0\u00a0\u00a0\u00a0 Soome-Ugri Seltsi auliige<\/p>\n<p>1995 \u00a0\u00a0\u00a0\u00a0\u00a0\u00a0\u00a0\u00a0\u00a0\u00a0\u00a0\u00a0\u00a0\u00a0 Emakeele Seltsi auliige<\/p>\n<p>1997\u00a0\u00a0\u00a0\u00a0\u00a0\u00a0\u00a0\u00a0\u00a0\u00a0\u00a0\u00a0\u00a0\u00a0\u00a0\u00a0\u00d5petatud Eesti Seltsi auliige<\/p>\n<p>1997 \u00a0\u00a0\u00a0\u00a0\u00a0\u00a0\u00a0\u00a0\u00a0\u00a0\u00a0\u00a0\u00a0\u00a0 akadeemik F. J. Wiedemanni keeleauhind<\/p>\n<p>2001 \u00a0\u00a0\u00a0\u00a0\u00a0\u00a0\u00a0\u00a0\u00a0\u00a0\u00a0\u00a0\u00a0\u00a0 Eesti Vabariigi Valget\u00e4he IV klassi teenetem\u00e4rk<\/p>\n<p>2010\u00a0\u00a0\u00a0\u00a0\u00a0\u00a0\u00a0\u00a0\u00a0\u00a0\u00a0\u00a0\u00a0\u00a0\u00a0\u00a0Eesti Teaduste Akadeemia Paul Ariste medal<\/p>\n<p>2012\u00a0\u00a0\u00a0\u00a0\u00a0\u00a0\u00a0\u00a0\u00a0\u00a0\u00a0\u00a0\u00a0\u00a0\u00a0\u00a0Johannes Aaviku Seltsi auliige<\/p>\n<p style=\"text-align: justify;\"><strong>Teadusorganisatsiooniline ja -administratiivne tegevus<\/strong><br>\nHuno R\u00e4tsep on olnud Emakeele Seltsi esimees (1982\u20131989), Vabariikliku \u00f5igekeelsuskomisjoni esimees, N\u00f5ukogude Fennougristikakomitee liige, Keele ja Kirjanduse Instituudi n\u00f5ukogu liige, ETA Presiidiumi liige. On kuulunud v\u00e4ljaannete Keel ja Kirjandus, ENE 2, ETA Toimetised, Emakeele Seltsi Aastaraamat toimetuskolleegiumidesse, praegu kuulub Linguistica Uralica toimetuskolleegiumi.<\/p>\n<p style=\"text-align: justify;\"><strong>Uurimist\u00f6\u00f6 peasuunad<\/strong><br>\neesti keele s\u00fcntaks, eesti keele ajalugu, eesti keele s\u00f5navara ja selle ajalugu, strukturaallingvistika.<\/p>\n","protected":false},"excerpt":{"rendered":"<p>S\u00fcnniaeg ja -koht: 28.12.1927, Tartu Kontakt: hunoratsep@gmail.com Praegune peamine tegevusvaldkond: eesti keele s\u00f5navara ajalugu Haridusk\u00e4ik 1946 \u00a0 \u00a0 \u00a0 \u00a0 \u00a0 \u00a0 \u00a0 \u00a0 \u00a0Tartu I Keskkool 1951 \u00a0 \u00a0 \u00a0 \u00a0 \u00a0 \u00a0 \u00a0 \u00a0 \u00a0Tartu Riiklik \u00dclikool, \u00a0ajaloo-keeleteaduskond &#8230;<\/p>\n","protected":false},"author":102,"featured_media":0,"parent":0,"menu_order":0,"comment_status":"closed","ping_status":"closed","template":"","meta":{"_acf_changed":false,"inline_featured_image":false,"footnotes":""},"class_list":["post-13","page","type-page","status-publish","hentry"],"acf":[],"_links":{"self":[{"href":"https:\/\/sisu.ut.ee\/hunoratsep\/wp-json\/wp\/v2\/pages\/13","targetHints":{"allow":["GET"]}}],"collection":[{"href":"https:\/\/sisu.ut.ee\/hunoratsep\/wp-json\/wp\/v2\/pages"}],"about":[{"href":"https:\/\/sisu.ut.ee\/hunoratsep\/wp-json\/wp\/v2\/types\/page"}],"author":[{"embeddable":true,"href":"https:\/\/sisu.ut.ee\/hunoratsep\/wp-json\/wp\/v2\/users\/102"}],"replies":[{"embeddable":true,"href":"https:\/\/sisu.ut.ee\/hunoratsep\/wp-json\/wp\/v2\/comments?post=13"}],"version-history":[{"count":2,"href":"https:\/\/sisu.ut.ee\/hunoratsep\/wp-json\/wp\/v2\/pages\/13\/revisions"}],"predecessor-version":[{"id":102,"href":"https:\/\/sisu.ut.ee\/hunoratsep\/wp-json\/wp\/v2\/pages\/13\/revisions\/102"}],"wp:attachment":[{"href":"https:\/\/sisu.ut.ee\/hunoratsep\/wp-json\/wp\/v2\/media?parent=13"}],"curies":[{"name":"wp","href":"https:\/\/api.w.org\/{rel}","templated":true}]}}