{"id":11,"date":"2024-04-04T04:37:05","date_gmt":"2024-04-04T01:37:05","guid":{"rendered":"https:\/\/sisu.ut.ee\/hunoratsep\/entsuklopeediaartiklid\/"},"modified":"2024-04-29T15:52:04","modified_gmt":"2024-04-29T12:52:04","slug":"entsuklopeediaartiklid","status":"publish","type":"page","link":"https:\/\/sisu.ut.ee\/hunoratsep\/entsuklopeediaartiklid\/","title":{"rendered":"Ents\u00fcklopeediaartiklid"},"content":{"rendered":"<p>Keeleteadus. Eesti keel. [Koos Paul Aristega.] \u2013 Eesti NSV Ents\u00fcklopeedia m\u00e4rks\u00f5nastik. Tallinn 1964.<\/p>\n<p><em>adverbiaal<\/em>,<em> apositsioon<\/em>,<em> atribuut<\/em>, <em>deskriptiivs\u00f5na<\/em>,<em> \u00c9. Benveniste<\/em>,<em> L. Bloomfield<\/em>,<em> V. Br\u00f8ndal<\/em>, <em>N. Chomsky<\/em>, <em>denotaat<\/em>, <em>designaat<\/em>, <em>deskriptiivne lingvistika<\/em>. [Artiklid.] \u2013 Eesti N\u00f5ukogude Ents\u00fcklopeedia I. A\u2013DYN. Tallinn 1968.<\/p>\n<p><em>eitav k\u00f5ne<\/em>,<em> etnolingvistika<\/em>,<em> Genfi koolkond<\/em>,<em> glotokronoloogia<\/em>,<em> grammatika<\/em>, <em>V. Hallap<\/em>,<em> Z. Harris<\/em>. [Artiklid.] \u2013 Eesti N\u00f5ukogude Ents\u00fcklopeedia 2. E\u2013HERM. Tallinn 1970.<\/p>\n<p><em>Ch. Hockett<\/em>,<em> inkorporatsioon<\/em>,<em> inkorporeerivad keeled<\/em>,<em> interjektsioon<\/em>,<em> indoiraani laenud<\/em>, <em>kaass\u00f5na<\/em>, <em>keel<\/em>, <em>keeleteadus<\/em>. [Artiklid.] \u2013 Eesti N\u00f5ukogude Ents\u00fcklopeedia 3. HERN\u2013KIRU. Tallinn 1971.<\/p>\n<p>konjunktsioon,<em> koopula<\/em>,<em> k\u00e4\u00e4namine<\/em>,<em> k\u00e4\u00e4ndkond<\/em>,<em> k\u00e4\u00e4ne<\/em>, <em>lauselaiend<\/em>, <em>laiend<\/em>, <em>laineteooria<\/em>, <em>lause<\/em>, <em>lauseliikmed<\/em>, <em>lekseem<\/em>. [Artiklid.] \u2013 Eesti N\u00f5ukogude Ents\u00fcklopeedia 4. KIRV\u2013MAAO. Tallinn 1972.<\/p>\n<p><em>modaalsus<\/em>,<em> m\u00e4rk<\/em>,<em> A. Martinet<\/em>,<em> negatsioon<\/em>,<em> neohumboltiaanlus<\/em>, <em>neolingvistika<\/em>, <em>noorgrammatikud<\/em>, <em>noomen<\/em>, <em>numeraal<\/em>, <em>objekt <\/em>[Artiklid.] \u2013 Eesti N\u00f5ukogude Ents\u00fcklopeedia 5. MAAP\u2013PAIR. Tallinn 1973.<\/p>\n<p><em>pol\u00fcseemia<\/em>,<em> p\u00f6\u00f6ramine<\/em>,<em> partikkel<\/em>,<em> predikaat<\/em>,<em> predikatiiv<\/em>, <em>pronoomen<\/em>, <em>rahvuskeel<\/em>, <em>rektsioon <\/em>[Artiklid.] \u2013 Eesti N\u00f5ukogude Ents\u00fcklopeedia 6. PAIS\u2013RUMO. Tallinn 1974.<\/p>\n<p><em>F. de Saussure<\/em>,<em> subjekt<\/em>,<em> substantiiv<\/em>,<em> s\u00f5na<\/em>,<em> s\u00f5naliigid<\/em>, <em>s\u00f5navara<\/em>, <em>s\u00f5na\u00fchend<\/em>, <em>Sapir-Whorfi h\u00fcpotees<\/em>, <em>s\u00fcntagma<\/em>, <em>s\u00fcntaks<\/em>, <em>tasand<\/em>, <em>V. Tauli<\/em>, <em>tehiss\u00f5na<\/em>, <em>terminatiiv<\/em>. [Artiklid.] \u2013 Eesti N\u00f5ukogude Ents\u00fcklopeedia 7. RUND\u2013TING. Tallinn 1975.<\/p>\n<p>Sotsiaalne murre, argoo, \u017eargoon. \u2013 Kalender 1977. Tallinn 1976, lk 204\u2013209.<\/p>\n<p><em>translatiiv<\/em>,<em> N. S. Trubetzkoy tunnus<\/em>,<em> verb<\/em>,<em> verbaalnoomen<\/em>,<em> \u00fchiskeel<\/em>, <em>\u00fcte<\/em>. [Artiklid.] \u2013 Eesti N\u00f5ukogude Ents\u00fcklopeedia 8. TINK\u2013YVER. Tallinn 1976.<\/p>\n<p><em>J. Greenberg<\/em>,<em> keeleteadus<\/em>. [Artiklid.] \u2013 Eesti N\u00f5ukogude Ents\u00fcklopeedia. Lisak\u00f6ide. Tallinn 1977.<\/p>\n<p><em>eesti keel<\/em>. [Artikkel.] \u2013 ENEKE 1. A\u2013H. Tallinn 1982.<\/p>\n<p><em>J. Aavik<\/em>, <em>adstraat<\/em>, <em>adverbiaal<\/em>, <em>A. Alhoniemi<\/em>, <em>apositsioon<\/em>, <em>P. Ariste<\/em>, <em>argikeel<\/em>, <em>atribuut<\/em>, <em>\u00c9. Benveniste<\/em>, <em>L. Bloomfield<\/em>, <em>V.<\/em> <em>Br\u00f8ndal<\/em>. [Artiklid.] \u2013 ENE 1. Eesti N\u00f5ukogude Ents\u00fcklopeedia. A\u2013CENT. Tallinn 1985.<\/p>\n<p><em>N. Chomsky<\/em>, <em>deskriptiivne lingvistika<\/em>, <em>eesti keel<\/em>, <em>eitav k\u00f5ne<\/em>, <em>ektsessiiv<\/em>, <em>etnolingvistika<\/em>. [Artiklid.] \u2013 ENE 2. Eesti N\u00f5ukogude Ents\u00fcklopeedia. CERA\u2013FILL. Tallinn 1987.<\/p>\n","protected":false},"excerpt":{"rendered":"<p>Keeleteadus. Eesti keel. [Koos Paul Aristega.] \u2013 Eesti NSV Ents\u00fcklopeedia m\u00e4rks\u00f5nastik. Tallinn 1964. adverbiaal, apositsioon, atribuut, deskriptiivs\u00f5na, \u00c9. Benveniste, L. Bloomfield, V. Br\u00f8ndal, N. Chomsky, denotaat, designaat, deskriptiivne lingvistika. [Artiklid.] \u2013 Eesti N\u00f5ukogude Ents\u00fcklopeedia I. A\u2013DYN. Tallinn 1968. eitav k\u00f5ne, &#8230;<\/p>\n","protected":false},"author":102,"featured_media":0,"parent":0,"menu_order":0,"comment_status":"closed","ping_status":"closed","template":"","meta":{"_acf_changed":false,"inline_featured_image":false,"footnotes":""},"class_list":["post-11","page","type-page","status-publish","hentry"],"acf":[],"_links":{"self":[{"href":"https:\/\/sisu.ut.ee\/hunoratsep\/wp-json\/wp\/v2\/pages\/11","targetHints":{"allow":["GET"]}}],"collection":[{"href":"https:\/\/sisu.ut.ee\/hunoratsep\/wp-json\/wp\/v2\/pages"}],"about":[{"href":"https:\/\/sisu.ut.ee\/hunoratsep\/wp-json\/wp\/v2\/types\/page"}],"author":[{"embeddable":true,"href":"https:\/\/sisu.ut.ee\/hunoratsep\/wp-json\/wp\/v2\/users\/102"}],"replies":[{"embeddable":true,"href":"https:\/\/sisu.ut.ee\/hunoratsep\/wp-json\/wp\/v2\/comments?post=11"}],"version-history":[{"count":2,"href":"https:\/\/sisu.ut.ee\/hunoratsep\/wp-json\/wp\/v2\/pages\/11\/revisions"}],"predecessor-version":[{"id":109,"href":"https:\/\/sisu.ut.ee\/hunoratsep\/wp-json\/wp\/v2\/pages\/11\/revisions\/109"}],"wp:attachment":[{"href":"https:\/\/sisu.ut.ee\/hunoratsep\/wp-json\/wp\/v2\/media?parent=11"}],"curies":[{"name":"wp","href":"https:\/\/api.w.org\/{rel}","templated":true}]}}