{"id":101,"date":"2025-10-22T11:36:28","date_gmt":"2025-10-22T08:36:28","guid":{"rendered":"https:\/\/sisu.ut.ee\/humasygiskool\/?page_id=101"},"modified":"2025-10-22T11:36:29","modified_gmt":"2025-10-22T08:36:29","slug":"eelmiste-aastate-posterettekannete-naited-examples-of-poster-presentations-from-previous-years","status":"publish","type":"page","link":"https:\/\/sisu.ut.ee\/humasygiskool\/eelmiste-aastate-posterettekannete-naited-examples-of-poster-presentations-from-previous-years\/","title":{"rendered":"Eelmiste aastate posterettekannete n\u00e4ited\/ Examples of poster presentations from previous years"},"content":{"rendered":"<p>  Siit on leitavad 2021., 2022. ja 2023. aasta postrite n\u00e4ited.<\/p>\n\n\n\n<details class=\"wp-block-details is-layout-flow wp-block-details-is-layout-flow\"><summary>KREENHOLMI MANUFAKTUUR KUI NARVA KULTUURIRUUMI OSA_Feoktistova<\/summary>\n<div data-wp-interactive=\"core\/file\" class=\"wp-block-file\"><object data-wp-bind--hidden=\"!state.hasPdfPreview\" hidden class=\"wp-block-file__embed\" data=\"https:\/\/sisu.ut.ee\/wp-content\/uploads\/sites\/517\/kreenholmi_manufaktuur_kui_narva_kultuuriruumi_osa-3.pdf\" type=\"application\/pdf\" style=\"width:100%;height:450px\" aria-label=\"Lisa kreenholmi_manufaktuur_kui_narva_kultuuriruumi_osa.\"><\/object><a id=\"wp-block-file--media-df669b26-c293-402f-84e6-f286febe880d\" href=\"https:\/\/sisu.ut.ee\/wp-content\/uploads\/sites\/517\/kreenholmi_manufaktuur_kui_narva_kultuuriruumi_osa-3.pdf\">kreenholmi_manufaktuur_kui_narva_kultuuriruumi_osa<\/a><a href=\"https:\/\/sisu.ut.ee\/wp-content\/uploads\/sites\/517\/kreenholmi_manufaktuur_kui_narva_kultuuriruumi_osa-3.pdf\" class=\"wp-block-file__button wp-element-button\" download aria-describedby=\"wp-block-file--media-df669b26-c293-402f-84e6-f286febe880d\">Laadi alla<\/a><\/div>\n<\/details>\n\n\n\n<details class=\"wp-block-details is-layout-flow wp-block-details-is-layout-flow\"><summary>NAISKUNSTNIKE LOOMING TARTU KUNSTIMUUSEUMIS 1940-2020_Hoffmann<\/summary>\n<div data-wp-interactive=\"core\/file\" class=\"wp-block-file\"><object data-wp-bind--hidden=\"!state.hasPdfPreview\" hidden class=\"wp-block-file__embed\" data=\"https:\/\/sisu.ut.ee\/wp-content\/uploads\/sites\/517\/naiskunstnike_looming_tartu_kunstimuuseumis_1940-2020.pdf\" type=\"application\/pdf\" style=\"width:100%;height:600px\" aria-label=\"Lisa naiskunstnike_looming_tartu_kunstimuuseumis_1940-2020.\"><\/object><a id=\"wp-block-file--media-372307c4-14ae-4383-8e53-9b1eaf644ad8\" href=\"https:\/\/sisu.ut.ee\/wp-content\/uploads\/sites\/517\/naiskunstnike_looming_tartu_kunstimuuseumis_1940-2020.pdf\">naiskunstnike_looming_tartu_kunstimuuseumis_1940-2020<\/a><a href=\"https:\/\/sisu.ut.ee\/wp-content\/uploads\/sites\/517\/naiskunstnike_looming_tartu_kunstimuuseumis_1940-2020.pdf\" class=\"wp-block-file__button wp-element-button\" download aria-describedby=\"wp-block-file--media-372307c4-14ae-4383-8e53-9b1eaf644ad8\">Laadi alla<\/a><\/div>\n<\/details>\n\n\n\n<details class=\"wp-block-details is-layout-flow wp-block-details-is-layout-flow\"><summary>LEEDU JA EESTI KUJUTATAVA KUNSTI \u00dcHISED M\u00d5JUTAJAD AASTATEL 1918-1940_Sion<\/summary>\n<div data-wp-interactive=\"core\/file\" class=\"wp-block-file\"><object data-wp-bind--hidden=\"!state.hasPdfPreview\" hidden class=\"wp-block-file__embed\" data=\"https:\/\/sisu.ut.ee\/wp-content\/uploads\/sites\/517\/leedu_ja_eesti_kujutava_kunsti_uhised_mojutajad_aastatel_1918-1940.pdf\" type=\"application\/pdf\" style=\"width:100%;height:600px\" aria-label=\"Lisa leedu_ja_eesti_kujutava_kunsti_uhised_mojutajad_aastatel_1918-1940.\"><\/object><a id=\"wp-block-file--media-ad3846ee-2a97-40b2-a445-456bae634360\" href=\"https:\/\/sisu.ut.ee\/wp-content\/uploads\/sites\/517\/leedu_ja_eesti_kujutava_kunsti_uhised_mojutajad_aastatel_1918-1940.pdf\">leedu_ja_eesti_kujutava_kunsti_uhised_mojutajad_aastatel_1918-1940<\/a><a href=\"https:\/\/sisu.ut.ee\/wp-content\/uploads\/sites\/517\/leedu_ja_eesti_kujutava_kunsti_uhised_mojutajad_aastatel_1918-1940.pdf\" class=\"wp-block-file__button wp-element-button\" download aria-describedby=\"wp-block-file--media-ad3846ee-2a97-40b2-a445-456bae634360\">Laadi alla<\/a><\/div>\n<\/details>\n\n\n\n<details class=\"wp-block-details is-layout-flow wp-block-details-is-layout-flow\"><summary>PARIIS KUI KUNSTIMEKA: M\u00dc\u00dcT V\u00d5I TEGELIKKUS?_Teras<\/summary>\n<div data-wp-interactive=\"core\/file\" class=\"wp-block-file\"><object data-wp-bind--hidden=\"!state.hasPdfPreview\" hidden class=\"wp-block-file__embed\" data=\"https:\/\/sisu.ut.ee\/wp-content\/uploads\/sites\/517\/pariis_kui_kunstimeka-_muut_voi_tegelikkus_eesti_kunstnike_pariisi_ihalusest_.pdf\" type=\"application\/pdf\" style=\"width:100%;height:600px\" aria-label=\"Lisa pariis_kui_kunstimeka-_muut_voi_tegelikkus_eesti_kunstnike_pariisi_ihalusest_.\"><\/object><a id=\"wp-block-file--media-1f0b4aea-b597-476e-8ed0-b7d12f2692a1\" href=\"https:\/\/sisu.ut.ee\/wp-content\/uploads\/sites\/517\/pariis_kui_kunstimeka-_muut_voi_tegelikkus_eesti_kunstnike_pariisi_ihalusest_.pdf\">pariis_kui_kunstimeka-_muut_voi_tegelikkus_eesti_kunstnike_pariisi_ihalusest_<\/a><a href=\"https:\/\/sisu.ut.ee\/wp-content\/uploads\/sites\/517\/pariis_kui_kunstimeka-_muut_voi_tegelikkus_eesti_kunstnike_pariisi_ihalusest_.pdf\" class=\"wp-block-file__button wp-element-button\" download aria-describedby=\"wp-block-file--media-1f0b4aea-b597-476e-8ed0-b7d12f2692a1\">Laadi alla<\/a><\/div>\n<\/details>\n\n\n\n<details class=\"wp-block-details is-layout-flow wp-block-details-is-layout-flow\"><summary>PRANTSUSE ROMANTISM MAALIKUNSTIS JA SELLE AMBIVALENTNE SEOS KLASSITSISMIGA_Vellema<\/summary>\n<div data-wp-interactive=\"core\/file\" class=\"wp-block-file\"><object data-wp-bind--hidden=\"!state.hasPdfPreview\" hidden class=\"wp-block-file__embed\" data=\"https:\/\/sisu.ut.ee\/wp-content\/uploads\/sites\/517\/posterettekanne._stella_vellema.pdf\" type=\"application\/pdf\" style=\"width:100%;height:600px\" aria-label=\"Lisa posterettekanne._stella_vellema.\"><\/object><a id=\"wp-block-file--media-85a6aca2-6f0a-42de-8394-6f8215e13ec6\" href=\"https:\/\/sisu.ut.ee\/wp-content\/uploads\/sites\/517\/posterettekanne._stella_vellema.pdf\">posterettekanne._stella_vellema<\/a><a href=\"https:\/\/sisu.ut.ee\/wp-content\/uploads\/sites\/517\/posterettekanne._stella_vellema.pdf\" class=\"wp-block-file__button wp-element-button\" download aria-describedby=\"wp-block-file--media-85a6aca2-6f0a-42de-8394-6f8215e13ec6\">Laadi alla<\/a><\/div>\n<\/details>\n\n\n\n<details class=\"wp-block-details is-layout-flow wp-block-details-is-layout-flow\"><summary>PROBLEMATICS OF CIRCUS RESEARCH ON THE FRONTIER \u2013 THE BALTICS_Avota<\/summary>\n<div data-wp-interactive=\"core\/file\" class=\"wp-block-file\"><object data-wp-bind--hidden=\"!state.hasPdfPreview\" hidden class=\"wp-block-file__embed\" data=\"https:\/\/sisu.ut.ee\/wp-content\/uploads\/sites\/517\/circus_research_elvira_avota.pdf\" type=\"application\/pdf\" style=\"width:100%;height:600px\" aria-label=\"Lisa circus_research_elvira_avota.\"><\/object><a id=\"wp-block-file--media-e9021385-4302-4fc6-9408-f262a0c2155a\" href=\"https:\/\/sisu.ut.ee\/wp-content\/uploads\/sites\/517\/circus_research_elvira_avota.pdf\">circus_research_elvira_avota<\/a><a href=\"https:\/\/sisu.ut.ee\/wp-content\/uploads\/sites\/517\/circus_research_elvira_avota.pdf\" class=\"wp-block-file__button wp-element-button\" download aria-describedby=\"wp-block-file--media-e9021385-4302-4fc6-9408-f262a0c2155a\">Laadi alla<\/a><\/div>\n<\/details>\n\n\n\n<details class=\"wp-block-details is-layout-flow wp-block-details-is-layout-flow\"><summary>SEMIOTICS OF SPORTS_Proke\u0161<\/summary>\n<div data-wp-interactive=\"core\/file\" class=\"wp-block-file\"><object data-wp-bind--hidden=\"!state.hasPdfPreview\" hidden class=\"wp-block-file__embed\" data=\"https:\/\/sisu.ut.ee\/wp-content\/uploads\/sites\/517\/daniel_prokes_semiotics_of_sports.pdf\" type=\"application\/pdf\" style=\"width:100%;height:600px\" aria-label=\"Lisa daniel_prokes_semiotics_of_sports.\"><\/object><a id=\"wp-block-file--media-1d83e046-76a7-4f4c-97df-f2956f67c93a\" href=\"https:\/\/sisu.ut.ee\/wp-content\/uploads\/sites\/517\/daniel_prokes_semiotics_of_sports.pdf\">daniel_prokes_semiotics_of_sports<\/a><a href=\"https:\/\/sisu.ut.ee\/wp-content\/uploads\/sites\/517\/daniel_prokes_semiotics_of_sports.pdf\" class=\"wp-block-file__button wp-element-button\" download aria-describedby=\"wp-block-file--media-1d83e046-76a7-4f4c-97df-f2956f67c93a\">Laadi alla<\/a><\/div>\n<\/details>\n\n\n\n<details class=\"wp-block-details is-layout-flow wp-block-details-is-layout-flow\"><summary>THE GOLEM: AN INFORM FORM_Bruno<\/summary>\n<div data-wp-interactive=\"core\/file\" class=\"wp-block-file\"><object data-wp-bind--hidden=\"!state.hasPdfPreview\" hidden class=\"wp-block-file__embed\" data=\"https:\/\/sisu.ut.ee\/wp-content\/uploads\/sites\/517\/habran_bruno_-_poster_huma.pdf\" type=\"application\/pdf\" style=\"width:100%;height:600px\" aria-label=\"Lisa habran_bruno_-_poster_huma.\"><\/object><a id=\"wp-block-file--media-3e0ad568-28a1-44a4-aa4d-13261aba33b6\" href=\"https:\/\/sisu.ut.ee\/wp-content\/uploads\/sites\/517\/habran_bruno_-_poster_huma.pdf\">habran_bruno_-_poster_huma<\/a><a href=\"https:\/\/sisu.ut.ee\/wp-content\/uploads\/sites\/517\/habran_bruno_-_poster_huma.pdf\" class=\"wp-block-file__button wp-element-button\" download aria-describedby=\"wp-block-file--media-3e0ad568-28a1-44a4-aa4d-13261aba33b6\">Laadi alla<\/a><\/div>\n<\/details>\n\n\n\n<details class=\"wp-block-details is-layout-flow wp-block-details-is-layout-flow\"><summary>THE SYMBOLIC-CONSEQUENCES ARGUMENT ABOUT SEX ROBOTS_M\u0131zrak<\/summary>\n<div data-wp-interactive=\"core\/file\" class=\"wp-block-file\"><object data-wp-bind--hidden=\"!state.hasPdfPreview\" hidden class=\"wp-block-file__embed\" data=\"https:\/\/sisu.ut.ee\/wp-content\/uploads\/sites\/517\/poster_ezgi_mizrak_2.pdf\" type=\"application\/pdf\" style=\"width:100%;height:600px\" aria-label=\"Lisa poster_ezgi_mizrak_2.\"><\/object><a id=\"wp-block-file--media-a4bbe1dd-d433-4b06-9735-d4952e84ca94\" href=\"https:\/\/sisu.ut.ee\/wp-content\/uploads\/sites\/517\/poster_ezgi_mizrak_2.pdf\">poster_ezgi_mizrak_2<\/a><a href=\"https:\/\/sisu.ut.ee\/wp-content\/uploads\/sites\/517\/poster_ezgi_mizrak_2.pdf\" class=\"wp-block-file__button wp-element-button\" download aria-describedby=\"wp-block-file--media-a4bbe1dd-d433-4b06-9735-d4952e84ca94\">Laadi alla<\/a><\/div>\n<\/details>\n\n\n\n<details class=\"wp-block-details is-layout-flow wp-block-details-is-layout-flow\"><summary>SOUND AS A MEDIUM OF MEMORY. SOUNDSCAPE SEMIOTICS IN CULTURAL MEMORY PROJECTS_Korniietska<\/summary>\n<div data-wp-interactive=\"core\/file\" class=\"wp-block-file\"><object data-wp-bind--hidden=\"!state.hasPdfPreview\" hidden class=\"wp-block-file__embed\" data=\"https:\/\/sisu.ut.ee\/wp-content\/uploads\/sites\/517\/soundscape_semiotics_in_cultural_memory_projects.pdf\" type=\"application\/pdf\" style=\"width:100%;height:600px\" aria-label=\"Lisa soundscape_semiotics_in_cultural_memory_projects.\"><\/object><a id=\"wp-block-file--media-21176cdf-d583-4801-ab3d-fc2bab4412ad\" href=\"https:\/\/sisu.ut.ee\/wp-content\/uploads\/sites\/517\/soundscape_semiotics_in_cultural_memory_projects.pdf\">soundscape_semiotics_in_cultural_memory_projects<\/a><a href=\"https:\/\/sisu.ut.ee\/wp-content\/uploads\/sites\/517\/soundscape_semiotics_in_cultural_memory_projects.pdf\" class=\"wp-block-file__button wp-element-button\" download aria-describedby=\"wp-block-file--media-21176cdf-d583-4801-ab3d-fc2bab4412ad\">Laadi alla<\/a><\/div>\n<\/details>\n\n\n\n<p><\/p>\n","protected":false},"excerpt":{"rendered":"<p>Siit on leitavad 2021., 2022. ja 2023. aasta postrite n\u00e4ited.<\/p>\n","protected":false},"author":923,"featured_media":0,"parent":0,"menu_order":0,"comment_status":"closed","ping_status":"closed","template":"","meta":{"_acf_changed":false,"inline_featured_image":false,"footnotes":""},"class_list":["post-101","page","type-page","status-publish","hentry"],"acf":[],"_links":{"self":[{"href":"https:\/\/sisu.ut.ee\/humasygiskool\/wp-json\/wp\/v2\/pages\/101","targetHints":{"allow":["GET"]}}],"collection":[{"href":"https:\/\/sisu.ut.ee\/humasygiskool\/wp-json\/wp\/v2\/pages"}],"about":[{"href":"https:\/\/sisu.ut.ee\/humasygiskool\/wp-json\/wp\/v2\/types\/page"}],"author":[{"embeddable":true,"href":"https:\/\/sisu.ut.ee\/humasygiskool\/wp-json\/wp\/v2\/users\/923"}],"replies":[{"embeddable":true,"href":"https:\/\/sisu.ut.ee\/humasygiskool\/wp-json\/wp\/v2\/comments?post=101"}],"version-history":[{"count":1,"href":"https:\/\/sisu.ut.ee\/humasygiskool\/wp-json\/wp\/v2\/pages\/101\/revisions"}],"predecessor-version":[{"id":116,"href":"https:\/\/sisu.ut.ee\/humasygiskool\/wp-json\/wp\/v2\/pages\/101\/revisions\/116"}],"wp:attachment":[{"href":"https:\/\/sisu.ut.ee\/humasygiskool\/wp-json\/wp\/v2\/media?parent=101"}],"curies":[{"name":"wp","href":"https:\/\/api.w.org\/{rel}","templated":true}]}}