{"id":24,"date":"2024-04-04T03:43:30","date_gmt":"2024-04-04T00:43:30","guid":{"rendered":"https:\/\/sisu.ut.ee\/hiv\/2015-2\/"},"modified":"2024-04-12T13:58:17","modified_gmt":"2024-04-12T10:58:17","slug":"2015-2","status":"publish","type":"page","link":"https:\/\/sisu.ut.ee\/hiv\/2015-2\/","title":{"rendered":"2015"},"content":{"rendered":"<p><span style=\"font-size: medium\"><strong>HIV infektsioonist konverentsil \u201cKuidas teadus TerVEt rahvast teenib? II\u201d\u00a0<\/strong><\/span><\/p>\n<p><span style=\"font-size: small\">07-12-2015<\/span><\/p>\n<p><span style=\"font-size: small\">02. detsembril 2015 toimunud Eesti Teadusagentuuri poolt korraldatud konverentsil \u201d Kuidas teadus TerVEt rahvast teenib? II esines Heli Rajasaar ettekandega \u201eHIV infektsioon ja personaalne meditsiin\u201c<\/span><\/p>\n<p><span style=\"font-size: small\"><a href=\"http:\/\/www.etag.ee\/kuidas-teadus-tervet-rahvast-teenib\/\">Info konverentsist<\/a><\/span><\/p>\n<p><span style=\"font-size: small\"><a href=\"https:\/\/sisu.ut.ee\/wp-content\/uploads\/sites\/251\/e-hiv_tallinnas.pptx\">H. Rajasaare ettekanne<\/a><\/span><\/p>\n<hr>\n<p><span style=\"font-size: small\"><strong><span style=\"font-size: medium\">Kristi Huik osaleb Baltimaade hepatiidikoosolekul<\/span><br><\/strong><\/span><\/p>\n<p><span style=\"font-size: small\">17-11-2015\u00a0<\/span><\/p>\n<p><span style=\"font-size: small\">19.-20. novembril 2015 korraldab Viral hepatitis prevention board Balti regiooni koosoleku \u201cPrevention and control of viral hepatitis in the Baltic states, lessons learnt and the way forward\u201d Riias.\u00a0\u00a0\u00a0Osalevad infektsionistid, teadlased ja ametnikud L\u00e4tist, Leedust ja Eestist. Kristi Huik HIV-grupi liikmena\u00a0\u00a0teeb ettekande \u201cEpidemiology of different hepatitis (B &amp; C) in Estonia \u201c<\/span><\/p>\n<hr>\n<p><span style=\"font-size: medium\"><strong>E-HIV noukogu koosolek 04. novembril 2015\u00a0<\/strong><\/span><\/p>\n<p><span style=\"font-size: small\">16-11-2015\u00a0<\/span><\/p>\n<p><span style=\"font-size: small\">Korralisel koosolekul tehti kokkuv\u00f5te andmekogu hetkeseisust, arutati riikliku HIV andmekogu plusse ja miinuseid, andmekogu andmete p\u00f5hjal tehtavate raportite vajadust, ravimite v\u00e4ljastamise mooduli parameetreid.<\/span><\/p>\n<hr>\n<p><span style=\"font-size: medium\"><strong>HIV\/AIDS seire teemaline kohtumine<\/strong><\/span><\/p>\n<p><span style=\"font-size: small\">21-10-2015\u00a0<\/span><\/p>\n<p><span style=\"font-size: small\">Irja Lutsar, Kai Zilmer ja Heli Rajasaar osalevad 22. oktoobril 2015. a. Sotsiaalministeeriumis toimuval HIV\/AIDS seire teemalisel kohtumisel<\/span><\/p>\n<hr>\n<p><span style=\"font-size: small\"><strong><span style=\"font-size: medium\">Projekt \u201cHIV ennetus ja ravi Eestis: teadmiste ja praktika \u00fchendamine\u201d<\/span>\u00a0<\/strong><\/span><\/p>\n<p><span style=\"font-size: small\">14-10-2015\u00a0<\/span><\/p>\n<p><span style=\"font-size: small\">31.augustil 2015. a. l\u00f5ppes nelja aasta pikkune projekt, mis uuris ennetus- ja ravivajadusi k\u00f5rge HIV-riskiga rahvastikur\u00fchmades Eestis. Projektis osales mitmeid meie HIV grupi liikmeid.<\/span><\/p>\n<p><span style=\"font-size: small\">Projekti\u00a0tulemusena hinnati spetsiifilise ravi saajate ravisoostumust ning seda toetava sekkumise m\u00f5ju. Sekkumine osutus efektiivseks ja\u00a0valiti v\u00e4lja HIV-positiivsete inimeste seksuaalset riskik\u00e4itumist v\u00e4hendav efektiivne ning Eesti oludesse sobiv sekkumine. Kaasajastati mitmed HIVi ja seotud nakkuste (HCV) k\u00e4sitlus- ja tegevusjuhendid; t\u00e4iendati teadusliku t\u00f5endusmaterjali baasi ning aidati kaasa teadmiste ringlusele HIVi valdkonnas. Lisaks j\u00e4lgiti HIV ravimresistentsust ning hinnati HIV-infektsiooni ja inimese geneetiliste faktorite vahelisi seoseid. Tehti kindlaks erinevad markerid, mis Eesti rahvastikus HIVi ja\/v\u00f5i HCVsse nakatumist ja haiguse kulgu m\u00f5jutavad. Kliinilisse praktikasse rakendati ravi tulemuslikkuse seisukohast oluliste HIVi ja HCVga seotud geneetiliste markerite m\u00e4\u00e4ramine.<\/span><\/p>\n<p><span style=\"font-size: small\">Projekti finantseerijaks oli Euroopa Regionaalfond.<\/span><\/p>\n<hr>\n<p><span style=\"font-size: small\"><strong><span style=\"font-size: medium\">Projekt \u201cEesti osalus \u00fclemaailmses viirus- uuringute v\u00f5rgustikus (GVN)\u201d<\/span>\u00a0<\/strong><\/span><\/p>\n<p><span style=\"font-size: small\">14-10-2015\u00a0<\/span><\/p>\n<p><span style=\"font-size: small\">31.augustil 2015. a. l\u00f5ppes kaheaastane projekt \u201cEesti osalus \u00fclemaailmses viirusuuringute v\u00f5rgustikus (GVN)\u201d, mis keskendus teaduse rahvusvahelistumisele. Projektis osales mitmeid meie HIV grupi liikmeid.<\/span><\/p>\n<p><span style=\"font-size: small\">\u00a0Algatuse tulemusena t\u00e4ienesid kontaktid Eesti viroloogide vahel; toimus koostoosidemete loomine ja tugevdamine Baltimaade viroloogidega ning Eesti viroloogid liitusid GVN Skandinaavia keskusega. Viroloogia-alasesse rahvusvahelisse koostoosse kaasati ka Ukraina virolooge. Algatuse tulemusel organiseeriti ja viidi l\u00e4bi kaks Skandinaavia-Balti-Ukraina viroloogia konverentsi (2014, 2015), millel osales ettekannetega enamus Eestis selles valdkonnas t\u00f6\u00f6tavaid teadlasi. Programmi vahenditest toetati t\u00f6id viiruseid sisaldavate andmekogude ja biopankade loomisel ning kaasajastamisel, sh. E-HIV andmekogu arendamist ja rahvusvahelist tutvustamist, Tervise Arengu Instituudis paikneva proovide kogu suurendamist ja Eesti taimeviiruste kollektsiooni loomist Tallinna Tehnika\u00fclikoolis. Projekti tulemusena on oluliselt t\u00f5usnud Eesti viroloogidega koostood tegevate v\u00e4lislaborite\/teadlaste arv, millega on suurenenud meie panus globaalse t\u00e4htsusega viiruste uurimisse; valmis mitu teadusartiklit.<\/span><\/p>\n<p><span style=\"font-size: small\">Projekti finantseerijaks oli Euroopa Regionaalfond.<\/span><\/p>\n<hr>\n<p><span style=\"font-size: medium\"><strong>Seminar \u201cHIV\/STI ps\u00fchholoogilised aspektid, n\u00f5ustamine, meditsiiniline eetika ja konfidentsiaalsus \/ Troopiliste haiguste ennetamine ja ravimine Malis ja Kesk-Aafrika Vabariigis\u201d<\/strong><\/span><\/p>\n<p><span style=\"font-size: small\">11-09-2015<\/span><\/p>\n<p><span style=\"font-size: small\">HIV grupi liikmed osalesid DHAPP projekti poolt korraldatud koolitusel 10. septembril 2015. a. Tartus.<\/span><\/p>\n<p><span style=\"font-size: small\"><a href=\"\/wp-content\/uploads\/sites\/251\/dhapp_seminariprogramm_2015_est.pdf\" target=\"_blank\" rel=\"noopener\">Seminari kava<\/a><\/span><\/p>\n<p><span style=\"font-size: small\"><a href=\"https:\/\/www.dropbox.com\/sh\/5q2sdf5zamq7faj\/AABaSTMmSrVqM3q5HLFjpOj4a?dl=0\" target=\"_blank\" rel=\"noopener\">Seminari fotod<\/a><\/span><\/p>\n<hr>\n<p><span style=\"font-size: medium\"><strong>TerVE programm<\/strong><\/span><\/p>\n<p><span style=\"font-size: small\">14-07-2015\u00a0<\/span><\/p>\n<p><span style=\"font-size: small\">30. juunil 2015. a. l\u00f5ppes Euroopa Regionaalfondist finantseeritud kaks aastat kestnud Eesti HIV andmekogu arenduse projekt. Projekti tulemusena on v\u00f5imalik andmekogu andmeid linkida erinevate registritega, mis kiirendab andmete sisestamist ja v\u00e4hendab inimlikust faktorist tulenevaid vigu. Samuti valmisid Biopanga- ja Resistentsusmoodul. Andmekogu arendused teostas O\u00dc Quretec.<\/span><\/p>\n<p><span style=\"font-size: small\">Kahe aastase projekti jooksul t\u00e4iendasid HIV positiivsete isikutega t\u00f6\u00f6tavad infektsionistid andmeid andmekogus,\u00a0kontrolliti andmete kvaliteeti,\u00a0andmekogu andmeid kasutati mitmete teadusartiklite kirjutamisel, andmetega t\u00f6\u00f6tavad isikud osalesid erinevatel koolitustel, biopanka koguti biomaterjali.<\/span><\/p>\n<hr>\n<p><span style=\"font-size: medium\"><strong>Teaduskonverents E-HIV 10 Tallinnas, 28.mail 2015<\/strong>\u00a0<\/span><\/p>\n<p><span style=\"font-size: small\">14-07-2015\u00a0<\/span><\/p>\n<p><span style=\"font-size: small\">2015. aasta aprillis t\u00e4itus 10 aastat, mil Tartu \u00dclikooli mikrobioloogia instituudis tehti esimesed katsed HI-viirusega. Sellest sai alguse HI-viiruse alane teadust\u00f6\u00f6 mikrobioloogia instituudis. Korraldasime selle t\u00e4htp\u00e4eva puhul 28. mail Tallinnas teaduskonverentsi E-HIV 10 HI-viirusega tegelevatele teadlastele, arstidele, ametnikele, kellest s\u00f5ltub HIV-positiivsete patsientide k\u00e4ek\u00e4ik Eestis.<\/span><\/p>\n<p><span style=\"font-size: small\"><a href=\"\/wp-content\/uploads\/sites\/251\/e-hiv_kava_.pdf\" target=\"_blank\" rel=\"noopener\">Konverentsi kava<\/a><\/span><\/p>\n<p><span style=\"font-size: small\">Konverentsil oli 90 osalejat.<\/span><\/p>\n<p><span style=\"font-size: small\"><a href=\"https:\/\/picasaweb.google.com\/111813946593964617725\/August132015\" target=\"_blank\" rel=\"noopener\">Fotoj\u00e4\u00e4dvustus konverentsist<\/a><\/span><\/p>\n<p><span style=\"font-size: small\">Konverentsi toimumist toetasid:<\/span><\/p>\n<p><span style=\"font-size: small\"><img loading=\"lazy\" decoding=\"async\" src=\"\/wp-content\/uploads\/sites\/251\/eta.png\" width=\"251\" height=\"100\">\u00a0\u00a0\u00a0\u00a0\u00a0\u00a0\u00a0 TerVE\u00a0\u00a0\u00a0\u00a0\u00a0\u00a0\u00a0\u00a0\u00a0\u00a0\u00a0\u00a0\u00a0\u00a0\u00a0\u00a0\u00a0\u00a0\u00a0\u00a0\u00a0<img loading=\"lazy\" decoding=\"async\" src=\"\/wp-content\/uploads\/sites\/251\/eu.png\" width=\"200\" height=\"117\"><\/span><\/p>\n<p><span style=\"font-size: small\">Tartu \u00dclikool<\/span><\/p>\n<p><span style=\"font-size: small\">GlaxoSmithKline Eesti\u00a0<\/span><\/p>\n<p><span style=\"font-size: small\">Jannsen-Cilag Polska Sp.z.o.o. Eesti filiaal<\/span><\/p>\n<p><span style=\"font-size: small\">Abbvie Pharmaceuticals GmbH Eesti filiaal<\/span><\/p>\n<p><span style=\"font-size: small\">Oriola<\/span><\/p>\n<p><span style=\"font-size: small\">Inbio<\/span><\/p>\n<p><span style=\"font-size: small\">Lanlab<\/span><\/p>\n<p><span style=\"font-size: small\">Semetron<\/span><\/p>\n<p><span style=\"font-size: small\">Upstream<\/span><\/p>\n<p><span style=\"font-size: small\">HNK Anal\u00fc\u00fcsitehnika<\/span><\/p>\n<hr>\n<p><span style=\"font-size: medium\"><strong>Cascade anal\u00fc\u00fcsi koolitus Zagrebis<\/strong><\/span><\/p>\n<p><span style=\"font-size: small\">10-07-2015\u00a0<\/span><\/p>\n<p><span style=\"font-size: small\">Merit Pauskar ja Heli Rajasaar osalesid WHO poolt korraldatud Cascade anal\u00fc\u00fcsi kooolitusel Horvaatias Zagrebis 29. juuni \u2013 03. juuli 2015. Koolituse tulemusena valmis Eesti HIV kaskaad 2013. aastal diagnoositud HIV-positiivsete isikute kohta.<\/span><\/p>\n<p><span style=\"font-size: small\">Koolitusega seotud kulutused kattis DHAPP projekt.<\/span><\/p>\n","protected":false},"excerpt":{"rendered":"<p>HIV infektsioonist konverentsil \u201cKuidas teadus TerVEt rahvast teenib? II\u201d\u00a0 07-12-2015 02. detsembril 2015 toimunud Eesti Teadusagentuuri poolt korraldatud konverentsil \u201d Kuidas teadus TerVEt rahvast teenib? II esines Heli Rajasaar ettekandega \u201eHIV infektsioon ja personaalne meditsiin\u201c Info konverentsist H. Rajasaare ettekanne &#8230;<\/p>\n","protected":false},"author":128,"featured_media":0,"parent":0,"menu_order":0,"comment_status":"closed","ping_status":"closed","template":"","meta":{"_acf_changed":false,"inline_featured_image":false,"footnotes":""},"class_list":["post-24","page","type-page","status-publish","hentry"],"acf":[],"_links":{"self":[{"href":"https:\/\/sisu.ut.ee\/hiv\/wp-json\/wp\/v2\/pages\/24","targetHints":{"allow":["GET"]}}],"collection":[{"href":"https:\/\/sisu.ut.ee\/hiv\/wp-json\/wp\/v2\/pages"}],"about":[{"href":"https:\/\/sisu.ut.ee\/hiv\/wp-json\/wp\/v2\/types\/page"}],"author":[{"embeddable":true,"href":"https:\/\/sisu.ut.ee\/hiv\/wp-json\/wp\/v2\/users\/128"}],"replies":[{"embeddable":true,"href":"https:\/\/sisu.ut.ee\/hiv\/wp-json\/wp\/v2\/comments?post=24"}],"version-history":[{"count":1,"href":"https:\/\/sisu.ut.ee\/hiv\/wp-json\/wp\/v2\/pages\/24\/revisions"}],"predecessor-version":[{"id":169,"href":"https:\/\/sisu.ut.ee\/hiv\/wp-json\/wp\/v2\/pages\/24\/revisions\/169"}],"wp:attachment":[{"href":"https:\/\/sisu.ut.ee\/hiv\/wp-json\/wp\/v2\/media?parent=24"}],"curies":[{"name":"wp","href":"https:\/\/api.w.org\/{rel}","templated":true}]}}