{"id":16,"date":"2024-04-04T03:43:29","date_gmt":"2024-04-04T00:43:29","guid":{"rendered":"https:\/\/sisu.ut.ee\/hiv\/biopank\/"},"modified":"2024-04-12T14:15:35","modified_gmt":"2024-04-12T11:15:35","slug":"biopank","status":"publish","type":"page","link":"https:\/\/sisu.ut.ee\/hiv\/biopank\/","title":{"rendered":"Biopank"},"content":{"rendered":"<p><span style=\"font-size: medium\"><strong>Biopank<\/strong><\/span><\/p>\n<p><span style=\"font-size: small\">E-HIV juurde kuulub ka biopank (E-HIV BIO), mille raames kogutakse\u00a0\u00a0ja s\u00e4ilitatakse E-HIV-s osalevate isikute biomaterjali, mida on v\u00f5imalik linkida kliiniliste andmetega.\u00a0\u00a0Biopangale kehtivad eeskirjad<a style=\"background-color: #ffffff\" href=\"https:\/\/sisu.ut.ee\/wp-content\/uploads\/sites\/251\/e-hiv_eeskirjad_est_06.09.16.pdf\" target=\"_blank\" rel=\"noopener\">\u00a0leiab siit<\/a><span style=\"text-decoration: underline\"><\/span>.<\/span><\/p>\n<p><span style=\"font-size: small\">Bioproove (t\u00e4isveri) koguvad k\u00f5ik Eesti HIV-positiivsete patsientidega tegelevad asutused (haiglad ja vanglad) igalt haigelt v\u00e4hemalt \u00fcks kord aastas. T\u00e4isverest eraldatakse vereplasma ja perifeerse vere mononukleaarsed rakud ja s\u00e4ilitatakse T\u00dc mikrobioloogia instituudis.\u00a0<\/span><\/p>\n<p><span style=\"font-size: small\">26.04.2016 seisuga on bioproovid kogutud 1603 haigelt kokku 2918 korral.<\/span><\/p>\n<hr>\n<p><span style=\"font-size: small\"><\/span><\/p>\n<p><span style=\"font-size: medium\"><strong>Biomaterjali s\u00e4ilitamine<\/strong><\/span><\/p>\n<p><span style=\"font-size: small\">Biomaterjal s\u00e4ilitatakse kahes asutuses \u2013 suurem osa kollektsioonist T\u00dc mikrobioloogia instituudis (vereplasma ja perifeerse vere mononukleaarsed rakud, DNA ja RNA) ja v\u00e4iksem osa T\u00dc Eesti geenivaramus (E-HIV rendib hoidlat). Vereplasma, DNA ja RNA s\u00e4ilitatakse -80 \u00b0C k\u00fclmikus, perifeerse vere mononukleaarsed rakud nii -80 \u00b0C k\u00fclmikus kui ka vedela l\u00e4mmastiku aurufaasis. -80 \u00b0C k\u00fclmikute temperatuure ja l\u00e4mmastiku taset j\u00e4lgitakse iga p\u00e4ev.<\/span><\/p>\n<p><span style=\"font-size: small\">\u00a0<\/span><\/p>\n<p><span style=\"font-size: small\">\u00a0<\/span><\/p>\n<p><span style=\"font-size: small\">\u00a0<\/span><\/p>\n","protected":false},"excerpt":{"rendered":"<p>Biopank E-HIV juurde kuulub ka biopank (E-HIV BIO), mille raames kogutakse\u00a0\u00a0ja s\u00e4ilitatakse E-HIV-s osalevate isikute biomaterjali, mida on v\u00f5imalik linkida kliiniliste andmetega.\u00a0\u00a0Biopangale kehtivad eeskirjad\u00a0leiab siit. Bioproove (t\u00e4isveri) koguvad k\u00f5ik Eesti HIV-positiivsete patsientidega tegelevad asutused (haiglad ja vanglad) igalt haigelt v\u00e4hemalt &#8230;<\/p>\n","protected":false},"author":128,"featured_media":0,"parent":0,"menu_order":0,"comment_status":"closed","ping_status":"closed","template":"","meta":{"_acf_changed":false,"inline_featured_image":false,"footnotes":""},"class_list":["post-16","page","type-page","status-publish","hentry"],"acf":[],"_links":{"self":[{"href":"https:\/\/sisu.ut.ee\/hiv\/wp-json\/wp\/v2\/pages\/16","targetHints":{"allow":["GET"]}}],"collection":[{"href":"https:\/\/sisu.ut.ee\/hiv\/wp-json\/wp\/v2\/pages"}],"about":[{"href":"https:\/\/sisu.ut.ee\/hiv\/wp-json\/wp\/v2\/types\/page"}],"author":[{"embeddable":true,"href":"https:\/\/sisu.ut.ee\/hiv\/wp-json\/wp\/v2\/users\/128"}],"replies":[{"embeddable":true,"href":"https:\/\/sisu.ut.ee\/hiv\/wp-json\/wp\/v2\/comments?post=16"}],"version-history":[{"count":1,"href":"https:\/\/sisu.ut.ee\/hiv\/wp-json\/wp\/v2\/pages\/16\/revisions"}],"predecessor-version":[{"id":187,"href":"https:\/\/sisu.ut.ee\/hiv\/wp-json\/wp\/v2\/pages\/16\/revisions\/187"}],"wp:attachment":[{"href":"https:\/\/sisu.ut.ee\/hiv\/wp-json\/wp\/v2\/media?parent=16"}],"curies":[{"name":"wp","href":"https:\/\/api.w.org\/{rel}","templated":true}]}}