{"id":9,"date":"2024-04-04T02:24:21","date_gmt":"2024-04-03T23:24:21","guid":{"rendered":"https:\/\/sisu.ut.ee\/hitechdevices\/funktsionaalsed-materjalid\/"},"modified":"2024-04-04T02:24:36","modified_gmt":"2024-04-03T23:24:36","slug":"funktsionaalsed-materjalid","status":"publish","type":"page","link":"https:\/\/sisu.ut.ee\/hitechdevices\/funktsionaalsed-materjalid\/","title":{"rendered":"Funktsionaalsed materjalid"},"content":{"rendered":"<p><strong>Funktsionaalsed mikro\/mesopoorsed materjalid k\u00f5rgefektiivsete energia muundamise ja salvestamise s\u00fcsteemides<\/strong><\/p>\n<p><em>Grupi juht: <strong>Enn Lust<\/strong>, Tartu \u00dclikooli keemia instituut<\/em><\/p>\n<p><em>Arendatakse STM, AFM, FTIR, Ramanspektroskoopia, EQCM, FIB-SEM, FIB-TOF-SIMS, r\u00f6ntgenkiirguse absorptsiooni ja neutronhajumise (SANS, QENS) meetodeid rakendamaks neid in situ ja in operando tingimustes elektrokeemiliste protsesside uurimiseks tahkis | gaas, tahis | elektrol\u00fc\u00fct, oksiid | gaas ja poorne tahkis | tahke kompleksoksiid piirpindadel.<\/em><\/p>\n<p><em> S\u00fcnteesitakse uudsed Pt-metallide sulamitel ja oksiididel ja mitte-Pt-metallide sulamitel baseeruvad katal\u00fcsaatorid mikromesopoorsetel s\u00fcsinikkandjatel, disainitakse reguleeritud poorsusega d-metalli katioonidega aktiveeritud kompleksoksiidid ja kasutatakse neid k\u00fctuseelementides ning energiasalvestusseadmetes. <\/em><\/p>\n<p><em>S\u00fcnteesitakse uudse koostisega elektroodid ning uuritakse nende rakendatavust ioonsetel vedelikel p\u00f5hinevates Li- ja Na-ioonpatareides ja h\u00fcbriidsuperkondensaatorites. <\/em><\/p>\n<p><em>Testitakse teoreetiliste mudelite ja arvutusmeetodite rakendatavust laengu-, massi- ja adsorptiooniprotsesside kirjeldamisel mikro-mesopoorsetes katal\u00fcsaatorites.<\/em><\/p>\n","protected":false},"excerpt":{"rendered":"<p>Funktsionaalsed mikro\/mesopoorsed materjalid k\u00f5rgefektiivsete energia muundamise ja salvestamise s\u00fcsteemides Grupi juht: Enn Lust, Tartu \u00dclikooli keemia instituut Arendatakse STM, AFM, FTIR, Ramanspektroskoopia, EQCM, FIB-SEM, FIB-TOF-SIMS, r\u00f6ntgenkiirguse absorptsiooni ja neutronhajumise (SANS, QENS) meetodeid rakendamaks neid in situ ja in operando tingimustes &#8230;<\/p>\n","protected":false},"author":84,"featured_media":0,"parent":0,"menu_order":0,"comment_status":"closed","ping_status":"closed","template":"","meta":{"_acf_changed":false,"inline_featured_image":false,"footnotes":""},"class_list":["post-9","page","type-page","status-publish","hentry"],"acf":[],"_links":{"self":[{"href":"https:\/\/sisu.ut.ee\/hitechdevices\/wp-json\/wp\/v2\/pages\/9","targetHints":{"allow":["GET"]}}],"collection":[{"href":"https:\/\/sisu.ut.ee\/hitechdevices\/wp-json\/wp\/v2\/pages"}],"about":[{"href":"https:\/\/sisu.ut.ee\/hitechdevices\/wp-json\/wp\/v2\/types\/page"}],"author":[{"embeddable":true,"href":"https:\/\/sisu.ut.ee\/hitechdevices\/wp-json\/wp\/v2\/users\/84"}],"replies":[{"embeddable":true,"href":"https:\/\/sisu.ut.ee\/hitechdevices\/wp-json\/wp\/v2\/comments?post=9"}],"version-history":[{"count":1,"href":"https:\/\/sisu.ut.ee\/hitechdevices\/wp-json\/wp\/v2\/pages\/9\/revisions"}],"predecessor-version":[{"id":141,"href":"https:\/\/sisu.ut.ee\/hitechdevices\/wp-json\/wp\/v2\/pages\/9\/revisions\/141"}],"wp:attachment":[{"href":"https:\/\/sisu.ut.ee\/hitechdevices\/wp-json\/wp\/v2\/media?parent=9"}],"curies":[{"name":"wp","href":"https:\/\/api.w.org\/{rel}","templated":true}]}}