{"id":28,"date":"2024-04-04T02:24:22","date_gmt":"2024-04-03T23:24:22","guid":{"rendered":"https:\/\/sisu.ut.ee\/hitechdevices\/toogrupid\/"},"modified":"2024-04-04T02:24:36","modified_gmt":"2024-04-03T23:24:36","slug":"toogrupid","status":"publish","type":"page","link":"https:\/\/sisu.ut.ee\/hitechdevices\/toogrupid\/","title":{"rendered":"T\u00f6\u00f6grupid"},"content":{"rendered":"<p>\n\tTippkeskuses osaleb 10 t\u00f6\u00f6gruppi:\n<\/p>\n<ul>\n<li>\n\t\t<a href=\"https:\/\/sisu.ut.ee\/hitechdevices\/luminestsentmaterjalid\" target=\"_blank\" rel=\"noopener\"><strong>Luminestsentsmaterjalid<\/strong><\/a><br>(grupi juht: Mikhail Brik, Tartu \u00dclikooli f\u00fc\u00fcsika instituut)\n\t<\/li>\n<li>\n\t\t<a href=\"https:\/\/sisu.ut.ee\/hitechdevices\/interaktsioonimehhanismid\" target=\"_blank\" rel=\"noopener\"><strong>Struktuuritundlikud interaktsioonimehhanismid funktsionaalsetes materjalides nanoskaalas<\/strong><\/a><br>(grupi juht: Vambola Kisand, Tartu \u00dclikooli f\u00fc\u00fcsika instituut)\n\t<\/li>\n<li>\n\t\t<a href=\"https:\/\/sisu.ut.ee\/hitechdevices\/kilestruktuurid\" target=\"_blank\" rel=\"noopener\"><strong>Kilestruktuurid nanoelektroonika rakendusteks ja funktsionaalseteks pinnakateteks<\/strong><\/a><br>(grupi juht: V\u00e4ino Sammelselg, Tartu \u00dclikooli f\u00fc\u00fcsika instituut)\n\t<\/li>\n<li>\n\t\t<a href=\"https:\/\/sisu.ut.ee\/hitechdevices\/susinikmaterjalid\" target=\"_blank\" rel=\"noopener\"><strong>Vesiniku, erinevate lahuste ja h\u00fcdriidide f\u00fc\u00fcsikaliste ja elektrokeemiliste omaduste uurmine mikro-\/mesopoorsetes susinikmaterjalides<\/strong><\/a><br>(grupi juht: Rasmus Palm, Tartu \u00dclikooli keemia instituut)\n\t<\/li>\n<li>\n\t\t<a href=\"https:\/\/sisu.ut.ee\/hitechdevices\/superhapped-ja-alused\" target=\"_blank\" rel=\"noopener\"><strong>Superhapete ja superaluste keemia ja selle k\u00f5rgtehnoloogilised rakendused<\/strong><\/a><br>(grupijuht: Ivo Leito, Tartu \u00dclikooli keemia instituut)\n\t<\/li>\n<li>\n\t\t<a href=\"https:\/\/sisu.ut.ee\/hitechdevices\/funktsionaalsed-materjalid\" target=\"_blank\" rel=\"noopener\"><strong>Funktsionaalsed mikro\/mesopoorsed materjalid k\u00f5rgefektiivsete energia muundamise ja salvestamise s\u00fcsteemides<\/strong><\/a><br>(grupi juht: Enn Lust, Tartu \u00dclikooli keemia instituut)\n\t<\/li>\n<li>\n\t\t<a href=\"https:\/\/sisu.ut.ee\/hitechdevices\/protsessid-nanosusteemides\" target=\"_blank\" rel=\"noopener\"><strong>Mikroheterogeensetes ja nanom\u00f5\u00f5tmetes s\u00fcsteemides toimuvate protsesside uurimine ning vastavad tehnoloogilised rakendused<\/strong><\/a><br>(grupi juht: Kaido Tammeveski, Tartu \u00dclikooli keemia instituut)\n\t<\/li>\n<li>\n\t\t<a href=\"https:\/\/sisu.ut.ee\/hitechdevices\/paikeseenergeetika\" target=\"_blank\" rel=\"noopener\"><strong>Uued materjalid ja tehnoloogiad paikeseenergeetikale<\/strong><\/a><br>(grupi juht: Maarja Grossberg-Kuusk, Tallinna Tehnika\u00fclikooli materjaliteaduse instituut)\n\t<\/li>\n<li>\n\t\t<a href=\"https:\/\/sisu.ut.ee\/hitechdevices\/fotovoltseadised\" target=\"_blank\" rel=\"noopener\"><strong>\u00d5hukesed kiled ja nanomaterjalid keemilistel vedeliksadestusmeetoditel uue p\u00f5lvkonna fotovoltseadistele<\/strong><\/a><br>(grupi juht: Malle Krunks, Tallinna Tehnika\u00fclikooli materjaliteaduse instituut)\n\t<\/li>\n<li>\n\t\t<a href=\"https:\/\/sisu.ut.ee\/hitechdevices\/czts-monoterakihid\" target=\"_blank\" rel=\"noopener\"><strong>CZTS (Kesterite) monoterakihid kui voimalus vee elrktrokeemikliseks lagundamiseks<\/strong><\/a><br>(grupi juht: Dieter Meissner, Tallinna Tehnika\u00fclikooli materjaliteaduse instituut)\n\t<\/li>\n<\/ul>\n","protected":false},"excerpt":{"rendered":"<p>Tippkeskuses osaleb 10 t\u00f6\u00f6gruppi: Luminestsentsmaterjalid(grupi juht: Mikhail Brik, Tartu \u00dclikooli f\u00fc\u00fcsika instituut) Struktuuritundlikud interaktsioonimehhanismid funktsionaalsetes materjalides nanoskaalas(grupi juht: Vambola Kisand, Tartu \u00dclikooli f\u00fc\u00fcsika instituut) Kilestruktuurid nanoelektroonika rakendusteks ja funktsionaalseteks pinnakateteks(grupi juht: V\u00e4ino Sammelselg, Tartu \u00dclikooli f\u00fc\u00fcsika instituut) Vesiniku, erinevate lahuste &#8230;<\/p>\n","protected":false},"author":84,"featured_media":0,"parent":0,"menu_order":0,"comment_status":"closed","ping_status":"closed","template":"","meta":{"_acf_changed":false,"inline_featured_image":false,"footnotes":""},"class_list":["post-28","page","type-page","status-publish","hentry"],"acf":[],"_links":{"self":[{"href":"https:\/\/sisu.ut.ee\/hitechdevices\/wp-json\/wp\/v2\/pages\/28","targetHints":{"allow":["GET"]}}],"collection":[{"href":"https:\/\/sisu.ut.ee\/hitechdevices\/wp-json\/wp\/v2\/pages"}],"about":[{"href":"https:\/\/sisu.ut.ee\/hitechdevices\/wp-json\/wp\/v2\/types\/page"}],"author":[{"embeddable":true,"href":"https:\/\/sisu.ut.ee\/hitechdevices\/wp-json\/wp\/v2\/users\/84"}],"replies":[{"embeddable":true,"href":"https:\/\/sisu.ut.ee\/hitechdevices\/wp-json\/wp\/v2\/comments?post=28"}],"version-history":[{"count":1,"href":"https:\/\/sisu.ut.ee\/hitechdevices\/wp-json\/wp\/v2\/pages\/28\/revisions"}],"predecessor-version":[{"id":122,"href":"https:\/\/sisu.ut.ee\/hitechdevices\/wp-json\/wp\/v2\/pages\/28\/revisions\/122"}],"wp:attachment":[{"href":"https:\/\/sisu.ut.ee\/hitechdevices\/wp-json\/wp\/v2\/media?parent=28"}],"curies":[{"name":"wp","href":"https:\/\/api.w.org\/{rel}","templated":true}]}}