{"id":11,"date":"2024-04-03T23:08:25","date_gmt":"2024-04-03T20:08:25","guid":{"rendered":"https:\/\/sisu.ut.ee\/histoloogia\/kusepois\/"},"modified":"2024-04-08T10:15:03","modified_gmt":"2024-04-08T07:15:03","slug":"kusepois","status":"publish","type":"page","link":"https:\/\/sisu.ut.ee\/histoloogia\/kusepois\/","title":{"rendered":"Kusep\u00f5is"},"content":{"rendered":"<p>Kusep\u00f5ie sein koosneb kolmest kestast: <strong>limaskest<\/strong>, <strong>lihaskest<\/strong> ja <strong>adventitsiaalkest\/serooskest<\/strong>. Limaskest moodustab kurde, mis on kaetud transitoorse epiteeliga. Epiteelile j\u00e4rgneb sidekoeline limaskesta p\u00e4riskiht e proopria ja kohev sidekoeline submukoosa. Kusep\u00f5ie lihaskest on v\u00e4ga paks ja selles on tinglikult eristatavad kolm kihti: <strong>sisemine<\/strong> ja <strong>v\u00e4limine pikikihid<\/strong> ja nende vahel paiknev <strong>ringkiht<\/strong>. Lihaskesta moodustavad silelihasrakkude kimbud ja nende vahel paiknev kohev sidekude. Kusep\u00f5ie v\u00e4limine kest on sidekoeline <strong>adventiitsia<\/strong>. Piirkonnas, kus kusepois on kaetud peritoneumiga, on v\u00e4limiseks kestaks <strong>serooskest<\/strong>.<\/p>\n\n\n\n<figure class=\"wp-block-image aligncenter\"><img loading=\"lazy\" decoding=\"async\" width=\"600\" height=\"498\" src=\"https:\/\/sisu.ut.ee\/wp-content\/uploads\/sites\/12\/kusejuha.png\" alt=\"kusejuha.png\" class=\"wp-image-22\" title=\"kusejuha.png\" srcset=\"https:\/\/sisu.ut.ee\/wp-content\/uploads\/sites\/12\/kusejuha.png 600w, https:\/\/sisu.ut.ee\/wp-content\/uploads\/sites\/12\/kusejuha-300x249.png 300w\" sizes=\"auto, (max-width: 600px) 100vw, 600px\"><\/figure>\n\n\n\n<h6 class=\"wp-block-heading\">J\u00e4ta meelde!\u00a0\nKusep\u00f5ie lihaskest on v\u00e4ga paks, selle moodustab silelihaskude.<\/h6>\n","protected":false},"excerpt":{"rendered":"<p>Kusep\u00f5ie sein koosneb kolmest kestast: limaskest, lihaskest ja adventitsiaalkest\/serooskest. Limaskest moodustab kurde, mis on kaetud transitoorse epiteeliga. Epiteelile j\u00e4rgneb sidekoeline limaskesta p\u00e4riskiht e proopria ja kohev sidekoeline submukoosa. Kusep\u00f5ie lihaskest on v\u00e4ga paks ja selles on tinglikult eristatavad kolm kihti: &#8230;<\/p>\n","protected":false},"author":10,"featured_media":0,"parent":0,"menu_order":0,"comment_status":"closed","ping_status":"closed","template":"","meta":{"_acf_changed":false,"inline_featured_image":false,"footnotes":""},"class_list":["post-11","page","type-page","status-publish","hentry"],"acf":[],"_links":{"self":[{"href":"https:\/\/sisu.ut.ee\/histoloogia\/wp-json\/wp\/v2\/pages\/11","targetHints":{"allow":["GET"]}}],"collection":[{"href":"https:\/\/sisu.ut.ee\/histoloogia\/wp-json\/wp\/v2\/pages"}],"about":[{"href":"https:\/\/sisu.ut.ee\/histoloogia\/wp-json\/wp\/v2\/types\/page"}],"author":[{"embeddable":true,"href":"https:\/\/sisu.ut.ee\/histoloogia\/wp-json\/wp\/v2\/users\/10"}],"replies":[{"embeddable":true,"href":"https:\/\/sisu.ut.ee\/histoloogia\/wp-json\/wp\/v2\/comments?post=11"}],"version-history":[{"count":2,"href":"https:\/\/sisu.ut.ee\/histoloogia\/wp-json\/wp\/v2\/pages\/11\/revisions"}],"predecessor-version":[{"id":81,"href":"https:\/\/sisu.ut.ee\/histoloogia\/wp-json\/wp\/v2\/pages\/11\/revisions\/81"}],"wp:attachment":[{"href":"https:\/\/sisu.ut.ee\/histoloogia\/wp-json\/wp\/v2\/media?parent=11"}],"curies":[{"name":"wp","href":"https:\/\/api.w.org\/{rel}","templated":true}]}}