{"id":128,"date":"2025-05-19T16:02:50","date_gmt":"2025-05-19T13:02:50","guid":{"rendered":"https:\/\/sisu.ut.ee\/hik\/?page_id=128"},"modified":"2026-04-23T14:01:12","modified_gmt":"2026-04-23T11:01:12","slug":"tegevus-ja-teenused","status":"publish","type":"page","link":"https:\/\/sisu.ut.ee\/hik\/tegevus-ja-teenused\/","title":{"rendered":"Tegevus ja teenused"},"content":{"rendered":"<p><\/p>\n\n\n\n<p><strong><a href=\"https:\/\/sisu.ut.ee\/wp-content\/uploads\/sites\/902\/kehtib_alates_01_01_2026_Tervise_ja_heaolu_hindamisinstrumentide_kompetentsikeskuse_statuut.pdf\" data-type=\"attachment\" data-id=\"547\">Tervise ja heaolu hindamisvahendite kompetentsikeskuse statuut<\/a><\/strong><\/p>\n\n\n\n<p><strong>Tervise ja heaolu hindamisvahendite kompetentsikeskus<\/strong>:<\/p>\n\n\n\n<ul class=\"wp-block-list\">\n<li>viib l\u00e4bi hindamisvahendite ja k\u00fcsimustike <strong>kvaliteedi hindamist<\/strong>;<\/li>\n\n\n\n<li>kaasab instrumentide kvaliteedi hindamisel ja valimisel eksperte;<\/li>\n\n\n\n<li>loob, kohandab ja levitab <strong>t\u00f5endusp\u00f5hiseid ning usaldusv\u00e4\u00e4rseid hindamisvahendeid<\/strong>;<br><\/li>\n\n\n\n<li>loob ja haldab <strong>tervise ja heaolu hindamisvahendite varamu<\/strong> ja n\u00f5ustab selle kasutajaid;<\/li>\n\n\n\n<li>koostab hindamisvahendite <strong>kasutamise standardid<\/strong>;<\/li>\n\n\n\n<li>korraldab t\u00f5endusp\u00f5hise hindamise ja hindamisvahendite kasutamise ning tulemuste t\u00f5lgendamise <strong>koolitusi<\/strong>;<\/li>\n\n\n\n<li>teavitab avalikkust ja toetab tervishoiuteenuste osutajaid, tervise ja heaolu valdkonna spetsialiste, teadlasi ning poliitikakujundajaid <strong>t\u00f5endusp\u00f5hise hindamismetoodika valikul ja rakendamisel<\/strong>.<\/li>\n<\/ul>\n\n\n\n<p><strong>Tervise ja heaolu hindamisvahendite loomise ning kasutamise metoodika ja standardid<\/strong>:<\/p>\n\n\n\n<ul class=\"wp-block-list\">\n<li>COSMIN (COnsensus-based Standards for the selection of health Measurement INstruments)<br>Fookus: Tervise valdkonna hindamisvahendite metodoloogiline kvaliteet, metoodika t\u00f5enduse hindamiseks<br><a href=\"https:\/\/www.cosmin.nl\">https:\/\/www.cosmin.nl<\/a><br><\/li>\n\n\n\n<li>PROMIS (Patient-Reported Outcomes Measurement Information System)<br>Fookus: Patsientide enesehinnangul p\u00f5hinevad hindamisvahendid<br><a href=\"https:\/\/www.healthmeasures.net\">https:\/\/www.healthmeasures.net<\/a><br><\/li>\n\n\n\n<li>EFPA (European Federation of Psychologists\u2019 Associations) \u2013 Test Review Model<br>Fookus: Hindamisvahendite kirjeldamise ja metodoloogilise kvaliteedi raamistik<br><a href=\"https:\/\/www.efpa.eu\">https:\/\/www.efpa.eu<\/a><br><\/li>\n\n\n\n<li>Ameerika Ps\u00fchholoogide Assotsiatsioon APA (American Psychological Association) <br>Fookus: Testimise standardid hariduse ja ps\u00fchholoogia valdkondades<br><a href=\"https:\/\/www.apa.org\">https:\/\/www.apa.org\/science\/programs\/testing\/standards<\/a><br><\/li>\n\n\n\n<li>USA Toidu- ja Ravimiamet (FDA) <br>Fookus: N\u00f5uded (meditsiiniliste) hindamisvahenditele ja nende kasutamisele kliinilistes uuringutes <br>Patient-Reported Outcome Measures: Use in Medical Product Development to Support Labeling Claims<br><a href=\"https:\/\/www.fda.gov\/regulatory-information\/search-fda-guidance-documents\">https:\/\/www.fda.gov\/regulatory-information\/search-fda-guidance-documents<\/a><br><\/li>\n\n\n\n<li>Euroopa Ravimiamet (EMA)<br>Fookus: Tervisealaste hindamisvahendite kasutamine ravimiarenduses ja hindamises<br><\/li>\n\n\n\n<li>Suurbritannia Ps\u00fchholoogia \u00dchingu testimise ja testikasutamise juhendid<br><a href=\"https:\/\/www.bps.org.uk\/guidelines-testing-and-test-use\">Guidelines on testing and test use | BPS<\/a><br><\/li>\n<\/ul>\n","protected":false},"excerpt":{"rendered":"<p>Tervise ja heaolu hindamisvahendite kompetentsikeskuse statuut Tervise ja heaolu hindamisvahendite kompetentsikeskus: Tervise ja heaolu hindamisvahendite loomise ning kasutamise metoodika ja standardid:<\/p>\n","protected":false},"author":830,"featured_media":0,"parent":0,"menu_order":0,"comment_status":"closed","ping_status":"closed","template":"","meta":{"_acf_changed":false,"inline_featured_image":false,"footnotes":""},"class_list":["post-128","page","type-page","status-publish","hentry"],"acf":[],"_links":{"self":[{"href":"https:\/\/sisu.ut.ee\/hik\/wp-json\/wp\/v2\/pages\/128","targetHints":{"allow":["GET"]}}],"collection":[{"href":"https:\/\/sisu.ut.ee\/hik\/wp-json\/wp\/v2\/pages"}],"about":[{"href":"https:\/\/sisu.ut.ee\/hik\/wp-json\/wp\/v2\/types\/page"}],"author":[{"embeddable":true,"href":"https:\/\/sisu.ut.ee\/hik\/wp-json\/wp\/v2\/users\/830"}],"replies":[{"embeddable":true,"href":"https:\/\/sisu.ut.ee\/hik\/wp-json\/wp\/v2\/comments?post=128"}],"version-history":[{"count":21,"href":"https:\/\/sisu.ut.ee\/hik\/wp-json\/wp\/v2\/pages\/128\/revisions"}],"predecessor-version":[{"id":782,"href":"https:\/\/sisu.ut.ee\/hik\/wp-json\/wp\/v2\/pages\/128\/revisions\/782"}],"wp:attachment":[{"href":"https:\/\/sisu.ut.ee\/hik\/wp-json\/wp\/v2\/media?parent=128"}],"curies":[{"name":"wp","href":"https:\/\/api.w.org\/{rel}","templated":true}]}}