{"id":21,"date":"2024-04-04T04:31:16","date_gmt":"2024-04-04T01:31:16","guid":{"rendered":"https:\/\/sisu.ut.ee\/heritage-analysis\/paper\/"},"modified":"2024-07-16T16:28:28","modified_gmt":"2024-07-16T13:28:28","slug":"paper","status":"publish","type":"page","link":"https:\/\/sisu.ut.ee\/heritage-analysis\/paper\/","title":{"rendered":"Paper"},"content":{"rendered":"<div class=\"wp-block-group is-vertical is-layout-flex wp-container-core-group-is-layout-8cf370e7 wp-block-group-is-layout-flex\">\n<p><\/p>\n\n\n\n<p>Since ancient times, before the discovery of paper, people have been writing on different materials: <strong>stone<\/strong>, <strong>tree\u00a0bark<\/strong>, <strong>papyrus plants<\/strong> (<em>Cyperus papyrus<\/em>), <strong>parchment<\/strong> (vellum), etc. Parchment was produced from the dermis of animal skin. Papyrus is composed mainly of cellulose (around 53\u201362%) and lignin (22\u201333%), and the main component of parchment is collagen [1,2].<\/p>\n\n\n\n<p>However, probably the most important writing material\u00a0is <strong>paper<\/strong>. It was invented in China 2-1 century BCE and papermaking was introduced to Europe (Spain) by Arabs around the 12<sup>th<\/sup> century [3,4].\u00a0By definition, paper is composed of matted or felted sheets usually made of cellulose fibres, formed on a wire screen from water suspension, followed by pressing and drying\u00a0[5].\u00a0Paper is a multi-component material and its behaviour (chemical and mechanical properties, stability,\u00a0 resistance to degradation, etc.) depends upon the nature and characteristics of the paper components and upon their interactions [6,7]. Fig. 1 generally summarizes the main components of the paper [6-8].<\/p>\n\n\n\n<p><\/p>\n<\/div>\n\n\n\n<figure class=\"wp-block-image aligncenter is-resized\"><img loading=\"lazy\" decoding=\"async\" width=\"1476\" height=\"762\" src=\"https:\/\/sisu.ut.ee\/wp-content\/uploads\/sites\/285\/fig1_paper.jpg\" alt=\"Paper_Fig1\" class=\"wp-image-88\" style=\"width:881px;height:auto\" title=\"Fig. 1. Main components of paper.\" srcset=\"https:\/\/sisu.ut.ee\/wp-content\/uploads\/sites\/285\/fig1_paper.jpg 1476w, https:\/\/sisu.ut.ee\/wp-content\/uploads\/sites\/285\/fig1_paper-300x155.jpg 300w, https:\/\/sisu.ut.ee\/wp-content\/uploads\/sites\/285\/fig1_paper-1024x529.jpg 1024w, https:\/\/sisu.ut.ee\/wp-content\/uploads\/sites\/285\/fig1_paper-768x396.jpg 768w\" sizes=\"auto, (max-width: 1476px) 100vw, 1476px\"><figcaption class=\"wp-element-caption\">Fig. 1. Main components of paper.<\/figcaption><\/figure>\n\n\n\n<div class=\"wp-block-group is-vertical is-layout-flex wp-container-core-group-is-layout-8cf370e7 wp-block-group-is-layout-flex\">\n<p><strong>Early European papers (before <\/strong>the <strong>mid-19<sup>th<\/sup> century)<\/strong> were made from <strong>old rags (linen<\/strong>,<strong> cotton<\/strong>, <strong>hemp)<\/strong> that consist mostly of\u00a0<strong>pure cellulose<\/strong>. In order to make the paper surface less absorptive <strong>gelatine or starch flour <\/strong>was added as a sizing agent. Sometimes\u00a0no sizing was used at all (often with hand-made paper) [3,7]. <strong>Lime <\/strong>(calcium hydroxide) was usually added to the fibrous slurry before the beating process. It reacts with CO<sub>2<\/sub> from the air and forms calcium carbonate, which afterwards provides the alkaline reserve for the paper.\u00a0The\u00a0<span lang=\"EN-GB\">alkaline reserve is an important property of paper, defining its long-term ability to withstand acidic degradation (see below). <\/span>Due to that, old papers can show alkaline reaction even today [6].<\/p>\n\n\n\n<p><strong>In the middle of the 19<sup>th<\/sup> century<\/strong>, signficant changes took place in the technology of papermaking: <strong>wood-derived fibres <\/strong>and<strong> alum (Al<sub>2<\/sub>(SO<sub>4<\/sub>)<sub>3<\/sub>\u00b7nH<sub>2<\/sub>O))-rosin sizing<\/strong> were taken into use [7,9]. Due to the <strong>hemicellulose<\/strong> and<strong> lignin<\/strong> in the wood cellulose pulp, the <strong>quality of paper decreased<\/strong> considerably. Due to the influence of oxygen from the air, especially in the presence of even a small amount of transition metal ions, lignin oxidises easily to compounds containing chromophores and carboxyl groups. This process leads to yellowing of paper and degradation of its mechanical strength because the formed acid contributes to the hydrolysis of cellulose. Also, lignin absorbs UV radiation and makes the paper sensitive to sunlight [6,10\u201312]\u00a0 Fig. 2a and Fig. 2b presents paper made from old rags and paper from wood-pulp.<\/p>\n<\/div>\n\n\n\n<p><\/p>\n\n\n\n<div class=\"wp-block-columns are-vertically-aligned-top is-layout-flex wp-container-core-columns-is-layout-9d6595d7 wp-block-columns-is-layout-flex\">\n<div class=\"wp-block-column is-vertically-aligned-top is-layout-flow wp-block-column-is-layout-flow\" style=\"flex-basis:50%\">\n<figure class=\"wp-block-image aligncenter size-large is-resized\"><img loading=\"lazy\" decoding=\"async\" width=\"768\" height=\"1024\" src=\"https:\/\/sisu.ut.ee\/wp-content\/uploads\/sites\/285\/hallituskahjustus_kaltsupaber_rahvusarhiiv_jaan_lehtarult-768x1024.jpg\" alt=\"Rag_paper_Fig2\" class=\"wp-image-89\" style=\"width:323px;height:auto\" srcset=\"https:\/\/sisu.ut.ee\/wp-content\/uploads\/sites\/285\/hallituskahjustus_kaltsupaber_rahvusarhiiv_jaan_lehtarult-768x1024.jpg 768w, https:\/\/sisu.ut.ee\/wp-content\/uploads\/sites\/285\/hallituskahjustus_kaltsupaber_rahvusarhiiv_jaan_lehtarult-225x300.jpg 225w, https:\/\/sisu.ut.ee\/wp-content\/uploads\/sites\/285\/hallituskahjustus_kaltsupaber_rahvusarhiiv_jaan_lehtarult-1152x1536.jpg 1152w, https:\/\/sisu.ut.ee\/wp-content\/uploads\/sites\/285\/hallituskahjustus_kaltsupaber_rahvusarhiiv_jaan_lehtarult-1536x2048.jpg 1536w, https:\/\/sisu.ut.ee\/wp-content\/uploads\/sites\/285\/hallituskahjustus_kaltsupaber_rahvusarhiiv_jaan_lehtarult-scaled.jpg 1920w\" sizes=\"auto, (max-width: 768px) 100vw, 768px\"><figcaption class=\"wp-element-caption\"><strong>Fig. 2a.  Incoming letters, 1858-1861 (RA,EAA.1961.1.58).<\/strong><br>Mould damage of rag paper. Possible causes: high humidity and temperature, microorganisms. <br>(Photo from the National Archives of Estonia)<\/figcaption><\/figure>\n<\/div>\n\n\n\n<div class=\"wp-block-column is-vertically-aligned-top is-layout-flow wp-block-column-is-layout-flow\" style=\"flex-basis:30%\">\n<figure class=\"wp-block-image aligncenter size-large is-resized\"><img loading=\"lazy\" decoding=\"async\" width=\"768\" height=\"1024\" src=\"https:\/\/sisu.ut.ee\/wp-content\/uploads\/sites\/285\/ligniin_oksudeerumine_valguse_ja_happelise_paberiga_koostoimel-768x1024.jpg\" alt=\"wood-pulp paper_Fig2\" class=\"wp-image-90\" style=\"width:332px;height:auto\" srcset=\"https:\/\/sisu.ut.ee\/wp-content\/uploads\/sites\/285\/ligniin_oksudeerumine_valguse_ja_happelise_paberiga_koostoimel-768x1024.jpg 768w, https:\/\/sisu.ut.ee\/wp-content\/uploads\/sites\/285\/ligniin_oksudeerumine_valguse_ja_happelise_paberiga_koostoimel-225x300.jpg 225w, https:\/\/sisu.ut.ee\/wp-content\/uploads\/sites\/285\/ligniin_oksudeerumine_valguse_ja_happelise_paberiga_koostoimel-1152x1536.jpg 1152w, https:\/\/sisu.ut.ee\/wp-content\/uploads\/sites\/285\/ligniin_oksudeerumine_valguse_ja_happelise_paberiga_koostoimel-1536x2048.jpg 1536w, https:\/\/sisu.ut.ee\/wp-content\/uploads\/sites\/285\/ligniin_oksudeerumine_valguse_ja_happelise_paberiga_koostoimel-scaled.jpg 1920w\" sizes=\"auto, (max-width: 768px) 100vw, 768px\"><figcaption class=\"wp-element-caption\"><strong>Fig. 2b. Correspondence and protocols regarding the election of the Rector and Vice-Rectors of the University of Tartu, 1925-1934 (RA,EAA.2100.4.577).<\/strong><br>Browning, yellowing of lignin-containing groundwood paper. Possible causes: light and also contact with acidic material. (Photo from the National Archives of Estonia)<\/figcaption><\/figure>\n<\/div>\n<\/div>\n\n\n\n<div class=\"wp-block-group is-vertical is-layout-flex wp-container-core-group-is-layout-8cf370e7 wp-block-group-is-layout-flex\">\n<div class=\"wp-block-group is-vertical is-layout-flex wp-container-core-group-is-layout-8cf370e7 wp-block-group-is-layout-flex\">\n<p>In the industry, <strong>different pulping processes<\/strong> (sulfite process, kraft process, soda pulping, etc.) have been taken into use for <strong>removing lignin<\/strong> and separating it from cellulose. Also, in the wood pulp mixture started to add to the pulp or paper surface different <strong>fillers<\/strong> and <strong>colorants (calcium carbonates, kaolin, gypsum, barium sulphate, titanium dioxide<\/strong>, etc.). The<strong> fillers<\/strong> and <strong>sizing agents<\/strong> have been used to neutralise the paper from the acidity and\/or to improve printability, writability, brightness, opacity and smoothness and also to reduce paper production cost\u00a0[13,14]. Due to the low cost, availability and favourable properties, <strong>calcium carbonate<\/strong> (CaCO<sub>3<\/sub>) and<strong> kaolin<\/strong> (Al<sub>2<\/sub>Si<sub>2<\/sub>O<sub>5<\/sub>(OH)<sub>4<\/sub>)\u00a0have been the most commonly used fillers in the paper. For making paper different forms of calcium carbonate have been used: CaCO<sub>3<\/sub> that is available from chalk deposits, precipitated calcium carbonate (PCC), etc. [15].\u00a0The use of kaolin (mineral called kaolinite) started already in the 18<sup>th<\/sup> century, and the use of CaCO<sub>3<\/sub> became dominant in the 20<sup><sub>th<\/sub><\/sup> century when it was established as the acid-neutralising agent in archival papers. The amount of kaolin and\/or calcium carbonate can reach almost 40% by mass of the content of the sheet in the case of filled papers and can exceed 50% for coated papers [6,16].<\/p>\n\n\n\n<p>Nowadays, most <strong>book paper<\/strong>\u00a0 is made of different combinations of wood pulp, de-inked wastepaper etc. In addition to pulp, it contains various amounts of sizing, fillers, and dyes [17]. So the quality and composition of paper of different books can vary widely.<\/p>\n\n\n\n<p>Nowadays, besides<strong> uncoated papers,<\/strong> there are different types of <strong>coated papers: gloss and matt papers, plastic-coated and photographic papers<\/strong>, etc. Coated paper has a thin layer of material or mixture of materials or a polymer applied to one or both sides to give specific qualities to the paper: durability, surface gloss, smoothness, or reduce ink absorbency. For coating printing paper, minerals like calcium carbonate (chalk), kaolinite (china clay), titanium dioxide, bentonite, talc etc. and binders (sizing agents) like starch, casein, acryl-butadiene, styrene-butadiene latexes, polyvinyl alcohol, etc. with different dispersants, plasticizers, etc. have been used [18]. For making photographic paper polyethylene or polyolefin extrusion coating, silicone, and wax coating have been used [19]. <strong>Plastic-coated paper<\/strong> or <strong>paperboard<\/strong> is mostly used for making <strong>food<\/strong> and <strong>drink<\/strong> <strong>packaging<\/strong>. The polymer (plastic) is used to improve functions such as water and abrasion resistance, the ability to be heat sealed, etc. Mostly polyethylene (LDPE) and sometimes polyethylene terephthalate (PET) have been used. For example, the paperboard package for wine contains about 74% paper, 22% plastic and 4% aluminium [20].<\/p>\n\n\n\n<p><\/p>\n<\/div>\n\n\n\n<h2 class=\"wp-block-heading\"><em><mark style=\"background-color:rgba(0, 0, 0, 0)\" class=\"has-inline-color has-red-color\"><span style=\"color: #b22222;\"><em>Requirements for the permanence of papers<\/em><\/span><\/mark><\/em><\/h2>\n\n\n\n<p>The <strong>resistance of paper to ageing<\/strong> is important both for the <strong>documents stored in the memory institutions<\/strong>, as well as for different enclosures made of paper. The\u00a0<strong>international <\/strong><a title=\"\" href=\"https:\/\/www.iso.org\/obp\/ui\/#iso:std:iso:9706:ed-1:v1:en\" target=\"_blank\" rel=\"noopener\" data-url=\"https:\/\/www.iso.org\/obp\/ui\/#iso:std:iso:9706:ed-1:v1:en\">EN\/ISO 9706 standard<\/a><strong> \u201cInformation and documentation \u2013 Paper for documents \u2013 Requirements for permanence\u201d<\/strong>\u00a0 defines the specifications for permanent, durable paper, which should be made of quality bleached chemical pulp with the absence of mechanical pulp (Kappa number should attain values lower than 5, which means that the paper may contain only a small amount of easily oxidized material (e.g. lignin)) and neutrally sized. In addition, it should contain as minimum 2% by mass of calcium carbonate filler, acting as an alkaline reserve (alkali reserve at least corresponding to 0.4 mol of acid per kg of paper). The pH should be in the range of 7.0 to 10.0 and tearing resistance of at least 350 mN. Optical bleaching agents are not allowed.<\/p>\n\n\n\n<p>There are also <strong>standards for archival paper (<\/strong><a title=\"\" data-url=\"https:\/\/www.iso.org\/obp\/ui\/#iso:std:iso:11108:ed-1:v1:en\" href=\"https:\/\/www.iso.org\/obp\/ui\/#iso:std:iso:11108:ed-1:v1:en\" target=\"_blank\" rel=\"noopener\">ISO 11108<\/a><strong>) <\/strong>and for <strong>boxes, covers and other enclosures, made from cellulosic materials for storage of paper and parchment documents (<\/strong><a title=\"\" data-url=\"https:\/\/www.iso.org\/obp\/ui\/#iso:std:iso:16245:ed-1:v1:en\" href=\"https:\/\/www.iso.org\/obp\/ui\/#iso:std:iso:16245:ed-1:v1:en\" target=\"_blank\" rel=\"noopener\">ISO 16245<\/a><strong>).<\/strong><\/p>\n<\/div>\n\n\n\n<p><\/p>\n\n\n\n<div class=\"wp-block-group is-vertical is-layout-flex wp-container-core-group-is-layout-8cf370e7 wp-block-group-is-layout-flex\">\n<p>In conclusion,<strong> the significance of any paper item should not be underestimated: everything, from works of art to the ephemera clutter of everyday life, adds to the broader picture of the past lives of our ancestors.\u00a0<\/strong><\/p>\n\n\n\n<div style=\"height:0px\" aria-hidden=\"true\" class=\"wp-block-spacer wp-container-content-62aae154\"><\/div>\n\n\n\n<p><span style=\"font-size: 16px;\"><strong>Further reading:\u00a0<\/strong><\/span><\/p>\n<\/div>\n\n\n\n<ul class=\"wp-block-list\">\n<li>European Papermaking Techniques 1300\u20131800, Timothy Barrett: <a title=\"\" href=\"http:\/\/paper.lib.uiowa.edu\/european.php\" target=\"_blank\" rel=\"noopener\" data-url=\"http:\/\/paper.lib.uiowa.edu\/european.php\">http:\/\/paper.lib.uiowa.edu\/european.php<\/a><\/li>\n\n\n\n<li>Encyclopedia Britannica: <a title=\"\" href=\"https:\/\/www.britannica.com\/technology\/paper\" target=\"_blank\" rel=\"noopener\" data-url=\"https:\/\/www.britannica.com\/technology\/paper\">https:\/\/www.britannica.com\/technology\/paper<\/a><\/li>\n\n\n\n<li>Encyclopedia Britannica: <a title=\"\" href=\"https:\/\/www.britannica.com\/technology\/papermaking\" target=\"_blank\" rel=\"noopener\" data-url=\"https:\/\/www.britannica.com\/technology\/papermaking\">https:\/\/www.britannica.com\/technology\/papermaking<\/a><\/li>\n<\/ul>\n\n\n<p><\/p><div class=\"accordion mb-3\">\n        <div class=\"accordion-item accordion-item--white\">\n        <h2 class=\"accordion-header\" id=\"accordion-69db6337cbd50-heading\">\n            <button class=\"accordion-button collapsed\" type=\"button\" data-bs-toggle=\"collapse\" data-bs-target=\"#accordion-69db6337cbd50-collapse\" aria-expanded=\"true\" aria-controls=\"accordion-69db6337cbd50-collapse\"><span style=\"font-size: 16px;\"><strong>References<\/strong> (click here)<\/span><\/button>\n        <\/h2>\n        <div id=\"accordion-69db6337cbd50-collapse\" class=\"accordion-collapse collapse\" aria-labelledby=\"accordion-69db6337cbd50-heading\">\n            <div class=\"accordion-body\">\n<ol>\n<li>Stuart, B. <em>Analytical Techniques in Materials Conservation<\/em>; John Wiley &amp; Sons: Chichester, England\u202f; Hoboken, NJ, 2007.<\/li>\n<li>Taha, A. S.; Salem, M. Z. M.; Abo Elgat, W. A. A.; Ali, H. M.; Hatamleh, A. A.; Abdel-Salam, E. M. Assessment of the Impact of Different Treatments on the Technological and Antifungal Properties of Papyrus (Cyperus Papyrus L.) Sheets. <em>Materials<\/em> <strong>2019<\/strong>, <em>12<\/em> (4), 620. https:\/\/doi.org\/10.3390\/ma12040620.<\/li>\n<li>Hunter, D. <em>Papermaking: The History and Technique of an Ancient Craft<\/em>; Dover Publications: New York, 1978.<\/li>\n<li>Bloom, J. M.<em> Paper Before Print: The History and Impact of Paper in the Islamic World<\/em>, First Printing edition.; Yale University Press: New Haven, 2001.<\/li>\n<li>paper | Definition, Papermaking, &amp; Facts https:\/\/www.britannica.com\/technology\/paper (accessed Oct 31, 2020).<\/li>\n<li>Vahur, S.; Eero, L.; Lehtaru, J.; Virro, K.; Leito, I. Quantitative Non-Destructive Analysis of Paper Fillers Using ATR-FT-IR Spectroscopy with PLS Method. <em>Anal. Bioanal. Chem<\/em>. <strong>2019<\/strong>, <em>411<\/em> (20), 5127\u20135138. https:\/\/doi.org\/10.1007\/s00216-019-01888-x.<\/li>\n<li>Area, M. C.; Cheradame, H. Paper Aging and Degradation: Recent Findings and Research Methods. <em>BioResources<\/em> <strong>2011<\/strong>, <em>6 <\/em>(4), 5307\u20135337.<\/li>\n<li>Collings, T.; Milner, D. A New Chronology of Papermaking Technology. <em>Pap. Conserv<\/em>. <strong>1990<\/strong>, <em>14<\/em> (1), 58\u201362. https:\/\/doi.org\/10.1080\/03094227.1990.9638387.<\/li>\n<li>Cs\u00e9falvayov\u00e1, L.; Pelikan, M.; Kralj Cigi\u0107, I.; Kolar, J.; Strli\u010d, M. Use of Genetic Algorithms with Multivariate Regression for Determination of Gelatine in Historic Papers Based on FT-IR and NIR Spectral Data. <em>Talanta<\/em> <strong>2010<\/strong>, <em>82<\/em> (5), 1784\u20131790. https:\/\/doi.org\/10.1016\/j.talanta.2010.07.062.<\/li>\n<li>Carter, H. A. The Chemistry of Paper Preservation: Part 1. The Aging of Paper and Conservation Techniques. <em>J. Chem. Educ.<\/em> <strong>1996<\/strong>, <em>73<\/em> (5), 417. https:\/\/doi.org\/10.1021\/ed073p417.<\/li>\n<li>Carter, H. A. The Chemistry of Paper Preservation: Part 2. The Yellowing of Paper and Conservation Bleaching. <em>J. Chem. Educ.<\/em> <strong>1996<\/strong>, <em>73<\/em> (11), 1068. https:\/\/doi.org\/10.1021\/ed073p1068.<\/li>\n<li>\u0160elih, V. S.; Strli\u010d, M.; Kolar, J.; Pihlar, B. The Role of Transition Metals in Oxidative Degradation of Cellulose. <em>Polym. Degrad. Stab.<\/em> <strong>2007<\/strong>, <em>92<\/em> (8), 1476\u20131481. https:\/\/doi.org\/10.1016\/j.polymdegradstab.2007.05.006.<\/li>\n<li><em>Industrial Minerals &amp; Rocks: Commodities, Markets, and Uses, 7th Edition<\/em>; Kogel, J. E., Trivedi, N. C., Barker, J. M., Krukowski, S. T., Eds.; SME, 2006.<\/li>\n<li>Shen, J.; Song, Z.; Qian, X.; Ni, Y. A Review on Use of Fillers in Cellulosic Paper for Functional Applications. <em>Ind. Eng. Chem. Res.<\/em> <strong>2011<\/strong>, <em>50<\/em> (2), 661\u2013666. https:\/\/doi.org\/10.1021\/ie1021078.<\/li>\n<li>Carter, H. A. The Chemistry of Paper Preservation: Part 4. Alkaline Paper. <em>J. Chem. Educ.<\/em> <strong>1997<\/strong>, <em>74<\/em> (5), 508. https:\/\/doi.org\/10.1021\/ed074p508.<\/li>\n<li>Dabrowski, J. Fibre Loading in Papermaking. <em>Pap. Hist.<\/em><strong> 2009<\/strong>, <em>13<\/em> (1), 6\u201311.<\/li>\n<li>Papermaking | Process, History, &amp; Facts https:\/\/www.britannica.com\/technology\/papermaking (accessed Oct 31, 2020).<\/li>\n<li>Konsa, K. <em>Arhivaalide Ja Tr\u00fckiste S\u00e4ilitamine<\/em>; Lepp, A., Ed.; Ajalookirjanduse Sihtasutus \u201cKleio\u201d: Tartu, 2008.<\/li>\n<li>P\u00e9nichon, S. <em>Twentieth-Century Color Photographs: Identification and Care<\/em>; Getty Conservation Institute: Los Angeles, California, 2013.<\/li>\n<li>Blunt, L. Recycling Mystery: Milk and Juice Cartons. <em>Earth 911<\/em>, 2018.<\/li>\n<\/ol>\n<p><\/p><\/div>\n        <\/div>\n        <\/div>\n    <\/div>\n","protected":false},"excerpt":{"rendered":"<p>Since ancient times, before the discovery of paper, people have been writing on different materials: stone, tree\u00a0bark, papyrus plants (Cyperus papyrus), parchment (vellum), etc. Parchment was produced from the dermis of animal skin. Papyrus is composed mainly of cellulose (around &#8230;<\/p>\n","protected":false},"author":151,"featured_media":0,"parent":0,"menu_order":0,"comment_status":"closed","ping_status":"closed","template":"","meta":{"_acf_changed":false,"inline_featured_image":false,"footnotes":""},"class_list":["post-21","page","type-page","status-publish","hentry"],"acf":[],"_links":{"self":[{"href":"https:\/\/sisu.ut.ee\/heritage-analysis\/wp-json\/wp\/v2\/pages\/21","targetHints":{"allow":["GET"]}}],"collection":[{"href":"https:\/\/sisu.ut.ee\/heritage-analysis\/wp-json\/wp\/v2\/pages"}],"about":[{"href":"https:\/\/sisu.ut.ee\/heritage-analysis\/wp-json\/wp\/v2\/types\/page"}],"author":[{"embeddable":true,"href":"https:\/\/sisu.ut.ee\/heritage-analysis\/wp-json\/wp\/v2\/users\/151"}],"replies":[{"embeddable":true,"href":"https:\/\/sisu.ut.ee\/heritage-analysis\/wp-json\/wp\/v2\/comments?post=21"}],"version-history":[{"count":3,"href":"https:\/\/sisu.ut.ee\/heritage-analysis\/wp-json\/wp\/v2\/pages\/21\/revisions"}],"predecessor-version":[{"id":766,"href":"https:\/\/sisu.ut.ee\/heritage-analysis\/wp-json\/wp\/v2\/pages\/21\/revisions\/766"}],"wp:attachment":[{"href":"https:\/\/sisu.ut.ee\/heritage-analysis\/wp-json\/wp\/v2\/media?parent=21"}],"curies":[{"name":"wp","href":"https:\/\/api.w.org\/{rel}","templated":true}]}}