{"id":110,"date":"2025-02-21T15:17:29","date_gmt":"2025-02-21T13:17:29","guid":{"rendered":"https:\/\/sisu.ut.ee\/heimatrevisited\/?page_id=110"},"modified":"2025-05-23T09:55:40","modified_gmt":"2025-05-23T06:55:40","slug":"soovitame","status":"publish","type":"page","link":"https:\/\/sisu.ut.ee\/heimatrevisited\/soovitame\/","title":{"rendered":"Soovitame"},"content":{"rendered":"<p class=\"has-text-align-center\"><\/p>\n\n\n\n<div style=\"height:53px\" aria-hidden=\"true\" class=\"wp-block-spacer\"><\/div>\n\n\n\n<h2 class=\"wp-block-heading has-text-align-center\"><strong>Soovitame<\/strong><\/h2>\n\n\n\n<p><\/p>\n\n\n\n<div class=\"wp-block-columns is-layout-flex wp-container-core-columns-is-layout-9d6595d7 wp-block-columns-is-layout-flex\">\n<div class=\"wp-block-column is-layout-flow wp-block-column-is-layout-flow\" style=\"flex-basis:20%\">\n<h4 class=\"wp-block-heading\"><\/h4>\n<\/div>\n\n\n\n<div class=\"wp-block-column is-layout-flow wp-block-column-is-layout-flow\" style=\"flex-basis:60%\">\n<ul class=\"wp-block-list\">\n<li>Kodulehe p\u00e4ises on kasutatud pilti Oswald Hartge lauam\u00e4ngust \u201eRund um Estland\u201c. Lauam\u00e4ngu ning selle Eestisse j\u00f5udmise kohta saab l\u00e4hemalt lugeda <a href=\"https:\/\/muuseum.tartu.ee\/ring-sai-tais-oswald-hartge-loodud-lauamang-rund-um-estland-joudis-kodumaale\/\">Tartu Linnamuuseumi ajaveebist<\/a> ning <a href=\"https:\/\/tartu.postimees.ee\/8031563\/linnaajaloo-muuseumide-kogu-taienes-erilise-baltisaksa-lauamanguga\">Tartu Postimehest<\/a>. Lauam\u00e4ngust oli juttu ka <a href=\"https:\/\/klassikaraadio.err.ee\/1609473783\/delta-11-oktoobril-erso-kaardimangud-mirjam-parve-leif-segerstam\/ed9e91e333f7ec09fc339962cb4580fb?fbclid=IwY2xjawIkDANleHRuA2FlbQIxMQABHfIsiAuj4LFiIuY6D9VR0WCjXWWFMGdhwxhb6HhRClZIRgCUOUu5r_aDWA_aem_WDyyZiEzXizFG_uH9NWu-Q\" data-type=\"link\" data-id=\"https:\/\/klassikaraadio.err.ee\/1609473783\/delta-11-oktoobril-erso-kaardimangud-mirjam-parve-leif-segerstam\/ed9e91e333f7ec09fc339962cb4580fb?fbclid=IwY2xjawIkDANleHRuA2FlbQIxMQABHfIsiAuj4LFiIuY6D9VR0WCjXWWFMGdhwxhb6HhRClZIRgCUOUu5r_aDWA_aem_WDyyZiEzXizFG_uH9NWu-Q\">Klassikaraadio saates Delta<\/a>. Tartu Linnamuuseumi baltisaksa m\u00e4lestuste sarjas on ilmunud ka Oswald Hartge m\u00e4letused <a href=\"https:\/\/muuseum.tartu.ee\/product\/oswald-hartge-lapsepolvest-uhe-ajastu-lopuni-malestused-1895-1939\/\" data-type=\"link\" data-id=\"https:\/\/muuseum.tartu.ee\/product\/oswald-hartge-lapsepolvest-uhe-ajastu-lopuni-malestused-1895-1939\/\"> \u201cLapsep\u00f5lvest \u00fche ajastu l\u00f5puni. M\u00e4lestused 1895-1939\u201d<\/a> (Tartu Linnamuuseum, 2021, t\u00f5lkinud ja kommenteerinud Reet Bender, toimetanud Toomas Hiio). <br><\/li>\n<\/ul>\n<\/div>\n\n\n\n<div class=\"wp-block-column is-layout-flow wp-block-column-is-layout-flow\" style=\"flex-basis:20%\"><\/div>\n<\/div>\n\n\n\n<div class=\"wp-block-columns is-layout-flex wp-container-core-columns-is-layout-9d6595d7 wp-block-columns-is-layout-flex\">\n<div class=\"wp-block-column is-layout-flow wp-block-column-is-layout-flow\" style=\"flex-basis:20%\">\n<h4 class=\"wp-block-heading\">Baltisakslastest p\u00e4rast II maailmas\u00f5da<\/h4>\n<\/div>\n\n\n\n<div class=\"wp-block-column is-layout-flow wp-block-column-is-layout-flow\" style=\"flex-basis:60%\">\n<ul class=\"wp-block-list\">\n<li>Baltisakslaste Teise maailmas\u00f5ja j\u00e4rgseid m\u00e4lestusi on j\u00f5udnud ka \u201cKogu me lugu\u201d videoteeki. Vaata Olev Liiviku intervjuusid <a href=\"https:\/\/www.kogumelugu.ee\/et\/videoteek\/gertrud-keerd-munz-0\">Gertrud Keerdi (s\u00fcndinud M\u00fcnz)<\/a> ja <a href=\"https:\/\/kogumelugu.ee\/et\/videoteek\/ines-undritz-kesk\">Ines Undritziga<\/a>. Vaata ka Tiiu-Triinu Tamme intervjuud <a href=\"https:\/\/kogumelugu.ee\/et\/videoteek\/ernst-gunther-von-hunnius-0\">Ernst G\u00fcnther von Hunniusega<\/a>.<\/li>\n<\/ul>\n\n\n\n<p><\/p>\n\n\n\n<ul class=\"wp-block-list\">\n<li>Georg Heitmann oli \u00fcks 1945. aasta augustis Eestist Venemaale k\u00fc\u00fcditatud sakslasest. Tema p\u00e4evikulaadsed m\u00e4rkmed on ilmunud raamatuna \u201cSurm peab ootama. Siberisse k\u00fc\u00fcditatud eestisakslaste Georg Heitmanni p\u00e4evik aastatest 1945\u20131947\u201d, t\u00f5lkinud Inna-Maia Paiken, toimetaja Olev Liivik (Argo kirjastus, 2023). Loe raamatu eelvaadet <a href=\"https:\/\/argokirjastus.ee\/wp-content\/uploads\/2023\/01\/Surm-peab-ootama.pdf\">Argo kirjastuse kodulehelt<\/a>.<\/li>\n<\/ul>\n<\/div>\n\n\n\n<div class=\"wp-block-column is-layout-flow wp-block-column-is-layout-flow\" style=\"flex-basis:20%\"><\/div>\n<\/div>\n\n\n\n<div class=\"wp-block-columns is-layout-flex wp-container-core-columns-is-layout-9d6595d7 wp-block-columns-is-layout-flex\">\n<div class=\"wp-block-column is-layout-flow wp-block-column-is-layout-flow\" style=\"flex-basis:20%\">\n<h4 class=\"wp-block-heading\">Baltisaksa kultuurist<\/h4>\n<\/div>\n\n\n\n<div class=\"wp-block-column is-layout-flow wp-block-column-is-layout-flow\" style=\"flex-basis:60%\">\n<ul class=\"wp-block-list\">\n<li>Heaks sissejuhatuseks baltisaksa ajalukku ja kultuuri v\u00f5ib vaadata <a href=\"https:\/\/arhiiv.err.ee\/video\/vaata\/uudishimu-tippkeskus-kas-tunneme-baltisakslasi\" data-type=\"link\" data-id=\"https:\/\/arhiiv.err.ee\/video\/vaata\/uudishimu-tippkeskus-kas-tunneme-baltisakslasi\">\u201cUudishimu tippkeskuse\u201d<\/a> baltisakslastele p\u00fchendatud osa ning kuulata baltisaksa kirjandusest r\u00e4\u00e4kivat osa saatest <a href=\"https:\/\/vikerraadio.err.ee\/1609208798\/loetud-ja-kirjutatud-baltisaksa-kirjandus-eestis\" data-type=\"link\" data-id=\"https:\/\/vikerraadio.err.ee\/1609208798\/loetud-ja-kirjutatud-baltisaksa-kirjandus-eestis\">\u201cLoetud ja kirjutatud\u201d<\/a><\/li>\n<\/ul>\n\n\n\n<p><\/p>\n\n\n\n<ul class=\"wp-block-list\">\n<li>Baltisaksa keele kohta saab rohkem teada <a href=\"https:\/\/vikerraadio.err.ee\/788520\/keelesaade-baltisaksa-keel\" data-type=\"link\" data-id=\"https:\/\/vikerraadio.err.ee\/788520\/keelesaade-baltisaksa-keel\">Keelesaatest <\/a>ning rohkelt avastamist pakub <a href=\"https:\/\/arhiiv.eki.ee\/dict\/bss\/index.cgi\" data-type=\"link\" data-id=\"https:\/\/arhiiv.eki.ee\/dict\/bss\/index.cgi\">baltisaksa s\u00f5nastik<\/a>.<\/li>\n<\/ul>\n\n\n\n<p><\/p>\n\n\n\n<ul class=\"wp-block-list\">\n<li>Baltisaksa m\u00e4lestusi ja ilukirjandust Tartust kaardistavad \u201cSaksa Tartu\u201d kaardid \u2013 vaata <a href=\"https:\/\/muuseum.tartu.ee\/tartu-dorpat\/#\" data-type=\"link\" data-id=\"https:\/\/muuseum.tartu.ee\/tartu-dorpat\/#\">virtuaalkaarti<\/a>, kuula ja vaata <a href=\"https:\/\/navicup.com\/event\/saksa-tartu-kirjanduslik-jalutuskaik-baltisaksa-linnas\" data-type=\"link\" data-id=\"https:\/\/navicup.com\/event\/saksa-tartu-kirjanduslik-jalutuskaik-baltisaksa-linnas\">Navicupi jalutusk\u00e4iku<\/a> ning tutvu tr\u00fckitud jalutusk\u00e4igukaartide digikoopiatega Digaris: <a href=\"https:\/\/www.digar.ee\/arhiiv\/et\/pildimaterjal\/275895\">\u201cKirjanduslik jalutusk\u00e4ik Saksa Tartu \/ Ein literarischen Stadtspaziergang\u201d <\/a>ning \u201cKirjanduslik jalutusk\u00e4ik baltisaksa tudegilinnas\u201d <a href=\"https:\/\/www.digar.ee\/arhiiv\/et\/pildimaterjal\/175201\">eesti keeles<\/a> ja <a href=\"https:\/\/www.digar.ee\/arhiiv\/et\/pildimaterjal\/175200\">saksa keeles<\/a>.<\/li>\n<\/ul>\n\n\n\n<p><\/p>\n\n\n\n<ul class=\"wp-block-list\">\n<li>P\u00fchendunud huvilistele pakub uusi teadmisi Tartu \u00dclikooli, Talllinna \u00dclikooli ja Eesti Kunstiakadeemia \u00fchine mikrokraad <a href=\"https:\/\/baltisaksa.ee\" data-type=\"link\" data-id=\"https:\/\/baltisaksa.ee\">\u201cBaltisaksa kultuurip\u00e4rand\u201d<\/a><\/li>\n<\/ul>\n<\/div>\n\n\n\n<div class=\"wp-block-column is-layout-flow wp-block-column-is-layout-flow\" style=\"flex-basis:20%\"><\/div>\n<\/div>\n","protected":false},"excerpt":{"rendered":"<p>Soovitame Baltisakslastest p\u00e4rast II maailmas\u00f5da Baltisaksa kultuurist<\/p>\n","protected":false},"author":99,"featured_media":0,"parent":0,"menu_order":0,"comment_status":"closed","ping_status":"closed","template":"","meta":{"_acf_changed":false,"inline_featured_image":false,"footnotes":""},"class_list":["post-110","page","type-page","status-publish","hentry"],"acf":[],"_links":{"self":[{"href":"https:\/\/sisu.ut.ee\/heimatrevisited\/wp-json\/wp\/v2\/pages\/110","targetHints":{"allow":["GET"]}}],"collection":[{"href":"https:\/\/sisu.ut.ee\/heimatrevisited\/wp-json\/wp\/v2\/pages"}],"about":[{"href":"https:\/\/sisu.ut.ee\/heimatrevisited\/wp-json\/wp\/v2\/types\/page"}],"author":[{"embeddable":true,"href":"https:\/\/sisu.ut.ee\/heimatrevisited\/wp-json\/wp\/v2\/users\/99"}],"replies":[{"embeddable":true,"href":"https:\/\/sisu.ut.ee\/heimatrevisited\/wp-json\/wp\/v2\/comments?post=110"}],"version-history":[{"count":22,"href":"https:\/\/sisu.ut.ee\/heimatrevisited\/wp-json\/wp\/v2\/pages\/110\/revisions"}],"predecessor-version":[{"id":380,"href":"https:\/\/sisu.ut.ee\/heimatrevisited\/wp-json\/wp\/v2\/pages\/110\/revisions\/380"}],"wp:attachment":[{"href":"https:\/\/sisu.ut.ee\/heimatrevisited\/wp-json\/wp\/v2\/media?parent=110"}],"curies":[{"name":"wp","href":"https:\/\/api.w.org\/{rel}","templated":true}]}}