{"id":5,"date":"2024-04-04T07:28:45","date_gmt":"2024-04-04T04:28:45","guid":{"rendered":"https:\/\/sisu.ut.ee\/hapuvadak\/kontakt\/"},"modified":"2024-04-23T09:14:15","modified_gmt":"2024-04-23T06:14:15","slug":"kontakt","status":"publish","type":"page","link":"https:\/\/sisu.ut.ee\/hapuvadak\/kontakt\/","title":{"rendered":"Kontakt"},"content":{"rendered":"<h3>Projekti vastutav t\u00e4itja:<\/h3>\n<p><strong>Reet M\u00e4ndar<br><\/strong>meditsiinilise mikroobi\u00f6koloogia professor<br>Bio- ja siirdemeditsiini instituut<br>Tartu \u00dclikool<br>reet.mandar@ut.ee<\/p>\n<h3>Projekti p\u00f5hit\u00e4itjad:<\/h3>\n<p><strong>Tartu \u00dclikool,\u00a0Bio- ja siirdemeditsiini instituudi mikrobioloogia osakond<br><\/strong>Epp Sepp, Imbi Smidt,\u00a0Tiiu R\u00f6\u00f6p,\u00a0Siiri K\u00f5ljalg<\/p>\n<p><strong>Tartu \u00dclikool,\u00a0Bio- ja siirdemeditsiini instituudi biokeemia osakond<br><\/strong>Mihkel Zilmer,\u00a0Tiiu Kullisaar,\u00a0Kalle Kilk<\/p>\n<p><strong>Tartu \u00dclikool, Farmaatsia instituut<br><\/strong>Ain Raal<\/p>\n<p><strong>Tere AS<br><\/strong><span style=\"line-height: 150%;\"><span style=\"vertical-align: baseline;\"><span style=\"color: black;\">Liina Kimmel<\/span><\/span><\/span><\/p>\n<p style=\"margin-top: 0pt; margin-bottom: 0pt; text-align: left;\"><strong>Teadus ja Tegu O\u00dc<\/strong><\/p>\n<p style=\"margin-top: 0pt; margin-bottom: 0pt; text-align: left;\"><span style=\"vertical-align: baseline;\"><span style=\"color: black;\">V\u00e4ino <\/span><span style=\"color: black;\">Poikalainen<\/span><\/span><\/p>\n<p>\u00a0<\/p>\n\n\n<p><\/p>\n","protected":false},"excerpt":{"rendered":"<p>Projekti vastutav t\u00e4itja: Reet M\u00e4ndarmeditsiinilise mikroobi\u00f6koloogia professorBio- ja siirdemeditsiini instituutTartu \u00dclikoolreet.mandar@ut.ee Projekti p\u00f5hit\u00e4itjad: Tartu \u00dclikool,\u00a0Bio- ja siirdemeditsiini instituudi mikrobioloogia osakondEpp Sepp, Imbi Smidt,\u00a0Tiiu R\u00f6\u00f6p,\u00a0Siiri K\u00f5ljalg Tartu \u00dclikool,\u00a0Bio- ja siirdemeditsiini instituudi biokeemia osakondMihkel Zilmer,\u00a0Tiiu Kullisaar,\u00a0Kalle Kilk Tartu \u00dclikool, Farmaatsia instituutAin Raal &#8230;<\/p>\n","protected":false},"author":130,"featured_media":0,"parent":0,"menu_order":0,"comment_status":"closed","ping_status":"closed","template":"","meta":{"_acf_changed":false,"inline_featured_image":false,"footnotes":""},"class_list":["post-5","page","type-page","status-publish","hentry"],"acf":[],"_links":{"self":[{"href":"https:\/\/sisu.ut.ee\/hapuvadak\/wp-json\/wp\/v2\/pages\/5","targetHints":{"allow":["GET"]}}],"collection":[{"href":"https:\/\/sisu.ut.ee\/hapuvadak\/wp-json\/wp\/v2\/pages"}],"about":[{"href":"https:\/\/sisu.ut.ee\/hapuvadak\/wp-json\/wp\/v2\/types\/page"}],"author":[{"embeddable":true,"href":"https:\/\/sisu.ut.ee\/hapuvadak\/wp-json\/wp\/v2\/users\/130"}],"replies":[{"embeddable":true,"href":"https:\/\/sisu.ut.ee\/hapuvadak\/wp-json\/wp\/v2\/comments?post=5"}],"version-history":[{"count":2,"href":"https:\/\/sisu.ut.ee\/hapuvadak\/wp-json\/wp\/v2\/pages\/5\/revisions"}],"predecessor-version":[{"id":51,"href":"https:\/\/sisu.ut.ee\/hapuvadak\/wp-json\/wp\/v2\/pages\/5\/revisions\/51"}],"wp:attachment":[{"href":"https:\/\/sisu.ut.ee\/hapuvadak\/wp-json\/wp\/v2\/media?parent=5"}],"curies":[{"name":"wp","href":"https:\/\/api.w.org\/{rel}","templated":true}]}}