{"id":55,"date":"2024-04-04T00:17:32","date_gmt":"2024-04-03T21:17:32","guid":{"rendered":"https:\/\/sisu.ut.ee\/hammaste_anatoomia_oklusioon\/ulaloua-teine-premolaar-d25\/"},"modified":"2024-04-11T08:43:23","modified_gmt":"2024-04-11T05:43:23","slug":"ulaloua-teine-premolaar-d25","status":"publish","type":"page","link":"https:\/\/sisu.ut.ee\/hammaste_anatoomia_oklusioon\/ulaloua-teine-premolaar-d25\/","title":{"rendered":"\u00dclal\u00f5ua teine premolaar"},"content":{"rendered":"<figure id=\"attachment_508\" aria-describedby=\"caption-attachment-508\" style=\"width: 355px\" class=\"wp-caption alignright\"><img loading=\"lazy\" decoding=\"async\" class=\"wp-image-508 size-full\" src=\"https:\/\/sisu.ut.ee\/wp-content\/uploads\/sites\/114\/d25_0.png\" alt=\"\" width=\"355\" height=\"750\" srcset=\"https:\/\/sisu.ut.ee\/wp-content\/uploads\/sites\/114\/d25_0.png 355w, https:\/\/sisu.ut.ee\/wp-content\/uploads\/sites\/114\/d25_0-142x300.png 142w\" sizes=\"auto, (max-width: 355px) 100vw, 355px\"><figcaption id=\"caption-attachment-508\" class=\"wp-caption-text\">Hammas 25 (D25) erinevad vaated.<\/figcaption><\/figure>\n<ul>\n<li>L\u00f5ikub suhu 10.-11. eluaastal<\/li>\n<li>Hamba juure areng l\u00f5peb 12.-14. eluaastaks<\/li>\n<li>Keskmine pikkus 21,5 mm<\/li>\n<li>Juurekanali kurvatuurid distaalsele &gt; kaksikkurvatuuriga (<strong>bajonett<\/strong>) &gt; bukaalsele &gt; puudub<\/li>\n<\/ul>\n<p>\u00dclal\u00f5ua teisel premolaaril on <strong>reeglina \u00fcks juur<\/strong> ning <strong>\u00fcks juurekanal<\/strong>. V\u00f5ib esineda ka \u00fches juures kaks juurekanalit ning ka kaks juurt ning kaks juurekanalit. Kahe juurekanali puhul \u00a0on \u00a0nimetusteks bukaalne ja palatinaalne juurekanal.<\/p>\n<p>Pulbisarved vastavad hamba krooniosa v\u00e4liskujule, paiknevad hamba k\u00f6prude all ning bukaalne pulbisarv on suurem. Pulbiruum on avaram bukolingvaalselt ning juure keskosast apikaalsuunas juurekanal aheneb, l\u00f5ppedes apikaalse kitsusega. Hamba juurekanali ristl\u00e4bil\u00f5ige on ovaalne v\u00f5i neerukujuline. Pulbiruum paikneb hamba ristl\u00e4bil\u00f5ike suhtes tsentris. Mitme juurekanali esinemisel v\u00f5ivad juurekanalite vahelisel alal esineda dentiinisaarekesed, mis eraldavad erinevaid kanaliosi. Juurekanalid ahenevad juuretipu suunas. Juurekanalite pikkused on sarnased \u00fclal\u00f5ua esimesele premolaarile ning need on sirgemad. Tihti esineb juuretipu kurvatuur ning sagedased on lateraalkanalid.<\/p>\n<p>Anatoomilistest ise\u00e4rasustest v\u00f5ib esineda \u00fclal\u00f5ua teisel premolaaril ka kolm juurekanalit.<\/p>\n<p><img loading=\"lazy\" decoding=\"async\" width=\"257\" height=\"239\" class=\"alignnone wp-image-177\" style=\"float: left;\" title=\"D25 labiaalne vaade bajonetikujulise juuretipuga.\" src=\"https:\/\/sisu.ut.ee\/wp-content\/uploads\/sites\/114\/d25_lisa_b.png\" alt=\"D25 labiaalne vaade bajonetikujulise juuretipuga.\"><\/p>\n","protected":false},"excerpt":{"rendered":"<p>L\u00f5ikub suhu 10.-11. eluaastal Hamba juure areng l\u00f5peb 12.-14. eluaastaks Keskmine pikkus 21,5 mm Juurekanali kurvatuurid distaalsele &gt; kaksikkurvatuuriga (bajonett) &gt; bukaalsele &gt; puudub \u00dclal\u00f5ua teisel premolaaril on reeglina \u00fcks juur ning \u00fcks juurekanal. V\u00f5ib esineda ka \u00fches juures kaks &#8230;<\/p>\n","protected":false},"author":12,"featured_media":0,"parent":0,"menu_order":0,"comment_status":"closed","ping_status":"closed","template":"","meta":{"_acf_changed":false,"inline_featured_image":false,"footnotes":""},"class_list":["post-55","page","type-page","status-publish","hentry"],"acf":[],"_links":{"self":[{"href":"https:\/\/sisu.ut.ee\/hammaste_anatoomia_oklusioon\/wp-json\/wp\/v2\/pages\/55","targetHints":{"allow":["GET"]}}],"collection":[{"href":"https:\/\/sisu.ut.ee\/hammaste_anatoomia_oklusioon\/wp-json\/wp\/v2\/pages"}],"about":[{"href":"https:\/\/sisu.ut.ee\/hammaste_anatoomia_oklusioon\/wp-json\/wp\/v2\/types\/page"}],"author":[{"embeddable":true,"href":"https:\/\/sisu.ut.ee\/hammaste_anatoomia_oklusioon\/wp-json\/wp\/v2\/users\/12"}],"replies":[{"embeddable":true,"href":"https:\/\/sisu.ut.ee\/hammaste_anatoomia_oklusioon\/wp-json\/wp\/v2\/comments?post=55"}],"version-history":[{"count":2,"href":"https:\/\/sisu.ut.ee\/hammaste_anatoomia_oklusioon\/wp-json\/wp\/v2\/pages\/55\/revisions"}],"predecessor-version":[{"id":509,"href":"https:\/\/sisu.ut.ee\/hammaste_anatoomia_oklusioon\/wp-json\/wp\/v2\/pages\/55\/revisions\/509"}],"wp:attachment":[{"href":"https:\/\/sisu.ut.ee\/hammaste_anatoomia_oklusioon\/wp-json\/wp\/v2\/media?parent=55"}],"curies":[{"name":"wp","href":"https:\/\/api.w.org\/{rel}","templated":true}]}}