{"id":53,"date":"2024-04-04T00:17:32","date_gmt":"2024-04-03T21:17:32","guid":{"rendered":"https:\/\/sisu.ut.ee\/hammaste_anatoomia_oklusioon\/ulaloua-kaniin-d13\/"},"modified":"2024-04-04T00:18:18","modified_gmt":"2024-04-03T21:18:18","slug":"ulaloua-kaniin-d13","status":"publish","type":"page","link":"https:\/\/sisu.ut.ee\/hammaste_anatoomia_oklusioon\/ulaloua-kaniin-d13\/","title":{"rendered":"\u00dclal\u00f5ua kaniin"},"content":{"rendered":"<ul>\n<li><img loading=\"lazy\" decoding=\"async\" style=\"float: right\" src=\"https:\/\/sisu.ut.ee\/hammaste_anatoomia_oklusioon\/files\/d13.png?itok=97An75yC\" title=\"Hammas 13 (D13) erinevad vaated.\" width=\"300\" height=\"634\" data-file_info=\"%7B%22fid%22:%2210759%22,%22view_mode%22:%22default%22,%22type%22:%22media%22%7D\">L\u00f5ikub suhu 10.-12. eluaastal<\/li>\n<li>Hamba juure areng l\u00f5ppeb 13.-15. eluaastaks<\/li>\n<li>Keskmine pikkus 26,5 mm<\/li>\n<li>Hambal on <strong>reeglina \u00fcks juur<\/strong> ning <strong>\u00fcks juurekanal<\/strong><\/li>\n<li>Juurekanali tipuosa kurvatuur kulgeb kas distaalsele, puudub v\u00f5i on suunaga labiaalsele<\/li>\n<\/ul>\n<p>\u00dclal\u00f5ua kaniini pulbiruumi kuju on vastavuses hamba v\u00e4liskujuga ning koronaalselt on pulbiruum suur ja avar. Pulbiruum on avaram labiolingvaalselt ning pulbisarved reeglina puuduvad. Kui hamba krooniosas esineb prominentne k\u00f6ber palatinaalsel, siis leiab vastavas kohas ka pulbikambris prominentse pulbisarve. Juurekanal on lai koronaalses ja keskmises kolmandikus, aheneb tugevalt apikaalses kolmandikus ning l\u00f5peb apikaalmulguga. Juure ristl\u00e4bil\u00f5ikes on juurekanali kuju ovaalne, kolmnurkne v\u00f5i elliptiline. Juurekanal paikneb juure tsentris. V\u00f5ivad esineda mitmed lateraalkanalid juure tipuosas.<\/p>\n<p>Anatoomilisi ise\u00e4rasusi on t\u00e4heldatud \u00fcliharva.<\/p>\n","protected":false},"excerpt":{"rendered":"<p>L\u00f5ikub suhu 10.-12. eluaastal Hamba juure areng l\u00f5ppeb 13.-15. eluaastaks Keskmine pikkus 26,5 mm Hambal on reeglina \u00fcks juur ning \u00fcks juurekanal Juurekanali tipuosa kurvatuur kulgeb kas distaalsele, puudub v\u00f5i on suunaga labiaalsele \u00dclal\u00f5ua kaniini pulbiruumi kuju on vastavuses hamba &#8230;<\/p>\n","protected":false},"author":12,"featured_media":0,"parent":0,"menu_order":0,"comment_status":"closed","ping_status":"closed","template":"","meta":{"_acf_changed":false,"inline_featured_image":false,"footnotes":""},"class_list":["post-53","page","type-page","status-publish","hentry"],"acf":[],"_links":{"self":[{"href":"https:\/\/sisu.ut.ee\/hammaste_anatoomia_oklusioon\/wp-json\/wp\/v2\/pages\/53","targetHints":{"allow":["GET"]}}],"collection":[{"href":"https:\/\/sisu.ut.ee\/hammaste_anatoomia_oklusioon\/wp-json\/wp\/v2\/pages"}],"about":[{"href":"https:\/\/sisu.ut.ee\/hammaste_anatoomia_oklusioon\/wp-json\/wp\/v2\/types\/page"}],"author":[{"embeddable":true,"href":"https:\/\/sisu.ut.ee\/hammaste_anatoomia_oklusioon\/wp-json\/wp\/v2\/users\/12"}],"replies":[{"embeddable":true,"href":"https:\/\/sisu.ut.ee\/hammaste_anatoomia_oklusioon\/wp-json\/wp\/v2\/comments?post=53"}],"version-history":[{"count":1,"href":"https:\/\/sisu.ut.ee\/hammaste_anatoomia_oklusioon\/wp-json\/wp\/v2\/pages\/53\/revisions"}],"predecessor-version":[{"id":343,"href":"https:\/\/sisu.ut.ee\/hammaste_anatoomia_oklusioon\/wp-json\/wp\/v2\/pages\/53\/revisions\/343"}],"wp:attachment":[{"href":"https:\/\/sisu.ut.ee\/hammaste_anatoomia_oklusioon\/wp-json\/wp\/v2\/media?parent=53"}],"curies":[{"name":"wp","href":"https:\/\/api.w.org\/{rel}","templated":true}]}}