{"id":47,"date":"2024-04-04T00:17:32","date_gmt":"2024-04-03T21:17:32","guid":{"rendered":"https:\/\/sisu.ut.ee\/hammaste_anatoomia_oklusioon\/kolju-kasv-sunnijargselt\/"},"modified":"2024-04-11T08:32:11","modified_gmt":"2024-04-11T05:32:11","slug":"kolju-kasv-sunnijargselt","status":"publish","type":"page","link":"https:\/\/sisu.ut.ee\/hammaste_anatoomia_oklusioon\/kolju-kasv-sunnijargselt\/","title":{"rendered":"Kolju kasv s\u00fcnnij\u00e4rgselt"},"content":{"rendered":"<p>Vasts\u00fcndinul on n\u00e4okolju v\u00e4hearenenud. Kasvu stimuleerijateks on m\u00e4lumisfunktsioon, hammaste areng ja l\u00f5ikumine ning urgete (siinuste) kujunemine.<\/p>\n<p>S\u00fcnni hetkel on alal\u00f5ug n\u00f5rgalt arenenud, tagumises asendis (v\u00e4hendab s\u00fcnnitrauma riski), alveolaarj\u00e4tked on v\u00e4he v\u00e4ljendunud ja alal\u00f5uanurk (alal\u00f5uaharude \u00fchinemiskoht alal\u00f5uakehaga) on n\u00fcrinurk (nagu ka hiljem, hammaste kaotuse j\u00e4rgselt).<\/p>\n<p>Kolju kasvus on 3 perioodi:<\/p>\n<ul>\n<li><strong>Esimene kasvuperiood<\/strong> (esimesed 7 eluaastat) toimub peamiselt ajukolju suurenemise arvel.<\/li>\n<li>7. eluaastast kuni suguk\u00fcpsuse saabumiseni on suhteline <strong>soikeperiood<\/strong>. <strong>N\u00e4o k\u00f5rgus suureneb<\/strong> peamiselt siinuste ehk urgete suurenemise ja hammaste l\u00f5ikumise arvel.<\/li>\n<li><strong>Kolmas kasvuperiood <\/strong>algab suguk\u00fcpsuse saabumisel ja l\u00f5peb 20\u2026.23. eluaastal, seda n\u00e4okolju kasvu arvel.<\/li>\n<\/ul>\n<h6><strong>Pane t\u00e4hele!<\/strong> N\u00e4o- ja ajukolju intensiivne kasv toimub\u00a0erinevatel perioodidel. Loote-\u00a0 ja\u00a0v\u00e4ikelapseeas\u00a0domineerib kasv eesk\u00e4tt\u00a0ajukolju, koolieas ja eriti\u00a0suguk\u00fcpsuse saabudes\u00a0aga\u00a0n\u00e4okolju\u00a0osas.<\/h6>\n<p><img loading=\"lazy\" decoding=\"async\" width=\"395\" height=\"607\" class=\"alignnone wp-image-158 aligncenter\" style=\"margin-left: auto; margin-right: auto;\" title=\"areng5.png\" src=\"https:\/\/sisu.ut.ee\/wp-content\/uploads\/sites\/114\/areng5.png\" alt=\"areng5.png\" srcset=\"https:\/\/sisu.ut.ee\/wp-content\/uploads\/sites\/114\/areng5.png 395w, https:\/\/sisu.ut.ee\/wp-content\/uploads\/sites\/114\/areng5-195x300.png 195w\" sizes=\"auto, (max-width: 395px) 100vw, 395px\"><\/p>\n<h6><strong>Kas tead?<\/strong> Kolju normaalne kasv ja areng on olulised \u00f5ige hambumuse kujunemiseks. Ortodondid (spetsialistid, kes tegelevad hambumuse korrigeerimisega) kasutavad kolju k\u00fclg\u00fclesv\u00f5tet tsefalomeetrilise anal\u00fc\u00fcsi tegemiseks, kus nad hindavad l\u00f5ualuude suurust ja omavahelist suhet, et planeerida \u00f5iget ravi.<a href=\"#\" data-bs-toggle=\"modal\" data-bs-target=\"#popup-modal\" data-title=\"***\" data-content=\"Hambaarstiteaduse \u00fcli\u00f5pilased \u00f5pivad seda p\u00f5hjalikumalt IV kursusel ortodontia aine raamides.\">***<\/a><\/h6>\n<p><img loading=\"lazy\" decoding=\"async\" width=\"569\" height=\"417\" class=\"alignnone wp-image-159 aligncenter\" style=\"margin-left: auto; margin-right: auto;\" title=\"Kolju k\u00fclg\u00fclesv\u00f5te\" src=\"https:\/\/sisu.ut.ee\/wp-content\/uploads\/sites\/114\/areng6.png\" alt=\"Kolju k\u00fclg\u00fclesv\u00f5te\" srcset=\"https:\/\/sisu.ut.ee\/wp-content\/uploads\/sites\/114\/areng6.png 569w, https:\/\/sisu.ut.ee\/wp-content\/uploads\/sites\/114\/areng6-300x220.png 300w\" sizes=\"auto, (max-width: 569px) 100vw, 569px\"><\/p>\n<p style=\"text-align: center;\"><em>\u00a0<\/em><\/p>\n<p><img loading=\"lazy\" decoding=\"async\" width=\"376\" height=\"418\" class=\"alignnone wp-image-160 aligncenter\" style=\"margin-left: auto; margin-right: auto;\" title=\"Kolju k\u00fclg\u00fclesv\u00f5ttele m\u00e4rgitud orientiirid - punktid, mis on tsefalomeetrilise m\u00f5\u00f5tmiste aluseks\" src=\"https:\/\/sisu.ut.ee\/wp-content\/uploads\/sites\/114\/areng7.png\" alt=\"Kolju k\u00fclg\u00fclesv\u00f5ttele m\u00e4rgitud orientiirid - punktid, mis on tsefalomeetrilise m\u00f5\u00f5tmiste aluseks\" srcset=\"https:\/\/sisu.ut.ee\/wp-content\/uploads\/sites\/114\/areng7.png 376w, https:\/\/sisu.ut.ee\/wp-content\/uploads\/sites\/114\/areng7-270x300.png 270w\" sizes=\"auto, (max-width: 376px) 100vw, 376px\"><\/p>\n<p style=\"text-align: center;\">\n<\/p>","protected":false},"excerpt":{"rendered":"<p>Vasts\u00fcndinul on n\u00e4okolju v\u00e4hearenenud. Kasvu stimuleerijateks on m\u00e4lumisfunktsioon, hammaste areng ja l\u00f5ikumine ning urgete (siinuste) kujunemine. S\u00fcnni hetkel on alal\u00f5ug n\u00f5rgalt arenenud, tagumises asendis (v\u00e4hendab s\u00fcnnitrauma riski), alveolaarj\u00e4tked on v\u00e4he v\u00e4ljendunud ja alal\u00f5uanurk (alal\u00f5uaharude \u00fchinemiskoht alal\u00f5uakehaga) on n\u00fcrinurk (nagu ka &#8230;<\/p>\n","protected":false},"author":12,"featured_media":0,"parent":0,"menu_order":0,"comment_status":"closed","ping_status":"closed","template":"","meta":{"_acf_changed":false,"inline_featured_image":false,"footnotes":""},"class_list":["post-47","page","type-page","status-publish","hentry"],"acf":[],"_links":{"self":[{"href":"https:\/\/sisu.ut.ee\/hammaste_anatoomia_oklusioon\/wp-json\/wp\/v2\/pages\/47","targetHints":{"allow":["GET"]}}],"collection":[{"href":"https:\/\/sisu.ut.ee\/hammaste_anatoomia_oklusioon\/wp-json\/wp\/v2\/pages"}],"about":[{"href":"https:\/\/sisu.ut.ee\/hammaste_anatoomia_oklusioon\/wp-json\/wp\/v2\/types\/page"}],"author":[{"embeddable":true,"href":"https:\/\/sisu.ut.ee\/hammaste_anatoomia_oklusioon\/wp-json\/wp\/v2\/users\/12"}],"replies":[{"embeddable":true,"href":"https:\/\/sisu.ut.ee\/hammaste_anatoomia_oklusioon\/wp-json\/wp\/v2\/comments?post=47"}],"version-history":[{"count":2,"href":"https:\/\/sisu.ut.ee\/hammaste_anatoomia_oklusioon\/wp-json\/wp\/v2\/pages\/47\/revisions"}],"predecessor-version":[{"id":505,"href":"https:\/\/sisu.ut.ee\/hammaste_anatoomia_oklusioon\/wp-json\/wp\/v2\/pages\/47\/revisions\/505"}],"wp:attachment":[{"href":"https:\/\/sisu.ut.ee\/hammaste_anatoomia_oklusioon\/wp-json\/wp\/v2\/media?parent=47"}],"curies":[{"name":"wp","href":"https:\/\/api.w.org\/{rel}","templated":true}]}}