{"id":39,"date":"2024-04-04T00:17:31","date_gmt":"2024-04-03T21:17:31","guid":{"rendered":"https:\/\/sisu.ut.ee\/hammaste_anatoomia_oklusioon\/suulagi\/"},"modified":"2024-04-11T08:18:00","modified_gmt":"2024-04-11T05:18:00","slug":"suulagi","status":"publish","type":"page","link":"https:\/\/sisu.ut.ee\/hammaste_anatoomia_oklusioon\/suulagi\/","title":{"rendered":"Suulagi"},"content":{"rendered":"<p>Suulagi on kumer ja jaguneb kaheks \u2013 ees luuliseks suu\u00f5\u00f5nt nina\u00f5\u00f5nest eraldavaks k\u00f5vasuulaeks ning taga pehmesuulaeks. Nendevaheline piir on palpeeritav\u00a0 v\u00f5i m\u00e4\u00e4ratav\u00a0 v\u00e4rvierinevusega. <strong>Pehmesuulagi<\/strong> <em>(palatum molle) <\/em>v\u00f5tab osa neelamiseks vajaliku r\u00f5hu tekitamisest ning teatud h\u00e4\u00e4likute moodustamisest. Pehmesuulae keskele j\u00e4\u00e4b <strong>kurgunibu <\/strong> <em>(uvula)<\/em>.<\/p>\n<p><strong>K\u00f5vasuulae<\/strong> <em>(palatum durum) <\/em>limaskest on v\u00e4heliikuv ja tihedalt allasuva luulise suulaega seotud ning moodustab suulae eesmises osas <strong>ristikurdusid<\/strong>. \u00dclemiste tsentraalsete intsisiivide taha j\u00e4\u00e4b k\u00f5rgem limaskesta moodustis \u2013<strong> intsisiivpapill<\/strong>, mis katab kohta, kust v\u00e4ljuvad suulae eesmist osa innerveerivad n\u00e4rvid. sellest edasi, k\u00f5vasuulae keskjoonel, kulgeb <strong>suulae \u00f5mblus<\/strong>.<\/p>\n<p><img loading=\"lazy\" decoding=\"async\" width=\"491\" height=\"299\" class=\"alignnone wp-image-139 aligncenter\" style=\"margin-left: auto; margin-right: auto;\" title=\"suulagi.png\" src=\"https:\/\/sisu.ut.ee\/wp-content\/uploads\/sites\/114\/suulagi.png\" alt=\"suulagi.png\" srcset=\"https:\/\/sisu.ut.ee\/wp-content\/uploads\/sites\/114\/suulagi.png 491w, https:\/\/sisu.ut.ee\/wp-content\/uploads\/sites\/114\/suulagi-300x183.png 300w\" sizes=\"auto, (max-width: 491px) 100vw, 491px\"><\/p>\n<h6><strong>Kas tead?<\/strong> Miks on hambaarstit\u00f6\u00f6s oluline teada ja m\u00e4\u00e4rata k\u00f5va- ja pehmesuulae piiri? <a href=\"#\" data-bs-toggle=\"modal\" data-bs-target=\"#popup-modal\" data-title=\"(Vastus)\" data-content=\"Suust eemaldatavatel plaatproteesidel peab tagumine piir j\u00e4\u00e4ma t\u00e4pselt k\u00f5vasuulae piirile, nii et pehmesuulagi serva kataks. Selle m\u00e4\u00e4ramiseks palutakse patsiendil suu\u00f5\u00f5nest j\u00e4ljendi v\u00f5tmise ajal \u00f6elda A-t\u00e4hte, mis paneb pehmesuulae vibreerima ja j\u00e4\u00e4b j\u00e4ljendil n\u00e4htava piirina.\">(Vastus)<\/a><\/h6>\n","protected":false},"excerpt":{"rendered":"<p>Suulagi on kumer ja jaguneb kaheks \u2013 ees luuliseks suu\u00f5\u00f5nt nina\u00f5\u00f5nest eraldavaks k\u00f5vasuulaeks ning taga pehmesuulaeks. Nendevaheline piir on palpeeritav\u00a0 v\u00f5i m\u00e4\u00e4ratav\u00a0 v\u00e4rvierinevusega. Pehmesuulagi (palatum molle) v\u00f5tab osa neelamiseks vajaliku r\u00f5hu tekitamisest ning teatud h\u00e4\u00e4likute moodustamisest. Pehmesuulae keskele j\u00e4\u00e4b kurgunibu &#8230;<\/p>\n","protected":false},"author":12,"featured_media":0,"parent":0,"menu_order":0,"comment_status":"closed","ping_status":"closed","template":"","meta":{"_acf_changed":false,"inline_featured_image":false,"footnotes":""},"class_list":["post-39","page","type-page","status-publish","hentry"],"acf":[],"_links":{"self":[{"href":"https:\/\/sisu.ut.ee\/hammaste_anatoomia_oklusioon\/wp-json\/wp\/v2\/pages\/39","targetHints":{"allow":["GET"]}}],"collection":[{"href":"https:\/\/sisu.ut.ee\/hammaste_anatoomia_oklusioon\/wp-json\/wp\/v2\/pages"}],"about":[{"href":"https:\/\/sisu.ut.ee\/hammaste_anatoomia_oklusioon\/wp-json\/wp\/v2\/types\/page"}],"author":[{"embeddable":true,"href":"https:\/\/sisu.ut.ee\/hammaste_anatoomia_oklusioon\/wp-json\/wp\/v2\/users\/12"}],"replies":[{"embeddable":true,"href":"https:\/\/sisu.ut.ee\/hammaste_anatoomia_oklusioon\/wp-json\/wp\/v2\/comments?post=39"}],"version-history":[{"count":3,"href":"https:\/\/sisu.ut.ee\/hammaste_anatoomia_oklusioon\/wp-json\/wp\/v2\/pages\/39\/revisions"}],"predecessor-version":[{"id":495,"href":"https:\/\/sisu.ut.ee\/hammaste_anatoomia_oklusioon\/wp-json\/wp\/v2\/pages\/39\/revisions\/495"}],"wp:attachment":[{"href":"https:\/\/sisu.ut.ee\/hammaste_anatoomia_oklusioon\/wp-json\/wp\/v2\/media?parent=39"}],"curies":[{"name":"wp","href":"https:\/\/api.w.org\/{rel}","templated":true}]}}