{"id":32,"date":"2024-04-04T00:17:31","date_gmt":"2024-04-03T21:17:31","guid":{"rendered":"https:\/\/sisu.ut.ee\/hammaste_anatoomia_oklusioon\/hammaste-nimetused\/"},"modified":"2024-04-10T16:55:35","modified_gmt":"2024-04-10T13:55:35","slug":"hammaste-nimetused","status":"publish","type":"page","link":"https:\/\/sisu.ut.ee\/hammaste_anatoomia_oklusioon\/hammaste-nimetused\/","title":{"rendered":"Hammaste nimetused"},"content":{"rendered":"<p>K\u00f5igil hammastel on oma nimetus ja iseloomulik kuju.<\/p>\n<p>J\u00e4\u00e4vhammaste nimetused:<\/p>\n<p><img loading=\"lazy\" decoding=\"async\" width=\"509\" height=\"425\" class=\"alignnone wp-image-131 aligncenter\" style=\"margin-left: auto; margin-right: auto;\" title=\"hammaste_nimetused.png\" src=\"https:\/\/sisu.ut.ee\/wp-content\/uploads\/sites\/114\/hammaste_nimetused-1.png\" alt=\"hammaste_nimetused.png\" srcset=\"https:\/\/sisu.ut.ee\/wp-content\/uploads\/sites\/114\/hammaste_nimetused-1.png 509w, https:\/\/sisu.ut.ee\/wp-content\/uploads\/sites\/114\/hammaste_nimetused-1-300x250.png 300w\" sizes=\"auto, (max-width: 509px) 100vw, 509px\"><\/p>\n<p>* nimetusi \u201ctsentraalne\u201d ja \u201clateraalne\u201d kasutatakse enam \u00fclemiste intsisiivide kirjeldamisel<br>\n* kolmandaid molaare kaariese indeksitesse sisse ei arvestata!<\/p>\n<h6><strong>\u00dclesanne<\/strong>. \u00a0Praktikumiks ja kliiniliseks t\u00f6\u00f6ks valmistudes peab selleks, et \u00a0hambakrooni esialgne\u00a0 kuju taastada, hamba anatoomiat p\u00f5hjalikult tundma. Selleks loe vajaliku hamba anatoomia kirjeldust\u00a0\u00f5pikust \u201cHammaste anatoomia, l\u00f5ualuude ja hambumuse areng ning kasv\u201d\u00a0(Saag jt; 2011) peat\u00fckist 3.2. \u201cJ\u00e4\u00e4vhammaste anatoomia\u201d (lk 98-150).<\/h6>\n<p>Ajutiste- ehk piimahammaste nimetused:<\/p>\n<p><img loading=\"lazy\" decoding=\"async\" width=\"457\" height=\"371\" class=\"alignnone wp-image-132 aligncenter\" style=\"margin-left: auto; margin-right: auto;\" title=\"hammaste_nimetused_piimah.png\" src=\"https:\/\/sisu.ut.ee\/wp-content\/uploads\/sites\/114\/hammaste_nimetused_piimah.png\" alt=\"hammaste_nimetused_piimah.png\" srcset=\"https:\/\/sisu.ut.ee\/wp-content\/uploads\/sites\/114\/hammaste_nimetused_piimah.png 457w, https:\/\/sisu.ut.ee\/wp-content\/uploads\/sites\/114\/hammaste_nimetused_piimah-300x244.png 300w\" sizes=\"auto, (max-width: 457px) 100vw, 457px\"><\/p>\n<h6><strong>\u00dclesanne<\/strong>. Tutvu ajutiste hammaste anatoomiaga \u00f5pikust \u201cHammaste anatoomia, l\u00f5ualuude ja hambumuse areng ning kasv\u201d\u00a0(Saag jt; 2011) peat\u00fckist \u201cPiimahammaste anatoomia\u201d, lk 75-83.<\/h6>\n","protected":false},"excerpt":{"rendered":"<p>K\u00f5igil hammastel on oma nimetus ja iseloomulik kuju. J\u00e4\u00e4vhammaste nimetused: * nimetusi \u201ctsentraalne\u201d ja \u201clateraalne\u201d kasutatakse enam \u00fclemiste intsisiivide kirjeldamisel * kolmandaid molaare kaariese indeksitesse sisse ei arvestata! \u00dclesanne. \u00a0Praktikumiks ja kliiniliseks t\u00f6\u00f6ks valmistudes peab selleks, et \u00a0hambakrooni esialgne\u00a0 kuju &#8230;<\/p>\n","protected":false},"author":12,"featured_media":0,"parent":0,"menu_order":0,"comment_status":"closed","ping_status":"closed","template":"","meta":{"_acf_changed":false,"inline_featured_image":false,"footnotes":""},"class_list":["post-32","page","type-page","status-publish","hentry"],"acf":[],"_links":{"self":[{"href":"https:\/\/sisu.ut.ee\/hammaste_anatoomia_oklusioon\/wp-json\/wp\/v2\/pages\/32","targetHints":{"allow":["GET"]}}],"collection":[{"href":"https:\/\/sisu.ut.ee\/hammaste_anatoomia_oklusioon\/wp-json\/wp\/v2\/pages"}],"about":[{"href":"https:\/\/sisu.ut.ee\/hammaste_anatoomia_oklusioon\/wp-json\/wp\/v2\/types\/page"}],"author":[{"embeddable":true,"href":"https:\/\/sisu.ut.ee\/hammaste_anatoomia_oklusioon\/wp-json\/wp\/v2\/users\/12"}],"replies":[{"embeddable":true,"href":"https:\/\/sisu.ut.ee\/hammaste_anatoomia_oklusioon\/wp-json\/wp\/v2\/comments?post=32"}],"version-history":[{"count":2,"href":"https:\/\/sisu.ut.ee\/hammaste_anatoomia_oklusioon\/wp-json\/wp\/v2\/pages\/32\/revisions"}],"predecessor-version":[{"id":440,"href":"https:\/\/sisu.ut.ee\/hammaste_anatoomia_oklusioon\/wp-json\/wp\/v2\/pages\/32\/revisions\/440"}],"wp:attachment":[{"href":"https:\/\/sisu.ut.ee\/hammaste_anatoomia_oklusioon\/wp-json\/wp\/v2\/media?parent=32"}],"curies":[{"name":"wp","href":"https:\/\/api.w.org\/{rel}","templated":true}]}}