{"id":21,"date":"2024-04-04T00:17:30","date_gmt":"2024-04-03T21:17:30","guid":{"rendered":"https:\/\/sisu.ut.ee\/hammaste_anatoomia_oklusioon\/ajutine-hammaskond\/"},"modified":"2024-04-10T17:01:46","modified_gmt":"2024-04-10T14:01:46","slug":"ajutine-hammaskond","status":"publish","type":"page","link":"https:\/\/sisu.ut.ee\/hammaste_anatoomia_oklusioon\/ajutine-hammaskond\/","title":{"rendered":"Ajutine hammaskond"},"content":{"rendered":"<p><strong>Ajutine hammaskond <\/strong>ehk<strong> piimahammaskond<\/strong> algab ajutiste hammaste suhul\u00f5ikumisega vahemikus umbes 6.-8. elukuust kuni 2,5.-3. eluaastani ja kestab esimese j\u00e4\u00e4vhamba l\u00f5ikumiseni.<\/p>\n<p>Ajutine hammaskond koosneb <strong>20 hambast<\/strong>.<\/p>\n<p>Piimahammaste valem on 2i 1c 2m\u00a0 ehk<strong> igas sektoris on 2 intsisiivi, 1 kaniin ja 2 molaari<\/strong>.<\/p>\n<p><img loading=\"lazy\" decoding=\"async\" width=\"170\" height=\"57\" class=\"alignnone wp-image-108\" style=\"margin-left: auto; margin-right: auto;\" title=\"hammaskond1.png\" src=\"https:\/\/sisu.ut.ee\/wp-content\/uploads\/sites\/114\/hammaskond1.png\" alt=\"hammaskond1.png\"><\/p>\n<h6><strong>Pane t\u00e4hele!<\/strong> Piimahammaskonnas puuduvad eespurihambad ehk premolaarid!<\/h6>\n<p style=\"text-align: center;\"><img loading=\"lazy\" decoding=\"async\" class=\"alignnone wp-image-109\" title=\"hammaskond2c.png\" src=\"https:\/\/sisu.ut.ee\/wp-content\/uploads\/sites\/114\/hammaskond2c.png\" alt=\"hammaskond2c.png\" width=\"420\" height=\"361\" srcset=\"https:\/\/sisu.ut.ee\/wp-content\/uploads\/sites\/114\/hammaskond2c.png 353w, https:\/\/sisu.ut.ee\/wp-content\/uploads\/sites\/114\/hammaskond2c-300x258.png 300w\" sizes=\"auto, (max-width: 420px) 100vw, 420px\"><\/p>\n","protected":false},"excerpt":{"rendered":"<p>Ajutine hammaskond ehk piimahammaskond algab ajutiste hammaste suhul\u00f5ikumisega vahemikus umbes 6.-8. elukuust kuni 2,5.-3. eluaastani ja kestab esimese j\u00e4\u00e4vhamba l\u00f5ikumiseni. Ajutine hammaskond koosneb 20 hambast. Piimahammaste valem on 2i 1c 2m\u00a0 ehk igas sektoris on 2 intsisiivi, 1 kaniin ja &#8230;<\/p>\n","protected":false},"author":12,"featured_media":0,"parent":0,"menu_order":0,"comment_status":"closed","ping_status":"closed","template":"","meta":{"_acf_changed":false,"inline_featured_image":false,"footnotes":""},"class_list":["post-21","page","type-page","status-publish","hentry"],"acf":[],"_links":{"self":[{"href":"https:\/\/sisu.ut.ee\/hammaste_anatoomia_oklusioon\/wp-json\/wp\/v2\/pages\/21","targetHints":{"allow":["GET"]}}],"collection":[{"href":"https:\/\/sisu.ut.ee\/hammaste_anatoomia_oklusioon\/wp-json\/wp\/v2\/pages"}],"about":[{"href":"https:\/\/sisu.ut.ee\/hammaste_anatoomia_oklusioon\/wp-json\/wp\/v2\/types\/page"}],"author":[{"embeddable":true,"href":"https:\/\/sisu.ut.ee\/hammaste_anatoomia_oklusioon\/wp-json\/wp\/v2\/users\/12"}],"replies":[{"embeddable":true,"href":"https:\/\/sisu.ut.ee\/hammaste_anatoomia_oklusioon\/wp-json\/wp\/v2\/comments?post=21"}],"version-history":[{"count":3,"href":"https:\/\/sisu.ut.ee\/hammaste_anatoomia_oklusioon\/wp-json\/wp\/v2\/pages\/21\/revisions"}],"predecessor-version":[{"id":447,"href":"https:\/\/sisu.ut.ee\/hammaste_anatoomia_oklusioon\/wp-json\/wp\/v2\/pages\/21\/revisions\/447"}],"wp:attachment":[{"href":"https:\/\/sisu.ut.ee\/hammaste_anatoomia_oklusioon\/wp-json\/wp\/v2\/media?parent=21"}],"curies":[{"name":"wp","href":"https:\/\/api.w.org\/{rel}","templated":true}]}}