{"id":15,"date":"2024-04-04T00:17:30","date_gmt":"2024-04-03T21:17:30","guid":{"rendered":"https:\/\/sisu.ut.ee\/hammaste_anatoomia_oklusioon\/pinnad-ja-suunad\/"},"modified":"2024-04-10T16:56:47","modified_gmt":"2024-04-10T13:56:47","slug":"pinnad-ja-suunad","status":"publish","type":"page","link":"https:\/\/sisu.ut.ee\/hammaste_anatoomia_oklusioon\/pinnad-ja-suunad\/","title":{"rendered":"Pinnad ja suunad"},"content":{"rendered":"<p>Hammast ja tema pindasid ning samuti suundi\u00a0 kirjeldatakse sageli ladinakeelse terminoloogiaga.<\/p>\n<p>Igal hambal on viis<strong> pinda <\/strong>(eeshammastel neli pinda ja l\u00f5ikeserv), millel on oma nimetused vastavalt paiknemisele. V\u00e4limine, <strong>vestibulaarne <\/strong>ehk<strong> suuesikmine pind<\/strong> <em>(facies vestibularis) <\/em>jaguneb omakorda eeshammaste osas huulmiseks pinnaks <em>(facies labialis)<\/em> ja m\u00e4lumishammaste juures p\u00f5skmiseks pinnaks <em>(facies buccalis)<\/em>. Sisemine pind on <strong>lingvaalne <\/strong>ehk<strong> keelmine pind<\/strong><em> (facies lingualis)<\/em><em>.<\/em> \u00dclal\u00f5uas kasutatakse ka m\u00f5istet <strong>palatinaalne <\/strong>ehk<strong> suulaemine pind<\/strong> <em>(facies palatinalis)<\/em>. Suu keskjoone poole j\u00e4\u00e4b <strong>mesiaalne <\/strong>ehk<strong> keskjoonmine pind<\/strong> <em>(facies mesialis) <\/em>ning sellest eemale<strong> distaalne <\/strong>ehk<strong> kaugmine pind <\/strong><em>(facies distalis)<\/em>. Tagumistel hammastel on lisaks <strong>m\u00e4lumis- <\/strong>ehk<strong> sulgus- <\/strong>ehk<strong> hambumus- <\/strong>ehk<strong> oklusioonipind<\/strong> <em>(facies occlusalis seu masticatoria).<\/em><\/p>\n<h6><strong>\u00dclesanne<\/strong>. Hambaravi spetsiifikat arvestava terminoloogia \u00f5ppimiseks kasuta \u00f5piobjekti \u201cMeditsiiniline terminoloogia suu\u00f5\u00f5ne ja hammaste asendi kirjeldamisel\u201d <a href=\"https:\/\/dspace.ut.ee\/norepo\/18374\/\" target=\"_blank\" rel=\"noopener\">https:\/\/dspace.ut.ee\/norepo\/18374\/<\/a>.<\/h6>\n","protected":false},"excerpt":{"rendered":"<p>Hammast ja tema pindasid ning samuti suundi\u00a0 kirjeldatakse sageli ladinakeelse terminoloogiaga. Igal hambal on viis pinda (eeshammastel neli pinda ja l\u00f5ikeserv), millel on oma nimetused vastavalt paiknemisele. V\u00e4limine, vestibulaarne ehk suuesikmine pind (facies vestibularis) jaguneb omakorda eeshammaste osas huulmiseks pinnaks &#8230;<\/p>\n","protected":false},"author":12,"featured_media":0,"parent":0,"menu_order":0,"comment_status":"closed","ping_status":"closed","template":"","meta":{"_acf_changed":false,"inline_featured_image":false,"footnotes":""},"class_list":["post-15","page","type-page","status-publish","hentry"],"acf":[],"_links":{"self":[{"href":"https:\/\/sisu.ut.ee\/hammaste_anatoomia_oklusioon\/wp-json\/wp\/v2\/pages\/15","targetHints":{"allow":["GET"]}}],"collection":[{"href":"https:\/\/sisu.ut.ee\/hammaste_anatoomia_oklusioon\/wp-json\/wp\/v2\/pages"}],"about":[{"href":"https:\/\/sisu.ut.ee\/hammaste_anatoomia_oklusioon\/wp-json\/wp\/v2\/types\/page"}],"author":[{"embeddable":true,"href":"https:\/\/sisu.ut.ee\/hammaste_anatoomia_oklusioon\/wp-json\/wp\/v2\/users\/12"}],"replies":[{"embeddable":true,"href":"https:\/\/sisu.ut.ee\/hammaste_anatoomia_oklusioon\/wp-json\/wp\/v2\/comments?post=15"}],"version-history":[{"count":3,"href":"https:\/\/sisu.ut.ee\/hammaste_anatoomia_oklusioon\/wp-json\/wp\/v2\/pages\/15\/revisions"}],"predecessor-version":[{"id":441,"href":"https:\/\/sisu.ut.ee\/hammaste_anatoomia_oklusioon\/wp-json\/wp\/v2\/pages\/15\/revisions\/441"}],"wp:attachment":[{"href":"https:\/\/sisu.ut.ee\/hammaste_anatoomia_oklusioon\/wp-json\/wp\/v2\/media?parent=15"}],"curies":[{"name":"wp","href":"https:\/\/api.w.org\/{rel}","templated":true}]}}