{"id":10,"date":"2024-04-04T00:17:30","date_gmt":"2024-04-03T21:17:30","guid":{"rendered":"https:\/\/sisu.ut.ee\/hammaste_anatoomia_oklusioon\/hammastumine\/"},"modified":"2024-04-10T17:00:14","modified_gmt":"2024-04-10T14:00:14","slug":"hammastumine","status":"publish","type":"page","link":"https:\/\/sisu.ut.ee\/hammaste_anatoomia_oklusioon\/hammastumine\/","title":{"rendered":"2. Hammaste l\u00f5ikumine"},"content":{"rendered":"<p style=\"text-align: right;\"><strong>Autor:\u00a0 Riina Runnel<\/strong><\/p>\n<p><strong>Hammaste alged tekivad<\/strong> juba looteeas, enne s\u00fcndi.\u00a0 Seet\u00f5ttu m\u00f5jutab ema tervis ja toitumine lapse hammaste arengut. Arengu ja l\u00f5ikumisaja j\u00e4rgi jaotuvad hambad <strong>piima-<\/strong> ehk <strong>ajutisteks hammasteks<\/strong>\u00a0<em>(dentes decidui)\u00a0<\/em> ja <strong>j\u00e4\u00e4vhammasteks<\/strong> <em>(dentes permanentes)<\/em>.<\/p>\n<p><strong>Hammastumine<\/strong> ehk <strong>hammaste suhu l\u00f5ikumine<\/strong> on kindlal ajavahemikul ja kindlas j\u00e4rjekorras toimuv protsess. Hammaskonnad jaotuvad <strong>piima-<\/strong> ehk <strong>ajutiseks hammaskonnaks<\/strong>\u00a0 ning <strong>j\u00e4\u00e4vhammaskonnaks<\/strong>. Nende vahel on periood, kus suus on m\u00f5lemat t\u00fc\u00fcpi hambad \u2013 see on <strong>vahelduvhammaskond<\/strong>.<\/p>\n<p><img loading=\"lazy\" decoding=\"async\" width=\"500\" height=\"375\" class=\"alignnone wp-image-83 aligncenter\" style=\"margin-left: auto; margin-right: auto;\" title=\"Allikas: [val=http:\/\/theseelycircle.blogspot.com\/ href=http:\/\/theseelycircle.blogspot.com\/]\" src=\"https:\/\/sisu.ut.ee\/wp-content\/uploads\/sites\/114\/hammaskond0.png\" alt=\"Allikas: [val=http:\/\/theseelycircle.blogspot.com\/ href=http:\/\/theseelycircle.blogspot.com\/]\" srcset=\"https:\/\/sisu.ut.ee\/wp-content\/uploads\/sites\/114\/hammaskond0.png 500w, https:\/\/sisu.ut.ee\/wp-content\/uploads\/sites\/114\/hammaskond0-300x225.png 300w\" sizes=\"auto, (max-width: 500px) 100vw, 500px\"><\/p>\n<h6 style=\"text-align: left;\"><strong>Lisalugemiseks<\/strong>. Visualiseeritud hammaste l\u00f5ikumise etapid leiad Eesti Hambaarstide Liidu kodulehelt\u00a0\u00a0<a title=\"\" href=\"https:\/\/www.hambaarst.ee\/robot\/76\" target=\"_blank\" rel=\"noopener\" data-url=\"https:\/\/www.hambaarst.ee\/robot\/76\">https:\/\/www.hambaarst.ee\/robot\/76<\/a> ja soovitusi lastevanematele Suukooli lehelt <a title=\"\" href=\"https:\/\/www.suukool.ee\/et\/laps-ja-vanem\/imik\" target=\"_blank\" rel=\"noopener\" data-url=\"https:\/\/www.suukool.ee\/et\/laps-ja-vanem\/imik\">https:\/\/www.suukool.ee\/et\/laps-ja-vanem\/imik<\/a><\/h6>\n","protected":false},"excerpt":{"rendered":"<p>Autor:\u00a0 Riina Runnel Hammaste alged tekivad juba looteeas, enne s\u00fcndi.\u00a0 Seet\u00f5ttu m\u00f5jutab ema tervis ja toitumine lapse hammaste arengut. Arengu ja l\u00f5ikumisaja j\u00e4rgi jaotuvad hambad piima- ehk ajutisteks hammasteks\u00a0(dentes decidui)\u00a0 ja j\u00e4\u00e4vhammasteks (dentes permanentes). Hammastumine ehk hammaste suhu l\u00f5ikumine on &#8230;<\/p>\n","protected":false},"author":12,"featured_media":0,"parent":0,"menu_order":0,"comment_status":"closed","ping_status":"closed","template":"","meta":{"_acf_changed":false,"inline_featured_image":false,"footnotes":""},"class_list":["post-10","page","type-page","status-publish","hentry"],"acf":[],"_links":{"self":[{"href":"https:\/\/sisu.ut.ee\/hammaste_anatoomia_oklusioon\/wp-json\/wp\/v2\/pages\/10","targetHints":{"allow":["GET"]}}],"collection":[{"href":"https:\/\/sisu.ut.ee\/hammaste_anatoomia_oklusioon\/wp-json\/wp\/v2\/pages"}],"about":[{"href":"https:\/\/sisu.ut.ee\/hammaste_anatoomia_oklusioon\/wp-json\/wp\/v2\/types\/page"}],"author":[{"embeddable":true,"href":"https:\/\/sisu.ut.ee\/hammaste_anatoomia_oklusioon\/wp-json\/wp\/v2\/users\/12"}],"replies":[{"embeddable":true,"href":"https:\/\/sisu.ut.ee\/hammaste_anatoomia_oklusioon\/wp-json\/wp\/v2\/comments?post=10"}],"version-history":[{"count":2,"href":"https:\/\/sisu.ut.ee\/hammaste_anatoomia_oklusioon\/wp-json\/wp\/v2\/pages\/10\/revisions"}],"predecessor-version":[{"id":445,"href":"https:\/\/sisu.ut.ee\/hammaste_anatoomia_oklusioon\/wp-json\/wp\/v2\/pages\/10\/revisions\/445"}],"wp:attachment":[{"href":"https:\/\/sisu.ut.ee\/hammaste_anatoomia_oklusioon\/wp-json\/wp\/v2\/media?parent=10"}],"curies":[{"name":"wp","href":"https:\/\/api.w.org\/{rel}","templated":true}]}}