{"id":9,"date":"2024-04-04T07:15:27","date_gmt":"2024-04-04T04:15:27","guid":{"rendered":"https:\/\/sisu.ut.ee\/hammaste-hooldus\/vahetuva-hammaskonnaga-7-12-aastane-laps\/"},"modified":"2024-04-04T07:15:34","modified_gmt":"2024-04-04T04:15:34","slug":"vahetuva-hammaskonnaga-7-12-aastane-laps","status":"publish","type":"page","link":"https:\/\/sisu.ut.ee\/hammaste-hooldus\/vahetuva-hammaskonnaga-7-12-aastane-laps\/","title":{"rendered":"Vahetuva hammaskonnaga 7\u201312-aastane laps"},"content":{"rendered":"<p>\n\t<img loading=\"lazy\" decoding=\"async\" width=\"150\" height=\"150\" class=\"alignnone wp-image-33\" style=\"width: 150px;height: 150px;float: right;margin: 10px\" src=\"https:\/\/sisu.ut.ee\/wp-content\/uploads\/sites\/497\/piimahammastega_smile.png\" title=\"piimahammastega_smile.png\" alt=\"Smile\">Esimese klassi lapsele teevad hambaarstid tavaliselt esimese panoraampildi hammastest, et kontrollida, kas k\u00f5igi j\u00e4\u00e4vhammaste algmed on olemas. Kui hambaarst on selle unustanud, siis tuletage seda talle meelde. Kasulik on ka esimene visiit ortodondi (hammaste valeasendite muutmisega tegeleva hambaravi eriarsti) vastuv\u00f5tule, et ta saaks m\u00e4\u00e4rata hambumuse vormi. Hambumust oskab m\u00e4\u00e4rata ka hambaarst, kuid kui tema vastused lapse hambumuse kohta teid ei rahulda, siis p\u00f6\u00f6rduge ortodondi poole.\n<\/p>\n<p>\n\tKoolilapsed peaksid olema suutelised ise oma hammaste eest hoolitsema, kuid neile on vaja seda meelde tuletada. Lohakale lapsele saab spetsiaalse v\u00e4rvitableti abil n\u00e4idata, kus on hambakatt ja kuidas ta peaks oma hambaid pesema. Hea, kui seda \u00f5petust jagaks hambaarst v\u00f5i hambaarsti abiline.\n<\/p>\n<p>\n\tLisaks uurige:\n<\/p>\n<ul>\n<li>\n\t\tHambakaaries ja selle ennetamine \u2013 <a data-url=\"https:\/\/sisu.ut.ee\/hambad\/3-hambakaaries-ja-selle-ennetamine\" href=\"https:\/\/sisu.ut.ee\/hambad\/3-hambakaaries-ja-selle-ennetamine\" target=\"_blank\" title=\"\" rel=\"noopener\">https:\/\/sisu.ut.ee\/hambad\/3-hambakaaries-ja-selle-ennetamine<\/a>\n\t<\/li>\n<li>\n\t\tMida saab teha selleks, et hambatraumasid \u00e4ra hoida \u2013 <a data-url=\"https:\/\/sisu.ut.ee\/hambad\/6-hamba-traumad\" href=\"https:\/\/sisu.ut.ee\/hambad\/6-hamba-traumad\" target=\"_blank\" title=\"\" rel=\"noopener\">https:\/\/sisu.ut.ee\/hambad\/6-hamba-traumad<\/a>\n\t<\/li>\n<li>\n\t\tHambumusanomaaliate prof\u00fclaktika \u2013 <a data-url=\"https:\/\/sisu.ut.ee\/hambad\/2-hamba-l\u00f5ualuus\u00fcsteemi-anomaaliate-prof\u00fclaktika\" href=\"https:\/\/sisu.ut.ee\/hambad\/2-hamba-l%C3%B5ualuus%C3%BCsteemi-anomaaliate-prof%C3%BClaktika\" target=\"_blank\" title=\"\" rel=\"noopener\">https:\/\/sisu.ut.ee\/hambad\/2-hamba-l\u00f5ualuus\u00fcsteemi-anomaaliate-prof\u00fclaktika<\/a>\n\t<\/li>\n<\/ul>\n","protected":false},"excerpt":{"rendered":"<p>Esimese klassi lapsele teevad hambaarstid tavaliselt esimese panoraampildi hammastest, et kontrollida, kas k\u00f5igi j\u00e4\u00e4vhammaste algmed on olemas. Kui hambaarst on selle unustanud, siis tuletage seda talle meelde. Kasulik on ka esimene visiit ortodondi (hammaste valeasendite muutmisega tegeleva hambaravi eriarsti) vastuv\u00f5tule, &#8230;<\/p>\n","protected":false},"author":2,"featured_media":0,"parent":0,"menu_order":0,"comment_status":"closed","ping_status":"closed","template":"","meta":{"_acf_changed":false,"inline_featured_image":false,"footnotes":""},"class_list":["post-9","page","type-page","status-publish","hentry"],"acf":[],"_links":{"self":[{"href":"https:\/\/sisu.ut.ee\/hammaste-hooldus\/wp-json\/wp\/v2\/pages\/9","targetHints":{"allow":["GET"]}}],"collection":[{"href":"https:\/\/sisu.ut.ee\/hammaste-hooldus\/wp-json\/wp\/v2\/pages"}],"about":[{"href":"https:\/\/sisu.ut.ee\/hammaste-hooldus\/wp-json\/wp\/v2\/types\/page"}],"author":[{"embeddable":true,"href":"https:\/\/sisu.ut.ee\/hammaste-hooldus\/wp-json\/wp\/v2\/users\/2"}],"replies":[{"embeddable":true,"href":"https:\/\/sisu.ut.ee\/hammaste-hooldus\/wp-json\/wp\/v2\/comments?post=9"}],"version-history":[{"count":1,"href":"https:\/\/sisu.ut.ee\/hammaste-hooldus\/wp-json\/wp\/v2\/pages\/9\/revisions"}],"predecessor-version":[{"id":59,"href":"https:\/\/sisu.ut.ee\/hammaste-hooldus\/wp-json\/wp\/v2\/pages\/9\/revisions\/59"}],"wp:attachment":[{"href":"https:\/\/sisu.ut.ee\/hammaste-hooldus\/wp-json\/wp\/v2\/media?parent=9"}],"curies":[{"name":"wp","href":"https:\/\/api.w.org\/{rel}","templated":true}]}}