{"id":8,"date":"2024-04-04T07:15:27","date_gmt":"2024-04-04T04:15:27","guid":{"rendered":"https:\/\/sisu.ut.ee\/hammaste-hooldus\/piimahammaskonnaga-4-6-aastane-laps\/"},"modified":"2024-04-04T07:15:34","modified_gmt":"2024-04-04T04:15:34","slug":"piimahammaskonnaga-4-6-aastane-laps","status":"publish","type":"page","link":"https:\/\/sisu.ut.ee\/hammaste-hooldus\/piimahammaskonnaga-4-6-aastane-laps\/","title":{"rendered":"Piimahammaskonnaga 4-6-aastane laps"},"content":{"rendered":"<p>\n\t<img loading=\"lazy\" decoding=\"async\" width=\"150\" height=\"150\" class=\"alignnone wp-image-33\" style=\"width: 150px;height: 150px;float: right;margin: 10px\" src=\"https:\/\/sisu.ut.ee\/wp-content\/uploads\/sites\/497\/piimahammastega_smile.png\" title=\"piimahammastega_smile.png\" alt=\"Smile\">Selles vanuses laps peseb k\u00fcll ise hea meelega oma hambaid, kuid lapsevanemad peavad p\u00e4rast pesemist hindama tulemust ning kiitma last, kui t\u00f6\u00f6 on h\u00e4sti tehtud. Vajadusel tuleb last hammaste puhastamisel abistada.\n<\/p>\n<p>\n\tEsimene j\u00e4\u00e4vpurihammas l\u00f5ikub suhu 5.-6. eluaastal hambakaare l\u00f5ppu ja sageli peavad lapsevanemad seda hammast ekslikult piimahambaks, sest \u00fchtegi piimahammast pole \u00e4ra tulnud.\n<\/p>\n<p>\n\tLisaks uurige:\n<\/p>\n<ul>\n<li>\n\t\tJ\u00e4\u00e4vhammaste l\u00f5ikumise ajad ja j\u00e4rjekord \u2013 <a data-url=\"https:\/\/sisu.ut.ee\/hambad\/1-hammaste-areng-ja-suhu-l%C3%B5ikumine\" href=\"https:\/\/sisu.ut.ee\/hambad\/1-hammaste-areng-ja-suhu-l%C3%B5ikumine\" target=\"_blank\" title=\"\" rel=\"noopener\">https:\/\/sisu.ut.ee\/hambad\/1-hammaste-areng-ja-suhu-l\u00f5ikumine<\/a>\n\t<\/li>\n<li>\n\t\tHammaste ehitus \u2013 <a data-url=\"https:\/\/sisu.ut.ee\/hammaste_anatoomia_oklusioon\/hamba-ehitus\" href=\"https:\/\/sisu.ut.ee\/hammaste_anatoomia_oklusioon\/hamba-ehitus\" target=\"_blank\" title=\"\" rel=\"noopener\">https:\/\/sisu.ut.ee\/hammaste_anatoomia_oklusioon\/hamba-ehitus<\/a>\n\t<\/li>\n<li>\n\t\tKuidas tekib kaaries \u2013 <a data-url=\"https:\/\/sisu.ut.ee\/hambad\/3-hambakaaries-ja-selle-ennetamine\" href=\"https:\/\/sisu.ut.ee\/hambad\/3-hambakaaries-ja-selle-ennetamine\" target=\"_blank\" title=\"\" rel=\"noopener\">https:\/\/sisu.ut.ee\/hambad\/3-hambakaaries-ja-selle-ennetamine<\/a>\n\t<\/li>\n<\/ul>\n<p>\n\tKui lapsel on terved piimahambad, siis\n<\/p>\n<ul>\n<li>\n\t\tsaab laps s\u00fc\u00fca mitmesugust toitu;\n\t<\/li>\n<li>\n\t\ts\u00f6\u00f6mine on lapsele oodatud, r\u00f5\u00f5mus hetk;\n\t<\/li>\n<li>\n\t\tlaps ei koge hambavaluhirmu;\n\t<\/li>\n<li>\n\t\tj\u00e4\u00e4vhammastel on paremad v\u00f5imalused areneda tervetena.\n\t<\/li>\n<\/ul>\n<h2>\n\t<img loading=\"lazy\" decoding=\"async\" width=\"100\" height=\"99\" class=\"alignnone wp-image-15\" style=\"width:51px;height:50px;float:left\" src=\"https:\/\/sisu.ut.ee\/wp-content\/uploads\/sites\/497\/icon_tahelepanu.png\" title=\"icon_tahelepanu.png\" alt=\"Info\">Terved piimahambad suus hoiavad ruumi j\u00e4\u00e4vhammastele.<br>\n<\/h2>\n<p>\n\tV\u00f5tke laps oma hambaarsti juurde kaasa, et ta harjuks hambaarstiga ja n\u00e4eks, mida seal tehakse. Enne hambaarsti juurde minekut p\u00fc\u00fcdke lapsele selgitada, mida seal tehakse. N\u00e4iteks vaadatakse peegliga hambaid. \u00c4rge tekitage ise lapses hirmu s\u00f5nadega: \u201c\u00c4ra karda, ta ei tee haiget.\u201d See on hoiatus, et hambaarst v\u00f5ib haiget teha ja nii hakkab laps kartma. Lapse hambaid oleks hea n\u00e4idata hambaarstile kaks korda aastas.\n<\/p>\n<h3>\n\tAdenoididest<br>\n<\/h3>\n<p>\n\tTermin \u201eadenoidid\u201d (adenoides) t\u00e4histab adenoidseid vohandeid ehk l\u00fcmfoepiteelkoe suurenemist ninaneelus e suurenenud neelumandlit. Neelumandel areneb v\u00e4lja 7. lootekuu jooksul ja v\u00f5ib suureneda 5.-7. eluaastani, t\u00e4ites kogu ninaneeluvalendiku. Seej\u00e4rel, 13.-14. eluaastaks, neelumandel j\u00e4rk-j\u00e4rgult taandareneb ja ninaneel avardub. L\u00fcmfoepiteelkoe vohandeid esineb harva ka t\u00e4iskasvanutel, olles \u00fcheks HIV-nakkuse varaseks tunnuseks.\n<\/p>\n<p>\n\tAdenoidid lapseeas v\u00e4ljenduvad suuhingamisega kompenseeritud \u00fclemiste hingamisteede stenoosina, mida kas ei m\u00e4rgata \u00fcldse v\u00f5i mille tegelikku p\u00f5hjust ei kahtlustata. Adenoidide t\u00fcsistused v\u00e4ljenduvad mitmeti. M\u00e4dat\u00fcsistuste korral annab antibakteriaalne ravi n\u00e4ilise, ajutise tulemuse, mist\u00f5ttu pahatihti piirdutakse s\u00fcmptomaatilise raviga ja haiguse retsidiveerumist v\u00f5i krooniliseks muutumist seostatakse kas ravimi ebapiisava kasutusaja v\u00f5i bioloogilise ebaefektiivsusega. Sellest tuleneb ka adenoidide olemasolu alahindamine ning haigetele lastele etiopatogeneetilise ravi m\u00e4\u00e4ramata j\u00e4tmine.\n<\/p>\n<p>\n\tT\u00fcsistumata adenoidid lapseeas v\u00e4ljenduvad j\u00e4rgmiste s\u00fcmptomitena:\n<\/p>\n<ul>\n<li>\n\t\tsuuhingamine;\n\t<\/li>\n<li>\n\t\tnohisemine;\n\t<\/li>\n<li>\n\t\tnorskamine;\n\t<\/li>\n<li>\n\t\tnasaalne k\u00f5ne.\n\t<\/li>\n<\/ul>\n<p>\n\tK\u00f5ik need s\u00fcmptomid avalduvad kliiniliselt varjatud kujul. Suu minimaalne avatus 1-2 mm on t\u00e4iesti piisav \u00fclemiste hingamisteede stenoosi kompenseerimiseks ja nohisemise kaotamiseks, kuid sellest ei piisa, et lapsevanem m\u00e4rkaks mittef\u00fcsioloogilist hingamist. Nasaalne k\u00f5ne on samuti varjatud, sest varases staadiumis avaldub see vaid \u00fcksikute h\u00e4\u00e4likute v\u00e4heses moondumises, millele hiljem, logopeedilise h\u00e4ire s\u00fcvenemisel, omistatakse vaid isikup\u00e4rasuse t\u00e4hendus. Lapse norskamine kui haigusliku seisundi v\u00e4ljendus ning selle tingitus adenoididest ei ole samuti leidnud k\u00fcllaldast t\u00e4helepanu ega arusaamist, mist\u00f5ttu adenoidide kindlakstegemine ka selle s\u00fcmptomi p\u00f5hjal on komplitseeritud. Seega ei ole adenoidide s\u00fcmptomid, samuti adenoidide lokaalsed t\u00fcsistused alati aluseks laste suunamisel konsultatsioonile k\u00f5rva-nina-kurguarsti juurde.\n<\/p>\n<p>\n\tT\u00fc\u00fcpilisemaks adenoidide lokaalseks t\u00fcsistuseks on p\u00f5letiku \u2013 adenoidiidi \u2013 lisandumine , v\u00e4ljendudes lapseea kroonilise ja\/v\u00f5i retsidiveeruva nohuna. Pidev v\u00f5i sage nohu lapsel simuleerib k\u00fclmetushaigust v\u00f5i viirusinfektsiooni. Kodus r\u00e4\u00e4gitakse siis n\u00f5rga tervisega lapsest, mis t\u00e4hendab lapse ilmaj\u00e4tmist k\u00f5igist karastuslikest ning kehalistest harjutustest, mis v\u00f5iksid ja peaksid tema vastupanuv\u00f5imet t\u00f5stma. See on periood, mil l\u00e4hedased p\u00fc\u00fcavad anda lapsele magusat s\u00fcsivesikuterikast toitu, vaesestades sellega nii lapse dieeti kui ka isu, mille tagaj\u00e4rjel patoloogilised muutused aina s\u00fcvenevad ning arsti n\u00f5uannet vajatakse enamasti muude elundite p\u00f5letikulist laadi t\u00fcsistuste t\u00f5ttu.\n<\/p>\n<p>\n\tAdenoidide t\u00fcsistused muudes elundites tekivad lapseeas obstrueeriva ja infektsioosse mehhanismi pikaajalise koostoimimise tagaj\u00e4rjel ja v\u00e4ljenduvad j\u00e4rgmiste terviseh\u00e4iretena:\n<\/p>\n<ul>\n<li>\n\t\tkeskk\u00f5rvahaigused;\n\t<\/li>\n<li>\n\t\tnina- ja ninak\u00f5rvalurgete haigused;\n\t<\/li>\n<li>\n\t\talumiste hingamisteede haigused;\n\t<\/li>\n<li>\n\t\tn\u00e4okolju muutused: k\u00f5rge kitsas suulagi, etteulatuvad \u00fclemised l\u00f5ikehambad; hambumusanomaalia, v\u00e4ike alal\u00f5ug, lamenenud nina-huulevoldid, sisset\u00f5mbunud ninatiivad;\n\t<\/li>\n<li>\n\t\tmuud somaatilised ja vegetatiivsed h\u00e4ired;\n\t<\/li>\n<li>\n\t\tintellekti ja vaimse arengu pidurdumine: h\u00fcpoksia p\u00f5hjustab \u00f6\u00f6sel rahutut, h\u00e4iritud und; p\u00e4eval v\u00e4simust, apaatiat, loidust, tujukust, isutust, halba \u00f5ppeedukust.\n\t<\/li>\n<\/ul>\n<p>\n\tEt k\u00f5ik eespool toodud terviseh\u00e4ired lastel seostuvad adenoididega, on p\u00f5hjuse varane avastamine koos j\u00e4rgneva diagnoosimise ja adenoidide eemaldamisega h\u00e4davajalik nii lapse tervise kui ka lapsevanemate normaalse t\u00f6\u00f6h\u00f5ive tagamiseks.\n<\/p>\n<hr>\n<p>\n\t\u00dclevaade adenoididest on koostatud ajakirjas Eesti Arst ilmunud artikli Adenoidid ja far\u00fcngograafia p\u00f5hjal\n<\/p>\n<p>\n\t\u00a0<\/p>\n","protected":false},"excerpt":{"rendered":"<p>Selles vanuses laps peseb k\u00fcll ise hea meelega oma hambaid, kuid lapsevanemad peavad p\u00e4rast pesemist hindama tulemust ning kiitma last, kui t\u00f6\u00f6 on h\u00e4sti tehtud. Vajadusel tuleb last hammaste puhastamisel abistada. Esimene j\u00e4\u00e4vpurihammas l\u00f5ikub suhu 5.-6. eluaastal hambakaare l\u00f5ppu ja &#8230;<\/p>\n","protected":false},"author":2,"featured_media":0,"parent":0,"menu_order":0,"comment_status":"closed","ping_status":"closed","template":"","meta":{"_acf_changed":false,"inline_featured_image":false,"footnotes":""},"class_list":["post-8","page","type-page","status-publish","hentry"],"acf":[],"_links":{"self":[{"href":"https:\/\/sisu.ut.ee\/hammaste-hooldus\/wp-json\/wp\/v2\/pages\/8","targetHints":{"allow":["GET"]}}],"collection":[{"href":"https:\/\/sisu.ut.ee\/hammaste-hooldus\/wp-json\/wp\/v2\/pages"}],"about":[{"href":"https:\/\/sisu.ut.ee\/hammaste-hooldus\/wp-json\/wp\/v2\/types\/page"}],"author":[{"embeddable":true,"href":"https:\/\/sisu.ut.ee\/hammaste-hooldus\/wp-json\/wp\/v2\/users\/2"}],"replies":[{"embeddable":true,"href":"https:\/\/sisu.ut.ee\/hammaste-hooldus\/wp-json\/wp\/v2\/comments?post=8"}],"version-history":[{"count":1,"href":"https:\/\/sisu.ut.ee\/hammaste-hooldus\/wp-json\/wp\/v2\/pages\/8\/revisions"}],"predecessor-version":[{"id":58,"href":"https:\/\/sisu.ut.ee\/hammaste-hooldus\/wp-json\/wp\/v2\/pages\/8\/revisions\/58"}],"wp:attachment":[{"href":"https:\/\/sisu.ut.ee\/hammaste-hooldus\/wp-json\/wp\/v2\/media?parent=8"}],"curies":[{"name":"wp","href":"https:\/\/api.w.org\/{rel}","templated":true}]}}