{"id":11,"date":"2024-04-04T07:15:27","date_gmt":"2024-04-04T04:15:27","guid":{"rendered":"https:\/\/sisu.ut.ee\/hammaste-hooldus\/taiskasvanule\/"},"modified":"2024-04-15T15:48:56","modified_gmt":"2024-04-15T12:48:56","slug":"taiskasvanule","status":"publish","type":"page","link":"https:\/\/sisu.ut.ee\/hammaste-hooldus\/taiskasvanule\/","title":{"rendered":"T\u00e4iskasvanule"},"content":{"rendered":"<p><img loading=\"lazy\" decoding=\"async\" width=\"150\" height=\"150\" class=\"alignnone wp-image-35\" style=\"width: 150px; height: 150px; margin: 10px; float: right;\" title=\"taiskasvanu-smile.png\" src=\"https:\/\/sisu.ut.ee\/wp-content\/uploads\/sites\/497\/taiskasvanu-smile.png\" alt=\"Smile\">Kordan veelkord, et hetkel on Eestis kahjuks olukord, kus t\u00e4iskasvanute hambaravi eest peab tasuma patsient ise.<\/p>\n<p>Eesti Haigekassa tasub ainult teenuse eest esmaabi korral. V\u00e4ltimatu abi korras v\u00e4hemalt 19-aastasele kindlustatud isikule tasub haigekassa hamba eemaldamise ja\/v\u00f5i m\u00e4dakolde avamise eest. Parem oleks loomulikult v\u00e4ltida nii \u00f5nnetuid olukordi hammastega, et need vajaksid kohest eemaldamist v\u00f5i m\u00e4dakolde avamist. Kuid abiks on seegi.<\/p>\n<p>H\u00fcvitisi saavad vanadus- v\u00f5i t\u00f6\u00f6v\u00f5imetuspension\u00e4rid v\u00f5i v\u00e4hemalt 63- aastased isikud, rasedad, alla \u00fcheaastase lapse emad, tervishoiuteenuste osutamise tagaj\u00e4rjel suurenenud hambaravivajadusega inimesed (nt v\u00e4hihaige kiiritusravi j\u00e4rel).<\/p>\n<p>Lugege t\u00e4psemalt:\u00a0<a title=\"\" href=\"https:\/\/sisu.ut.ee\/hammaste-hooldus\/ainult-rahast\" data-url=\"https:\/\/sisu.ut.ee\/hammaste-hooldus\/ainult-rahast\">https:\/\/sisu.ut.ee\/hammaste-hooldus\/ainult-rahast<\/a><\/p>\n<p>H\u00fcvitised ei ole suured, kuid ka neid on vaja kasutada, et veidigi parandada hammaste tervist.<\/p>\n<p>T\u00e4iskasvanule on olulised:<\/p>\n<ul>\n<li>suu\u00f5\u00f5ne h\u00fcgieen;<\/li>\n<li>hammaste tervis;<\/li>\n<li>terved igemed;<\/li>\n<li>normaalne hambumus;<\/li>\n<li>vajadusel hammaste asendamine proteesidega.<\/li>\n<\/ul>\n<p>Uurige kindlasti!<\/p>\n<ul>\n<li>Hambakaaries ja selle ennetamine \u2013 <a title=\"\" href=\"https:\/\/sisu.ut.ee\/hambad\/3-hambakaaries-ja-selle-ennetamine\" target=\"_blank\" rel=\"noopener\" data-url=\"https:\/\/sisu.ut.ee\/hambad\/3-hambakaaries-ja-selle-ennetamine\">https:\/\/sisu.ut.ee\/hambad\/3-hambakaaries-ja-selle-ennetamine<\/a><\/li>\n<li>Hammast \u00fcmbritsevate kudede p\u00f5letik \u2013 <a title=\"\" href=\"https:\/\/sisu.ut.ee\/hambad\/5-parodondi-haigused\" target=\"_blank\" rel=\"noopener\" data-url=\"https:\/\/sisu.ut.ee\/hambad\/5-parodondi-haigused\">https:\/\/sisu.ut.ee\/hambad\/5-parodondi-haigused<\/a><\/li>\n<li>Suu\u00f5\u00f5ne h\u00fcgieen \u2013 <a title=\"\" href=\"https:\/\/sisu.ut.ee\/hambad\/4-suuoone-hugieen\/\" target=\"_blank\" rel=\"noopener\" data-url=\"https:\/\/sisu.ut.ee\/hambad\/4-suu\u00f5\u00f5ne-h\u00fcgieen\">https:\/\/sisu.ut.ee\/hambad\/4-suu\u00f5\u00f5ne-h\u00fcgieen<\/a><\/li>\n<\/ul>\n<h3>Hammaste valgendamisest<\/h3>\n<p>Hammaste v\u00e4rv on erinevatel inimestel v\u00e4ga erinev. Siin on olulised tegurid p\u00e4rilikkus, h\u00fcgieen, dieet, \u00fcldtervislik seisund, kasutatud ravimid ja varem teostatud hammaste ravi.<\/p>\n<p>Valgendavaid geele on kahesuguseid \u2013 pisut n\u00f5rgema kontsentratsiooniga koduseks kasutamiseks ja tugevama toimega arstikabinetis kasutamiseks.<\/p>\n<p style=\"text-align: center;\"><img loading=\"lazy\" decoding=\"async\" width=\"197\" height=\"200\" class=\"alignnone wp-image-36\" title=\"valgendamine.jpeg\" src=\"https:\/\/sisu.ut.ee\/wp-content\/uploads\/sites\/497\/valgendamine.jpeg\" alt=\"Valgendamine\"><\/p>\n<p style=\"text-align: center;\"><strong><em>N\u00e4ide hammastest enne ja p\u00e4rast valgendamist.<\/em><\/strong><\/p>\n<p>Arstikabinetis protseduure teostades saavutatakse efekt kiiremini peroksiidi suurema sisalduse t\u00f5ttu geelis, ka saab igemeid paremini kaitsta. Protseduuride arv s\u00f5ltub soovitud tulemusest, sageli aitab 1-2 visiidist. Eriti efektiivne on valgendamine aktiveerituna laseri kiirtest. Protseduur on kallis, kuid tulemus saavutatakse \u00fche visiidiga. K\u00fcll aga on protseduuri j\u00e4rgselt hambad 2-3 n\u00e4dala jooksul v\u00e4ga tundlikud temperatuuri muutustele. Reeglina need kaebused on l\u00fchiajalised. Kui plaan on kindel, tuleb sobiva meetodi valimiseks kindlasti n\u00f5u pidada oma hambaarstiga, kes tunneb k\u00f5ige paremini Teie hammaste seisundit.<\/p>\n<p>Vastun\u00e4idustuseks hammaste valgendamisel on avar pulbiruum ehk avar hamba\u00f5\u00f5s, mis soodustab hammaste \u00fclitundlikkuse teket protseduuri j\u00e4rel. Sama p\u00f5hjusel ei ole n\u00e4idustatud hammaste pleegitamine lastel ja noorukitel.<\/p>\n<h2><img loading=\"lazy\" decoding=\"async\" width=\"100\" height=\"99\" class=\"alignnone wp-image-15\" style=\"width: 51px; height: 50px; float: left;\" title=\"icon_tahelepanu.png\" src=\"https:\/\/sisu.ut.ee\/wp-content\/uploads\/sites\/497\/icon_tahelepanu.png\" alt=\"Info\">Valgendamist v\u00f5ib soovitada \u00fcldse alates 16. eluaastast.<\/h2>\n<p>Enne valgendamist peavad olema hambad ja igemed ravitud v\u00f5i terved, sest pleegitusgeeli toimel krooniline igemep\u00f5letik \u00e4gestub ja kaariesega hambad hakkavad valutama. Me ei soovita hammaste valgendamist ka rasedatele ja \u00fcldhaigustega patsientidele (kasvajad, h\u00fcpertensioon, astma). Allergikutel v\u00f5ib esineda vesinikperoksiidi talumatus s.o allergiline reaktsioon valgendamisel kasutavate keemiliste lisaainete suhtes. Poole aasta m\u00f6\u00f6dudes on vaja kordusprotseduure, eriti kui ei loobuta suitsetamisest ja sagedasest kohvi\/tee joomisest. Kuid ka tavalises toidus olevad pigmentained kinnituvad hamba pinnale ja dikteerivad korduvaid valgendamise protseduure.<\/p>\n<p>K\u00f5ige lihtsam ja k\u00e4ttesaadavam meetod on kasutada valgendavaid hambapastasid.<\/p>\n","protected":false},"excerpt":{"rendered":"<p>Kordan veelkord, et hetkel on Eestis kahjuks olukord, kus t\u00e4iskasvanute hambaravi eest peab tasuma patsient ise. Eesti Haigekassa tasub ainult teenuse eest esmaabi korral. V\u00e4ltimatu abi korras v\u00e4hemalt 19-aastasele kindlustatud isikule tasub haigekassa hamba eemaldamise ja\/v\u00f5i m\u00e4dakolde avamise eest. Parem &#8230;<\/p>\n","protected":false},"author":2,"featured_media":0,"parent":0,"menu_order":0,"comment_status":"closed","ping_status":"closed","template":"","meta":{"_acf_changed":false,"inline_featured_image":false,"footnotes":""},"class_list":["post-11","page","type-page","status-publish","hentry"],"acf":[],"_links":{"self":[{"href":"https:\/\/sisu.ut.ee\/hammaste-hooldus\/wp-json\/wp\/v2\/pages\/11","targetHints":{"allow":["GET"]}}],"collection":[{"href":"https:\/\/sisu.ut.ee\/hammaste-hooldus\/wp-json\/wp\/v2\/pages"}],"about":[{"href":"https:\/\/sisu.ut.ee\/hammaste-hooldus\/wp-json\/wp\/v2\/types\/page"}],"author":[{"embeddable":true,"href":"https:\/\/sisu.ut.ee\/hammaste-hooldus\/wp-json\/wp\/v2\/users\/2"}],"replies":[{"embeddable":true,"href":"https:\/\/sisu.ut.ee\/hammaste-hooldus\/wp-json\/wp\/v2\/comments?post=11"}],"version-history":[{"count":2,"href":"https:\/\/sisu.ut.ee\/hammaste-hooldus\/wp-json\/wp\/v2\/pages\/11\/revisions"}],"predecessor-version":[{"id":81,"href":"https:\/\/sisu.ut.ee\/hammaste-hooldus\/wp-json\/wp\/v2\/pages\/11\/revisions\/81"}],"wp:attachment":[{"href":"https:\/\/sisu.ut.ee\/hammaste-hooldus\/wp-json\/wp\/v2\/media?parent=11"}],"curies":[{"name":"wp","href":"https:\/\/api.w.org\/{rel}","templated":true}]}}