{"id":5,"date":"2024-04-03T23:07:33","date_gmt":"2024-04-03T20:07:33","guid":{"rendered":"https:\/\/sisu.ut.ee\/hambumusanomaalia\/nao-proportsioonid\/"},"modified":"2024-04-03T23:08:01","modified_gmt":"2024-04-03T20:08:01","slug":"nao-proportsioonid","status":"publish","type":"page","link":"https:\/\/sisu.ut.ee\/hambumusanomaalia\/nao-proportsioonid\/","title":{"rendered":"N\u00e4o proportsioonid"},"content":{"rendered":"<p><strong style=\"line-height: 1.6em\">N\u00e4o proportsioone<\/strong> vertikaaltasapinnas uuritakse kolmandike k\u00f5rguste v\u00f5rdlemise teel. Normaalselt on kolmandike k\u00f5rgused v\u00f5rdsed.<\/p>\n<p>Kolmandikud m\u00f5\u00f5detakse j\u00e4rgmiselt:<\/p>\n<ul>\n<li>\u00dclemine kolmandik \u2013 juuste piirilt kulmudevahelise punktini.<\/li>\n<li>Keskmine kolmandik \u2013 kulmudevahelisest punktist nina-aluse punktini.<\/li>\n<li>Alumine kolmandik \u2013 nina alt kuni l\u00f5uatsi otsani.<\/li>\n<\/ul>\n<table class=\"table table-hover\" border=\"0\" align=\"center\">\n<tbody>\n<tr>\n<td><img loading=\"lazy\" decoding=\"async\" width=\"304\" height=\"362\" class=\"alignnone wp-image-28\" style=\"margin-left: auto;margin-right: auto\" src=\"https:\/\/sisu.ut.ee\/wp-content\/uploads\/sites\/9\/vv6.png\" title=\"vv6.png\" alt=\"vv6.png\" srcset=\"https:\/\/sisu.ut.ee\/wp-content\/uploads\/sites\/9\/vv6.png 304w, https:\/\/sisu.ut.ee\/wp-content\/uploads\/sites\/9\/vv6-252x300.png 252w\" sizes=\"auto, (max-width: 304px) 100vw, 304px\"><\/td>\n<td><img loading=\"lazy\" decoding=\"async\" width=\"272\" height=\"373\" class=\"alignnone wp-image-29\" style=\"line-height: 1.6em;margin-left: auto;margin-right: auto\" src=\"https:\/\/sisu.ut.ee\/wp-content\/uploads\/sites\/9\/vv7.png\" title=\"vv7.png\" alt=\"vv7.png\" srcset=\"https:\/\/sisu.ut.ee\/wp-content\/uploads\/sites\/9\/vv7.png 272w, https:\/\/sisu.ut.ee\/wp-content\/uploads\/sites\/9\/vv7-219x300.png 219w\" sizes=\"auto, (max-width: 272px) 100vw, 272px\"><\/td>\n<\/tr>\n<tr>\n<td style=\"text-align: center\"><em>N\u00e4o kolmandike m\u00f5\u00f5tmine<\/em><\/td>\n<td style=\"text-align: center\"><em>Joonis: Aide Eendra<\/em><span data-mce-mark=\"1\">\u00a0<\/span><br><span data-mce-mark=\"1\">\u00a0 \u00a0 \u00a0 \u00a0 \u00a0 \u00a0 \u00a0 \u00a0<\/span><em><span data-mce-mark=\"1\">N\u00e4o kolmandike k\u00f5rguste m\u00f5\u00f5tmine ja heade proportsioonidega lapse n\u00e4gu.<\/span><\/em><\/td>\n<\/tr>\n<\/tbody>\n<\/table>\n<p style=\"text-align: center\"><em>\u00a0<\/em><\/p>\n","protected":false},"excerpt":{"rendered":"<p>N\u00e4o proportsioone vertikaaltasapinnas uuritakse kolmandike k\u00f5rguste v\u00f5rdlemise teel. Normaalselt on kolmandike k\u00f5rgused v\u00f5rdsed. Kolmandikud m\u00f5\u00f5detakse j\u00e4rgmiselt: \u00dclemine kolmandik \u2013 juuste piirilt kulmudevahelise punktini. Keskmine kolmandik \u2013 kulmudevahelisest punktist nina-aluse punktini. Alumine kolmandik \u2013 nina alt kuni l\u00f5uatsi otsani. N\u00e4o kolmandike &#8230;<\/p>\n","protected":false},"author":2,"featured_media":0,"parent":0,"menu_order":0,"comment_status":"closed","ping_status":"closed","template":"","meta":{"_acf_changed":false,"inline_featured_image":false,"footnotes":""},"class_list":["post-5","page","type-page","status-publish","hentry"],"acf":[],"_links":{"self":[{"href":"https:\/\/sisu.ut.ee\/hambumusanomaalia\/wp-json\/wp\/v2\/pages\/5","targetHints":{"allow":["GET"]}}],"collection":[{"href":"https:\/\/sisu.ut.ee\/hambumusanomaalia\/wp-json\/wp\/v2\/pages"}],"about":[{"href":"https:\/\/sisu.ut.ee\/hambumusanomaalia\/wp-json\/wp\/v2\/types\/page"}],"author":[{"embeddable":true,"href":"https:\/\/sisu.ut.ee\/hambumusanomaalia\/wp-json\/wp\/v2\/users\/2"}],"replies":[{"embeddable":true,"href":"https:\/\/sisu.ut.ee\/hambumusanomaalia\/wp-json\/wp\/v2\/comments?post=5"}],"version-history":[{"count":1,"href":"https:\/\/sisu.ut.ee\/hambumusanomaalia\/wp-json\/wp\/v2\/pages\/5\/revisions"}],"predecessor-version":[{"id":159,"href":"https:\/\/sisu.ut.ee\/hambumusanomaalia\/wp-json\/wp\/v2\/pages\/5\/revisions\/159"}],"wp:attachment":[{"href":"https:\/\/sisu.ut.ee\/hambumusanomaalia\/wp-json\/wp\/v2\/media?parent=5"}],"curies":[{"name":"wp","href":"https:\/\/api.w.org\/{rel}","templated":true}]}}