{"id":4,"date":"2024-04-03T23:07:33","date_gmt":"2024-04-03T20:07:33","guid":{"rendered":"https:\/\/sisu.ut.ee\/hambumusanomaalia\/juuste-ja-naonaha-vaatlus\/"},"modified":"2024-04-03T23:08:01","modified_gmt":"2024-04-03T20:08:01","slug":"juuste-ja-naonaha-vaatlus","status":"publish","type":"page","link":"https:\/\/sisu.ut.ee\/hambumusanomaalia\/juuste-ja-naonaha-vaatlus\/","title":{"rendered":"Juuste ja n\u00e4onaha vaatlus"},"content":{"rendered":"<p>V\u00e4ga h\u00f5redad ja heledad juuksed, samuti ketendav ja kuiv n\u00e4onahk v\u00f5ivad olla ektodermaalse d\u00fcsplaasia tunnuseks.<\/p>\n<table class=\"table table-hover\" border=\"0\" align=\"center\">\n<tbody>\n<tr>\n<td><img loading=\"lazy\" decoding=\"async\" width=\"300\" height=\"300\" class=\"alignnone wp-image-24\" src=\"https:\/\/sisu.ut.ee\/wp-content\/uploads\/sites\/9\/vv2.png\" title=\"vv2.png\" alt=\"vv2.png\" srcset=\"https:\/\/sisu.ut.ee\/wp-content\/uploads\/sites\/9\/vv2.png 300w, https:\/\/sisu.ut.ee\/wp-content\/uploads\/sites\/9\/vv2-150x150.png 150w\" sizes=\"auto, (max-width: 300px) 100vw, 300px\"><\/td>\n<td><img loading=\"lazy\" decoding=\"async\" width=\"218\" height=\"300\" class=\"alignnone wp-image-25\" src=\"https:\/\/sisu.ut.ee\/wp-content\/uploads\/sites\/9\/vv3.png\" title=\"vv3.png\" alt=\"vv3.png\"><\/td>\n<\/tr>\n<tr>\n<td style=\"text-align: center\"><em>Tavalise naha- ja juuste v\u00e4rvusega<\/em><br><em><a href=\"http:\/\/guides2you.com\" target=\"_blank\" rel=\"noopener\">http:\/\/guides2you.com<\/a><\/em><\/td>\n<td style=\"text-align: center\"><em>\u00a0Ektodermaalse d\u00fcsplaasiaga laps<\/em><br><em><a href=\"http:\/\/www.nature.com\" target=\"_blank\" rel=\"noopener\">http:\/\/www.nature.com<\/a><a href=\"http:\/\/www.nature.com\/bdj\/journal\/v194\/n5\/fig_tab\/4809925a_ft.html\"><\/a><\/em><\/td>\n<\/tr>\n<\/tbody>\n<\/table>\n<p>Ektodermaalse d\u00fcsplaasia korral on hammaste arv v\u00e4henenud.<\/p>\n<p style=\"text-align: center\"><img loading=\"lazy\" decoding=\"async\" width=\"250\" height=\"344\" class=\"alignnone wp-image-26\" style=\"margin-left: auto;margin-right: auto\" src=\"https:\/\/sisu.ut.ee\/wp-content\/uploads\/sites\/9\/vv4.png\" title=\"vv4.png\" alt=\"vv4.png\" srcset=\"https:\/\/sisu.ut.ee\/wp-content\/uploads\/sites\/9\/vv4.png 250w, https:\/\/sisu.ut.ee\/wp-content\/uploads\/sites\/9\/vv4-218x300.png 218w\" sizes=\"auto, (max-width: 250px) 100vw, 250px\"><\/p>\n<p style=\"text-align: center\"><em>Ektodermaalse d\u00fcsplaasiaga lapse ortopantomogramm<br><a href=\"http:\/\/www.lesvampires.org\" target=\"_blank\" rel=\"noopener\">http:\/\/www.lesvampires.org<\/a><a href=\"http:\/\/www.lesvampires.org\/HEDysplasia.html\"><\/a><\/em><\/p>\n<p>N\u00e4htavad armid n\u00e4o piirkonnas viitavad kas anomaaliale v\u00f5i traumale, mis omakorda v\u00f5ivad m\u00f5jutada hambumust.<\/p>\n<p><img loading=\"lazy\" decoding=\"async\" width=\"179\" height=\"118\" class=\"alignnone wp-image-27\" style=\"margin-left: auto;margin-right: auto\" src=\"https:\/\/sisu.ut.ee\/wp-content\/uploads\/sites\/9\/vv5.png\" title=\"vv5.png\" alt=\"vv5.png\"><\/p>\n<p style=\"text-align: center\"><em>Armid \u00fclahuulel<\/em><br><em><a style=\"line-height: 1.6em\" href=\"http:\/\/kiku.hambaarst.ee\/robot\/pildid\/\" target=\"_blank\" rel=\"noopener\">http:\/\/kiku.hambaarst.ee\/robot\/pildid\/<\/a><\/em><\/p>\n","protected":false},"excerpt":{"rendered":"<p>V\u00e4ga h\u00f5redad ja heledad juuksed, samuti ketendav ja kuiv n\u00e4onahk v\u00f5ivad olla ektodermaalse d\u00fcsplaasia tunnuseks. Tavalise naha- ja juuste v\u00e4rvusegahttp:\/\/guides2you.com \u00a0Ektodermaalse d\u00fcsplaasiaga lapshttp:\/\/www.nature.com Ektodermaalse d\u00fcsplaasia korral on hammaste arv v\u00e4henenud. Ektodermaalse d\u00fcsplaasiaga lapse ortopantomogrammhttp:\/\/www.lesvampires.org N\u00e4htavad armid n\u00e4o piirkonnas viitavad kas &#8230;<\/p>\n","protected":false},"author":2,"featured_media":0,"parent":0,"menu_order":0,"comment_status":"closed","ping_status":"closed","template":"","meta":{"_acf_changed":false,"inline_featured_image":false,"footnotes":""},"class_list":["post-4","page","type-page","status-publish","hentry"],"acf":[],"_links":{"self":[{"href":"https:\/\/sisu.ut.ee\/hambumusanomaalia\/wp-json\/wp\/v2\/pages\/4","targetHints":{"allow":["GET"]}}],"collection":[{"href":"https:\/\/sisu.ut.ee\/hambumusanomaalia\/wp-json\/wp\/v2\/pages"}],"about":[{"href":"https:\/\/sisu.ut.ee\/hambumusanomaalia\/wp-json\/wp\/v2\/types\/page"}],"author":[{"embeddable":true,"href":"https:\/\/sisu.ut.ee\/hambumusanomaalia\/wp-json\/wp\/v2\/users\/2"}],"replies":[{"embeddable":true,"href":"https:\/\/sisu.ut.ee\/hambumusanomaalia\/wp-json\/wp\/v2\/comments?post=4"}],"version-history":[{"count":1,"href":"https:\/\/sisu.ut.ee\/hambumusanomaalia\/wp-json\/wp\/v2\/pages\/4\/revisions"}],"predecessor-version":[{"id":160,"href":"https:\/\/sisu.ut.ee\/hambumusanomaalia\/wp-json\/wp\/v2\/pages\/4\/revisions\/160"}],"wp:attachment":[{"href":"https:\/\/sisu.ut.ee\/hambumusanomaalia\/wp-json\/wp\/v2\/media?parent=4"}],"curies":[{"name":"wp","href":"https:\/\/api.w.org\/{rel}","templated":true}]}}