{"id":213,"date":"2025-03-10T13:49:14","date_gmt":"2025-03-10T11:49:14","guid":{"rendered":"https:\/\/sisu.ut.ee\/hambatraumad\/?page_id=213"},"modified":"2025-03-10T13:49:15","modified_gmt":"2025-03-10T11:49:15","slug":"kasutatud-allikad-4","status":"publish","type":"page","link":"https:\/\/sisu.ut.ee\/hambatraumad\/kasutatud-allikad-4\/","title":{"rendered":"Kasutatud allikad"},"content":{"rendered":"<ul class=\"wp-block-list\">\n<li>Bourguignon C, Cohenca N, Lauridsen E, Flores MT, O\u2019Connell AC, Day PF, Tsilingaridis G, Abbott PV, Fouad AF, Hicks L, Andreasen JO, Cehreli ZC, Harlamb S, Kahler B, Oginni A, Semper M, Levin L. International Association of Dental Traumatology guidelines for the management of traumatic dental injuries: 1. Fractures and luxations. Dent Traumatol. 2020 Aug;36(4):314-330. doi: 10.1111\/edt.12578. Epub 2020 Jul 17. PMID: 32475015. <a href=\"https:\/\/onlinelibrary.wiley.com\/doi\/epdf\/10.1111\/edt.12578\" target=\"_blank\" rel=\"noreferrer noopener\">International Association of Dental Traumatology guidelines for the management of traumatic dental injuries: 1. Fractures and luxations<\/a>\u00a0<\/li>\n\n\n\n<li>Hameury V, Paltsar T, Sinij\u00e4rv M, <em>et al<\/em>. Hambatraumad. Infomaterjal. 2023. <a href=\"https:\/\/tervisekassa.ee\/infomaterjal\/hambatraumad\" target=\"_blank\" rel=\"noreferrer noopener\">https:\/\/tervisekassa.ee\/infomaterjal\/hambatraumad<\/a>\u202f\u00a0<\/li>\n\n\n\n<li>Sinij\u00e4rv M. J\u00e4\u00e4vhammaste traumad ja nende ravi. Hambaarst, lisa 1, m\u00e4rts 2019\u00a0<\/li>\n<\/ul>\n","protected":false},"excerpt":{"rendered":"","protected":false},"author":9,"featured_media":0,"parent":0,"menu_order":0,"comment_status":"closed","ping_status":"closed","template":"","meta":{"_acf_changed":false,"inline_featured_image":false,"footnotes":""},"class_list":["post-213","page","type-page","status-publish","hentry"],"acf":[],"_links":{"self":[{"href":"https:\/\/sisu.ut.ee\/hambatraumad\/wp-json\/wp\/v2\/pages\/213","targetHints":{"allow":["GET"]}}],"collection":[{"href":"https:\/\/sisu.ut.ee\/hambatraumad\/wp-json\/wp\/v2\/pages"}],"about":[{"href":"https:\/\/sisu.ut.ee\/hambatraumad\/wp-json\/wp\/v2\/types\/page"}],"author":[{"embeddable":true,"href":"https:\/\/sisu.ut.ee\/hambatraumad\/wp-json\/wp\/v2\/users\/9"}],"replies":[{"embeddable":true,"href":"https:\/\/sisu.ut.ee\/hambatraumad\/wp-json\/wp\/v2\/comments?post=213"}],"version-history":[{"count":1,"href":"https:\/\/sisu.ut.ee\/hambatraumad\/wp-json\/wp\/v2\/pages\/213\/revisions"}],"predecessor-version":[{"id":215,"href":"https:\/\/sisu.ut.ee\/hambatraumad\/wp-json\/wp\/v2\/pages\/213\/revisions\/215"}],"wp:attachment":[{"href":"https:\/\/sisu.ut.ee\/hambatraumad\/wp-json\/wp\/v2\/media?parent=213"}],"curies":[{"name":"wp","href":"https:\/\/api.w.org\/{rel}","templated":true}]}}