{"id":163,"date":"2025-02-14T12:11:50","date_gmt":"2025-02-14T10:11:50","guid":{"rendered":"https:\/\/sisu.ut.ee\/hambatraumad\/?page_id=163"},"modified":"2025-03-18T13:17:40","modified_gmt":"2025-03-18T11:17:40","slug":"kroonimurd","status":"publish","type":"page","link":"https:\/\/sisu.ut.ee\/hambatraumad\/kroonimurd\/","title":{"rendered":"4. Kroonimurd"},"content":{"rendered":"<p>Hambakrooni murru korral eemaldub hambakroonist v\u00e4iksem v\u00f5i suurem osa ja selle tagaj\u00e4rjel v\u00f5ib paljastuda hamban\u00e4rv (vt Foto 8). Hamba liikuvust ei esine ja hammas on samas asendis hambakaares. Kui suhu j\u00e4\u00e4nud hamba seest veritseb v\u00f5i te n\u00e4ete roosat t\u00e4ppi, v\u00f5ib hamban\u00e4rv olla avatud ja vajalik on kiireloomuline ravi (hamban\u00e4rvi katmine ja hamba taastamine). Raviga viivitamisel v\u00f5ib hammas muutuda v\u00e4ga tundlikuks ja hamban\u00e4rv v\u00f5ib saada p\u00f6\u00f6rdumatult kahjustatud, vajalik v\u00f5ib olla juureravi. Hambatrauma t\u00f5ttu tekkinud kroonimurru puhul on esmane eesm\u00e4rk leida ja s\u00e4ilitada murdunud hambakrooni osa, kuna hambaarst suudab selle sageli suhu j\u00e4\u00e4nud hamba k\u00fclge tagasi kinnitada. Murdunud hambaosa tagasiasetamine v\u00f5imaldab sageli hamba kiiremat ja lihtsamat taastamist. Murdunud hammaste taastamine on oluline, sest aitab taastada kannatanu enesekindluse ja vaimse heaolu.\u00a0\u00a0<\/p>\n\n\n\n<figure class=\"wp-block-image size-large\"><img loading=\"lazy\" decoding=\"async\" width=\"925\" height=\"1024\" src=\"https:\/\/sisu.ut.ee\/wp-content\/uploads\/sites\/887\/foto8-925x1024.png\" alt=\"\" class=\"wp-image-203\" srcset=\"https:\/\/sisu.ut.ee\/wp-content\/uploads\/sites\/887\/foto8-925x1024.png 925w, https:\/\/sisu.ut.ee\/wp-content\/uploads\/sites\/887\/foto8-271x300.png 271w, https:\/\/sisu.ut.ee\/wp-content\/uploads\/sites\/887\/foto8-768x851.png 768w, https:\/\/sisu.ut.ee\/wp-content\/uploads\/sites\/887\/foto8.png 1078w\" sizes=\"auto, (max-width: 925px) 100vw, 925px\"><figcaption class=\"wp-element-caption\"><em>Foto 8. Kroonimurd hamban\u00e4rvi (pulbi) paljastumiseta ja kroonimurd pulbi paljastumisega (punane t\u00e4pp keskel). Joonised: <\/em><a href=\"https:\/\/onlinelibrary.wiley.com\/doi\/epdf\/10.1111\/edt.12578\" target=\"_blank\" rel=\"noreferrer noopener\"><em>International Association of Dental Traumatology guidelines for the management of traumatic dental injuries: 1. Fractures and luxations<\/em><\/a>\u00a0<\/figcaption><\/figure>\n\n\n\n<blockquote class=\"wp-block-quote is-layout-flow wp-block-quote-is-layout-flow\">\n<p><strong>Pane t\u00e4hele! <\/strong>Murdunud hambakrooni fragmendi uuesti suhu asetamiseks ei tohi see olla kuiv. Seega tuleb see \u00f5nnetuskohal asetada lahusesse (f\u00fcsioloogiline lahus, piim v\u00f5i s\u00fclg), et v\u00e4ltida selle kuivamist.<\/p>\n<\/blockquote>\n\n\n\n<blockquote class=\"wp-block-quote is-layout-flow wp-block-quote-is-layout-flow\">\n<p><strong>Pane t\u00e4hele!<\/strong> Veenduda tuleb, et murdunud hambakude ei ole trauma tagaj\u00e4rjel sattunud pehmetesse kudedesse (huulde, p\u00f5ske).\u00a0<\/p>\n<\/blockquote>\n\n\n\n<h2 class=\"wp-block-heading\">Pehmete kudede vigastused<\/h2>\n\n\n\n<p>Paljude n\u00e4opiirkonna vigastuste korral kahjustuvad pehmed koed (igemed, huuled, nahk). K\u00f5ige tavalisemalt tekivad verevalumid ja haavad, mis v\u00f5ivad paikneda nii suu sees kui suu \u00fcmbruses. Vahel v\u00f5ib murdunud hambaosa trauma tagaj\u00e4rjel liikuda pehmekoe sisse.\u202f\u00a0<\/p>\n\n\n\n<p>\u202f<strong>Tegevus \u00f5nnetuskohas:<\/strong>\u202f\u00a0<\/p>\n\n\n\n<ul class=\"wp-block-list\">\n<li>S\u00e4ilitage rahu. Kui olete abiandja, rahustage vigastatut.\u202f\u00a0<\/li>\n<\/ul>\n\n\n\n<ul class=\"wp-block-list\">\n<li>Puhastage haavad ettevaatlikult veega.\u202f\u00a0<\/li>\n<\/ul>\n\n\n\n<ul class=\"wp-block-list\">\n<li>Peatage veritsus surudes haava ettevaatlikult puhta marli v\u00f5i salvr\u00e4tiga.\u202f\u00a0<\/li>\n<\/ul>\n\n\n\n<ul class=\"wp-block-list\">\n<li>P\u00fc\u00fcdke hinnata, kas haav on pindmine v\u00f5i s\u00fcgav ja vajab \u00f5mblemist. Suu\u00f5\u00f5ne haavad on v\u00e4ga veritsevad piirkonna hea verevarustuse t\u00f5ttu ja v\u00f5ivad j\u00e4tta mulje suuremast vigastusest.\u202f\u00a0<\/li>\n<\/ul>\n\n\n\n<ul class=\"wp-block-list\">\n<li>Veenduge, et hambad pole viga saanud v\u00f5i oma asendit muutnud. Kontrollige, kas keel on terve. Kui hammas on eemaldunud v\u00f5i murdunud, p\u00fc\u00fcdke see leida. Hoidke kinni ainult hambakroonist (hamba valge osa).\u202f\u00a0<\/li>\n<\/ul>\n\n\n\n<ul class=\"wp-block-list\">\n<li>Kui saate veritsuse kontrolli alla ja teised vigastused puuduvad, p\u00f6\u00f6rduge t\u00e4iendavaks kontrolliks ja edasiste ravisoovituste saamiseks hambaarsti vastuv\u00f5tule.\u202f\u00a0<\/li>\n<\/ul>\n\n\n\n<p><strong>Vaata lisaks: SA Tartu \u00dclikooli Kliinikumi patsiendi infomaterjal <\/strong><a href=\"https:\/\/www.kliinikum.ee\/patsiendiinfo-andmebaas\/hambatraumad-hambakrooni-ja-hambajuure-murd-pehmete-kudede-vigastus\/\">https:\/\/kliinikum.ee\/patsiendiinfo-andmebaas\/hambatraumad-hambakrooni-ja-hambajuure-murd-pehmete-kudede-vigastus\/<\/a><\/p>\n\n\n\n<h2 class=\"wp-block-heading\">Soovituslikud tegevused, kui olete tervishoiut\u00f6\u00f6taja<\/h2>\n\n\n\n<ul class=\"wp-block-list\">\n<li>otsida \u00fcles murdunud hambaosa ning asetada see piima, f\u00fcsioloogilise lahuse v\u00f5i patsiendi enda s\u00fclje sisse; taaskord ei tohi hammast puhastada desinfitseeriva lahusega;\u00a0<\/li>\n<\/ul>\n\n\n\n<ul class=\"wp-block-list\">\n<li>patsient peab ise esimesel v\u00f5imalusel p\u00f6\u00f6rduma hambaarsti vastuv\u00f5tule.\u00a0<\/li>\n<\/ul>\n\n\n\n<p>Panna t\u00e4hele seda, kui hambakillud on kadunud ning patsiendil on pehmete kudede haav (nt huules), siis enne haava \u00f5mblemist tuleb katsudes ja vajadusel r\u00f6ntgenuuringuga veenduda, et hambakillud ei ole sattunud pehmetesse kudedesse. Hambakildude aspiratsiooni kahtlusel teha ka rindkere r\u00f6ntgenuuring.\u00a0<\/p>\n","protected":false},"excerpt":{"rendered":"<p>Hambakrooni murru korral eemaldub hambakroonist v\u00e4iksem v\u00f5i suurem osa ja selle tagaj\u00e4rjel v\u00f5ib paljastuda hamban\u00e4rv (vt Foto 8). Hamba liikuvust ei esine ja hammas on samas asendis hambakaares. Kui suhu j\u00e4\u00e4nud hamba seest veritseb v\u00f5i te n\u00e4ete roosat t\u00e4ppi, v\u00f5ib &#8230;<\/p>\n","protected":false},"author":9,"featured_media":0,"parent":0,"menu_order":0,"comment_status":"closed","ping_status":"closed","template":"","meta":{"_acf_changed":false,"inline_featured_image":false,"footnotes":""},"class_list":["post-163","page","type-page","status-publish","hentry"],"acf":[],"_links":{"self":[{"href":"https:\/\/sisu.ut.ee\/hambatraumad\/wp-json\/wp\/v2\/pages\/163","targetHints":{"allow":["GET"]}}],"collection":[{"href":"https:\/\/sisu.ut.ee\/hambatraumad\/wp-json\/wp\/v2\/pages"}],"about":[{"href":"https:\/\/sisu.ut.ee\/hambatraumad\/wp-json\/wp\/v2\/types\/page"}],"author":[{"embeddable":true,"href":"https:\/\/sisu.ut.ee\/hambatraumad\/wp-json\/wp\/v2\/users\/9"}],"replies":[{"embeddable":true,"href":"https:\/\/sisu.ut.ee\/hambatraumad\/wp-json\/wp\/v2\/comments?post=163"}],"version-history":[{"count":10,"href":"https:\/\/sisu.ut.ee\/hambatraumad\/wp-json\/wp\/v2\/pages\/163\/revisions"}],"predecessor-version":[{"id":280,"href":"https:\/\/sisu.ut.ee\/hambatraumad\/wp-json\/wp\/v2\/pages\/163\/revisions\/280"}],"wp:attachment":[{"href":"https:\/\/sisu.ut.ee\/hambatraumad\/wp-json\/wp\/v2\/media?parent=163"}],"curies":[{"name":"wp","href":"https:\/\/api.w.org\/{rel}","templated":true}]}}