{"id":141,"date":"2025-02-14T09:43:03","date_gmt":"2025-02-14T07:43:03","guid":{"rendered":"https:\/\/sisu.ut.ee\/hambatraumad\/?page_id=141"},"modified":"2025-02-14T09:49:04","modified_gmt":"2025-02-14T07:49:04","slug":"enesetest-3","status":"publish","type":"page","link":"https:\/\/sisu.ut.ee\/hambatraumad\/enesetest-3\/","title":{"rendered":"Enesetest 3"},"content":{"rendered":"<p>Selleks, et loetu paremini kinnistuks, on Sul v\u00f5imalus l\u00e4bida viiest valikvastustega k\u00fcsimusest koosnev enesetest. Julget pealehakkamist!<\/p>\n\n\n\n<div class=\"h5p-iframe-wrapper\"><div class=\"video-placeholder-wrapper video-placeholder-wrapper--fixed\" style=\"height: 366px;\">\n\t\t\t    <div class=\"video-placeholder d-flex justify-content-center align-items-center\">\n\t\t\t        <div class=\"overlay text-white p-2 w-100 text-center d-block justify-content-center align-items-center\">\n\t\t\t            <div>Kolmandate osapoolte sisu n\u00e4gemiseks palun n\u00f5ustu k\u00fcpsistega.<\/div>\n\t\t\t            <button class=\"btn btn-secondary btn-sm mt-1 consent-change\">Muuda n\u00f5usolekut<\/button>\n\t\t\t        <\/div>\n\t\t\t    <\/div>\n\t\t\t<\/div>\n<\/div>\n\n\n<div class=\"accordion-block mb-3\">\n\t\t<div class=\"accordion \" id=\"accordion-accordion-69dbcf1ec11f5\">\n\t\t\t\t\t\t\t<div class=\"accordion-item accordion-item--white\">\n\t\t\t\t\t<h2 class=\"accordion-header\" id=\"accordion-69dbcf1ec11f5-heading-1\">\n\t\t\t\t\t\t<button class=\"accordion-button collapsed\" type=\"button\" data-bs-toggle=\"collapse\" data-bs-target=\"#accordion-69dbcf1ec11f5-collapse-1\" aria-expanded=\"true\" aria-controls=\"accordion-69dbcf1ec11f5-collapse-1\">\n\t\t\t\t\t\t\tSelgitused\n\t\t\t\t\t\t<\/button>\n\t\t\t\t\t<\/h2>\n\t\t\t\t\t<div id=\"accordion-69dbcf1ec11f5-collapse-1\" class=\"accordion-collapse collapse \" aria-labelledby=\"accordion-69dbcf1ec11f5-heading-1\">\n\t\t\t\t\t\t<div class=\"accordion-body\">\n\t\t\t\t\t\t\t<ul>\n<li><span class=\"TextRun SCXW78488036 BCX0\" lang=\"ET-EE\" xml:lang=\"ET-EE\" data-contrast=\"none\"><span class=\"NormalTextRun SCXW78488036 BCX0\">Dislokatsioon tekib siis, kui j\u00e4\u00e4v- v\u00f5i piimahammas on oma asendit hambakaares muutnud ilma, et hammas oleks t\u00e4ielikult eemaldunud.<\/span><\/span><span class=\"EOP SCXW78488036 BCX0\" data-ccp-props='{\"201341983\":0,\"335551550\":6,\"335551620\":6,\"335559738\":20,\"335559739\":20,\"335559740\":360}'>\u00a0<\/span><\/li>\n<li><span class=\"TextRun SCXW64802163 BCX0\" lang=\"ET-EE\" xml:lang=\"ET-EE\" data-contrast=\"none\"><span class=\"NormalTextRun SpellingErrorV2Themed SCXW64802163 BCX0\">Ekstrusioon<\/span><span class=\"NormalTextRun SpellingErrorV2Themed SCXW64802163 BCX0\">i<\/span><span class=\"NormalTextRun SCXW64802163 BCX0\"> korral on<\/span><span class=\"NormalTextRun SCXW64802163 BCX0\"> hammas osaliselt alveoolist v\u00e4lja nihkunud, mist\u00f5ttu on hammas liikuv ja naaberhammastest pikem. Igemevaos v\u00f5ib sageli esineda veritsust.\u00a0<\/span><\/span><span class=\"EOP SCXW64802163 BCX0\" data-ccp-props='{\"201341983\":0,\"335551550\":6,\"335551620\":6,\"335559738\":20,\"335559739\":20,\"335559740\":360}'>\u00a0<\/span><\/li>\n<li><span class=\"TextRun SCXW10780882 BCX0\" lang=\"ET-EE\" xml:lang=\"ET-EE\" data-contrast=\"none\"><span class=\"NormalTextRun SCXW10780882 BCX0\">Lateraalse <\/span><span class=\"NormalTextRun SpellingErrorV2Themed SCXW10780882 BCX0\">luksatsiooni<\/span><span class=\"NormalTextRun SCXW10780882 BCX0\"> korral on hammas nihkunud k\u00fclgsuunas, enamasti huulte v\u00f5i keele poole. Sellel vigastusel on selgelt eristatavad tunnused v\u00f5rreldes n\u00e4iteks <\/span><span class=\"NormalTextRun SpellingErrorV2Themed SCXW10780882 BCX0\">subluksatsiooniga<\/span><span class=\"NormalTextRun SCXW10780882 BCX0\">, mille puhul hammas on veidi liikuv, kuid pole oma asendit muutnud. Tegemist on k\u00f5ige raskema dislokatsiooni t\u00fc\u00fcbiga.<\/span><\/span><span class=\"EOP SCXW10780882 BCX0\" data-ccp-props='{\"201341983\":0,\"335551550\":6,\"335551620\":6,\"335559738\":20,\"335559739\":20,\"335559740\":360}'>\u00a0<\/span><\/li>\n<li><span class=\"NormalTextRun SpellingErrorV2Themed SCXW256966089 BCX0\">Luksatsioontraumaga<\/span><span class=\"NormalTextRun SCXW256966089 BCX0\"> patsientidel on soovitatav<\/span><span class=\"NormalTextRun SCXW256966089 BCX0\"> kohe v\u00f5i esimesel v\u00f5imalusel p\u00f6\u00f6rduda hambaarsti vastuv\u00f5tule,<\/span><span class=\"NormalTextRun SCXW256966089 BCX0\"> s\u00fc\u00fca pehmet toitu ja hoida suurep\u00e4rast suuh\u00fcgieeni. <\/span><span class=\"NormalTextRun SCXW256966089 BCX0\">Arst <\/span><span class=\"NormalTextRun SCXW256966089 BCX0\">hindab vigastust ning vajadusel stabiliseerib nihkunud hamba.<\/span><\/li>\n<li><span class=\"TextRun SCXW94982125 BCX0\" lang=\"ET-EE\" xml:lang=\"ET-EE\" data-contrast=\"none\"><span class=\"NormalTextRun SCXW94982125 BCX0\">Antibakteriaalne ravi on reeglina vajalik dislokatsiooni korral ainult siis, kui traumaga on kaasnenud pehmete kudede vigastus, n\u00e4iteks igemete rebend v\u00f5i haav. Pehmete kudede vigastus suurendab nakkusohtu, mist\u00f5ttu on antibiootikumide kasutamine p\u00f5hjendatud, et v\u00e4ltida v\u00f5imalikku infektsiooni. Ilma pehmete kudede vigastuseta paraneb hammas reeglina ilma antibakteriaalse ravita.<\/span><\/span><span class=\"EOP SCXW94982125 BCX0\" data-ccp-props='{\"201341983\":0,\"335551550\":1,\"335551620\":1,\"335559738\":20,\"335559739\":20,\"335559740\":360}'>\u00a0<\/span><\/li>\n<\/ul>\n\n\t\t\t\t\t\t<\/div>\n\t\t\t\t\t<\/div>\n\t\t\t\t<\/div>\n\t\t\t\t\t<\/div>\n\t<\/div>\n","protected":false},"excerpt":{"rendered":"<p>Selleks, et loetu paremini kinnistuks, on Sul v\u00f5imalus l\u00e4bida viiest valikvastustega k\u00fcsimusest koosnev enesetest. Julget pealehakkamist!<\/p>\n","protected":false},"author":9,"featured_media":0,"parent":0,"menu_order":0,"comment_status":"closed","ping_status":"closed","template":"","meta":{"_acf_changed":false,"inline_featured_image":false,"footnotes":""},"class_list":["post-141","page","type-page","status-publish","hentry"],"acf":[],"_links":{"self":[{"href":"https:\/\/sisu.ut.ee\/hambatraumad\/wp-json\/wp\/v2\/pages\/141","targetHints":{"allow":["GET"]}}],"collection":[{"href":"https:\/\/sisu.ut.ee\/hambatraumad\/wp-json\/wp\/v2\/pages"}],"about":[{"href":"https:\/\/sisu.ut.ee\/hambatraumad\/wp-json\/wp\/v2\/types\/page"}],"author":[{"embeddable":true,"href":"https:\/\/sisu.ut.ee\/hambatraumad\/wp-json\/wp\/v2\/users\/9"}],"replies":[{"embeddable":true,"href":"https:\/\/sisu.ut.ee\/hambatraumad\/wp-json\/wp\/v2\/comments?post=141"}],"version-history":[{"count":2,"href":"https:\/\/sisu.ut.ee\/hambatraumad\/wp-json\/wp\/v2\/pages\/141\/revisions"}],"predecessor-version":[{"id":145,"href":"https:\/\/sisu.ut.ee\/hambatraumad\/wp-json\/wp\/v2\/pages\/141\/revisions\/145"}],"wp:attachment":[{"href":"https:\/\/sisu.ut.ee\/hambatraumad\/wp-json\/wp\/v2\/media?parent=141"}],"curies":[{"name":"wp","href":"https:\/\/api.w.org\/{rel}","templated":true}]}}