{"id":9,"date":"2024-04-04T01:59:41","date_gmt":"2024-04-03T22:59:41","guid":{"rendered":"https:\/\/sisu.ut.ee\/hambaravi5\/varvumised\/"},"modified":"2024-04-11T16:47:34","modified_gmt":"2024-04-11T13:47:34","slug":"varvumised","status":"publish","type":"page","link":"https:\/\/sisu.ut.ee\/hambaravi5\/varvumised\/","title":{"rendered":"V\u00e4rvumised"},"content":{"rendered":"<p><strong>Hammaste v\u00e4rv on individuaalne<\/strong>, olles enamasti kollakas-valge, kuid ka pruunika, hallika v\u00f5i roosaka varjundiga. Piimahambad on v\u00f5rreldes j\u00e4\u00e4vhammastega valkjamad.<\/p>\n<p>Eri t\u00fc\u00fcpi hambad on erineva tumedusega: n\u00e4iteks j\u00e4\u00e4vkaniinid on v\u00f5rreldes j\u00e4\u00e4vintsisiividega tumedamad.<\/p>\n<p><strong>V\u00e4rvumised jagatakse:<\/strong><\/p>\n<ul>\n<li><strong>endogeensed<\/strong> (arengulised ja p\u00e4rast l\u00f5ikumist tekkinud)<\/li>\n<li><strong>eksogeensed<\/strong> (infiltratiivsed ja pseudovarvumised)<\/li>\n<\/ul>\n<p><img loading=\"lazy\" decoding=\"async\" width=\"236\" height=\"155\" class=\"alignnone wp-image-76 aligncenter\" style=\"margin-left: auto; margin-right: auto;\" title=\"aran92.png\" src=\"https:\/\/sisu.ut.ee\/wp-content\/uploads\/sites\/156\/aran92.png\" alt=\"aran92.png\"><\/p>\n<h5>K\u00f5ige sagedamini leiab v\u00e4list pigmenti alumiste eeshammaste lingvaalsetel k\u00fclgedel.<\/h5>\n<h3>Tetrats\u00fckliinist v\u00e4rvunud hambad<\/h3>\n<p>Tetrats\u00fckliinid v\u00f5eti kasutusele 1960ndatel aastatel ja esialgu ei teatud nende omadusest ladestuda luukoesse, sealhulgas arenevasse hambakoesse. Hetkel<strong> ei soovitata tetrats\u00fckliinidega ravi lastel,<\/strong> kelle hammaste (emaili)areng ei ole veel l\u00f5ppenud \u2013 kindlasti mitte enne 8ndat eluaastat.<\/p>\n<p>Tetrats\u00fckliin annab hammastele iseloomuliku<strong> hallika tooni.<\/strong> Kahjustus on s\u00fcsteemne, haarates k\u00f5iki hambaid. Tegemist on peamiselt <strong>kosmeetilise defektiga<\/strong> ja oluline on teada, et sellised hambad ei allu valgendamisele.<\/p>\n<p><img loading=\"lazy\" decoding=\"async\" width=\"400\" height=\"190\" class=\"alignnone wp-image-77 aligncenter\" style=\"margin-left: auto; margin-right: auto;\" title=\"aran93.png\" src=\"https:\/\/sisu.ut.ee\/wp-content\/uploads\/sites\/156\/aran93.png\" alt=\"aran93.png\" srcset=\"https:\/\/sisu.ut.ee\/wp-content\/uploads\/sites\/156\/aran93.png 400w, https:\/\/sisu.ut.ee\/wp-content\/uploads\/sites\/156\/aran93-300x143.png 300w\" sizes=\"auto, (max-width: 400px) 100vw, 400px\"><\/p>\n<h5>Allikas: <a href=\"http:\/\/id3442.securedata.net\/cosmetic-dentistry\/tetracycline_stained_teeth.htm\" target=\"_blank\" rel=\"noopener\">http:\/\/id3442.securedata.net\/cosmetic-dentistry\/ tetracycline_stained_teeth.htm<\/a><\/h5>\n","protected":false},"excerpt":{"rendered":"<p>Hammaste v\u00e4rv on individuaalne, olles enamasti kollakas-valge, kuid ka pruunika, hallika v\u00f5i roosaka varjundiga. Piimahambad on v\u00f5rreldes j\u00e4\u00e4vhammastega valkjamad. Eri t\u00fc\u00fcpi hambad on erineva tumedusega: n\u00e4iteks j\u00e4\u00e4vkaniinid on v\u00f5rreldes j\u00e4\u00e4vintsisiividega tumedamad. V\u00e4rvumised jagatakse: endogeensed (arengulised ja p\u00e4rast l\u00f5ikumist tekkinud) eksogeensed &#8230;<\/p>\n","protected":false},"author":12,"featured_media":0,"parent":0,"menu_order":0,"comment_status":"closed","ping_status":"closed","template":"","meta":{"_acf_changed":false,"inline_featured_image":false,"footnotes":""},"class_list":["post-9","page","type-page","status-publish","hentry"],"acf":[],"_links":{"self":[{"href":"https:\/\/sisu.ut.ee\/hambaravi5\/wp-json\/wp\/v2\/pages\/9","targetHints":{"allow":["GET"]}}],"collection":[{"href":"https:\/\/sisu.ut.ee\/hambaravi5\/wp-json\/wp\/v2\/pages"}],"about":[{"href":"https:\/\/sisu.ut.ee\/hambaravi5\/wp-json\/wp\/v2\/types\/page"}],"author":[{"embeddable":true,"href":"https:\/\/sisu.ut.ee\/hambaravi5\/wp-json\/wp\/v2\/users\/12"}],"replies":[{"embeddable":true,"href":"https:\/\/sisu.ut.ee\/hambaravi5\/wp-json\/wp\/v2\/comments?post=9"}],"version-history":[{"count":2,"href":"https:\/\/sisu.ut.ee\/hambaravi5\/wp-json\/wp\/v2\/pages\/9\/revisions"}],"predecessor-version":[{"id":348,"href":"https:\/\/sisu.ut.ee\/hambaravi5\/wp-json\/wp\/v2\/pages\/9\/revisions\/348"}],"wp:attachment":[{"href":"https:\/\/sisu.ut.ee\/hambaravi5\/wp-json\/wp\/v2\/media?parent=9"}],"curies":[{"name":"wp","href":"https:\/\/api.w.org\/{rel}","templated":true}]}}