{"id":52,"date":"2024-04-04T01:59:44","date_gmt":"2024-04-03T22:59:44","guid":{"rendered":"https:\/\/sisu.ut.ee\/hambaravi5\/fuusikalised-meetodid\/"},"modified":"2024-04-11T16:43:09","modified_gmt":"2024-04-11T13:43:09","slug":"fuusikalised-meetodid","status":"publish","type":"page","link":"https:\/\/sisu.ut.ee\/hambaravi5\/fuusikalised-meetodid\/","title":{"rendered":"F\u00fc\u00fcsikalised meetodid"},"content":{"rendered":"<p>F\u00fc\u00fcsikalised meetodid on:<\/p>\n<ul>\n<li><strong>Transilluminatsioon ehk l\u00e4bivalgustamine<\/strong> on ohutum meetod, mis on eriti sobiv interproksimaalpiirkonna (ehk kontaktpinna) kaariese diagnoosimiseks. Meetod p\u00f5hineb sellel, et terve ja kahjustunud hambakude neelavad ja peegeldavad valgus v\u00f5i muid laineid erinebalt erinevalt ja kahjustus on registreeritav muutusena v\u00f5rreldes tervete kudedega.<\/li>\n<li><strong>Fiiber-optiline valgus<\/strong> muudab kahjustuse silmale paremini n\u00e4htavaks, olles m\u00e4rgatav tumedama varjustusena.<\/li>\n<li><strong>Laser-indutseeritud fluorestsents<\/strong> on eelmise meetodiga sarnane, kasutatakse elektromagnetlaineid.<\/li>\n<li><strong>Elektriline m\u00f5\u00f5tmine<\/strong> (mida kasutatakse ka nt hambapulbi vitaalsuse m\u00e4\u00e4ramisel), p\u00f5hineb demineraliseerunud ja terve hambakoe erineval elektrijuhtivusel. Meetod on siiski kahjuks sageli ebat\u00e4pne ja sobib eesk\u00e4tt kasutamiseks varem ravimata hammastel oklusaalpinna kaariese diagnoosimiseks.<\/li>\n<\/ul>\n<p>K\u00f5igi eelnimetatud meetodite puuduseks on suhteline ebat\u00e4psus ja neid kasutatakse pigem abistavate vahenditena.<\/p>\n<p><img loading=\"lazy\" decoding=\"async\" width=\"400\" height=\"300\" class=\"alignnone wp-image-117 aligncenter\" style=\"margin-left: auto; margin-right: auto;\" title=\"joon34.png\" src=\"https:\/\/sisu.ut.ee\/wp-content\/uploads\/sites\/156\/joon34.png\" alt=\"joon34.png\" srcset=\"https:\/\/sisu.ut.ee\/wp-content\/uploads\/sites\/156\/joon34.png 400w, https:\/\/sisu.ut.ee\/wp-content\/uploads\/sites\/156\/joon34-300x225.png 300w\" sizes=\"auto, (max-width: 400px) 100vw, 400px\"><\/p>\n<h5>Proksimaalpinna l\u00e4bivalgustamisel on premolaari kontaktpinnal selgelt n\u00e4ha tumedam ala, mis viitab kaarieskahjustusele. Allikas: <a href=\"http:\/\/lspindelnycdds.blogspot.com.ee\/2015\/06\/why-dont-you-have-carivu.html\" target=\"_blank\" rel=\"noopener\">http:\/\/lspindelnycdds.blogspot.com.ee\/2015\/06\/why-dont-you-have-carivu.html<\/a><\/h5>\n","protected":false},"excerpt":{"rendered":"<p>F\u00fc\u00fcsikalised meetodid on: Transilluminatsioon ehk l\u00e4bivalgustamine on ohutum meetod, mis on eriti sobiv interproksimaalpiirkonna (ehk kontaktpinna) kaariese diagnoosimiseks. Meetod p\u00f5hineb sellel, et terve ja kahjustunud hambakude neelavad ja peegeldavad valgus v\u00f5i muid laineid erinebalt erinevalt ja kahjustus on registreeritav muutusena &#8230;<\/p>\n","protected":false},"author":12,"featured_media":0,"parent":0,"menu_order":0,"comment_status":"closed","ping_status":"closed","template":"","meta":{"_acf_changed":false,"inline_featured_image":false,"footnotes":""},"class_list":["post-52","page","type-page","status-publish","hentry"],"acf":[],"_links":{"self":[{"href":"https:\/\/sisu.ut.ee\/hambaravi5\/wp-json\/wp\/v2\/pages\/52","targetHints":{"allow":["GET"]}}],"collection":[{"href":"https:\/\/sisu.ut.ee\/hambaravi5\/wp-json\/wp\/v2\/pages"}],"about":[{"href":"https:\/\/sisu.ut.ee\/hambaravi5\/wp-json\/wp\/v2\/types\/page"}],"author":[{"embeddable":true,"href":"https:\/\/sisu.ut.ee\/hambaravi5\/wp-json\/wp\/v2\/users\/12"}],"replies":[{"embeddable":true,"href":"https:\/\/sisu.ut.ee\/hambaravi5\/wp-json\/wp\/v2\/comments?post=52"}],"version-history":[{"count":2,"href":"https:\/\/sisu.ut.ee\/hambaravi5\/wp-json\/wp\/v2\/pages\/52\/revisions"}],"predecessor-version":[{"id":338,"href":"https:\/\/sisu.ut.ee\/hambaravi5\/wp-json\/wp\/v2\/pages\/52\/revisions\/338"}],"wp:attachment":[{"href":"https:\/\/sisu.ut.ee\/hambaravi5\/wp-json\/wp\/v2\/media?parent=52"}],"curies":[{"name":"wp","href":"https:\/\/api.w.org\/{rel}","templated":true}]}}