{"id":50,"date":"2024-04-04T01:59:44","date_gmt":"2024-04-03T22:59:44","guid":{"rendered":"https:\/\/sisu.ut.ee\/hambaravi5\/vaatlus\/"},"modified":"2024-04-11T16:42:54","modified_gmt":"2024-04-11T13:42:54","slug":"vaatlus","status":"publish","type":"page","link":"https:\/\/sisu.ut.ee\/hambaravi5\/vaatlus\/","title":{"rendered":"Vaatlus"},"content":{"rendered":"<p>Vaatlus on endiselt <strong>levinuim diagnostiline meetod<\/strong> \u2013 hea valgustus ning puhastatud ja kuivatatud hambapind lasevad m\u00e4rgata ka algstaadiumis olevat kahjustust ja sellele reageerides edasist kavitatsiooni v\u00e4ltida.<\/p>\n<p>Vabadel pindadel on visuaalne kaariese diagnoosimine suhteliselt lihsam, proksimaalpindadel keerulisem. Juhtudel, kus kavitatsiooni ei ole veel tekkinud, annab v\u00f5imalikust s\u00fcgavamast kahjustusest m\u00e4rku l\u00e4bi emaili kumav v\u00e4rvimuutus.<\/p>\n<p><img loading=\"lazy\" decoding=\"async\" width=\"400\" height=\"273\" class=\"alignnone wp-image-115 aligncenter\" style=\"margin-left: auto; margin-right: auto;\" title=\"joon32.png\" src=\"https:\/\/sisu.ut.ee\/wp-content\/uploads\/sites\/156\/joon32.png\" alt=\"joon32.png\" srcset=\"https:\/\/sisu.ut.ee\/wp-content\/uploads\/sites\/156\/joon32.png 400w, https:\/\/sisu.ut.ee\/wp-content\/uploads\/sites\/156\/joon32-300x205.png 300w\" sizes=\"auto, (max-width: 400px) 100vw, 400px\"><\/p>\n<h5>L\u00e4bi emaili paistev hallikas kuma n\u00e4itab dentiini ulatuvat kahjustust, kuigi n\u00e4htavat kavitatsiooni ei ole veel tekkinud.\u00a0 Allikas: <a href=\"http:\/\/smiletown.ca\/easyslider1.5\/pres1.html\" target=\"_blank\" rel=\"noopener\">http:\/\/smiletown.ca\/easyslider1.5\/pres1.html<\/a><\/h5>\n","protected":false},"excerpt":{"rendered":"<p>Vaatlus on endiselt levinuim diagnostiline meetod \u2013 hea valgustus ning puhastatud ja kuivatatud hambapind lasevad m\u00e4rgata ka algstaadiumis olevat kahjustust ja sellele reageerides edasist kavitatsiooni v\u00e4ltida. Vabadel pindadel on visuaalne kaariese diagnoosimine suhteliselt lihsam, proksimaalpindadel keerulisem. Juhtudel, kus kavitatsiooni ei &#8230;<\/p>\n","protected":false},"author":12,"featured_media":0,"parent":0,"menu_order":0,"comment_status":"closed","ping_status":"closed","template":"","meta":{"_acf_changed":false,"inline_featured_image":false,"footnotes":""},"class_list":["post-50","page","type-page","status-publish","hentry"],"acf":[],"_links":{"self":[{"href":"https:\/\/sisu.ut.ee\/hambaravi5\/wp-json\/wp\/v2\/pages\/50","targetHints":{"allow":["GET"]}}],"collection":[{"href":"https:\/\/sisu.ut.ee\/hambaravi5\/wp-json\/wp\/v2\/pages"}],"about":[{"href":"https:\/\/sisu.ut.ee\/hambaravi5\/wp-json\/wp\/v2\/types\/page"}],"author":[{"embeddable":true,"href":"https:\/\/sisu.ut.ee\/hambaravi5\/wp-json\/wp\/v2\/users\/12"}],"replies":[{"embeddable":true,"href":"https:\/\/sisu.ut.ee\/hambaravi5\/wp-json\/wp\/v2\/comments?post=50"}],"version-history":[{"count":2,"href":"https:\/\/sisu.ut.ee\/hambaravi5\/wp-json\/wp\/v2\/pages\/50\/revisions"}],"predecessor-version":[{"id":337,"href":"https:\/\/sisu.ut.ee\/hambaravi5\/wp-json\/wp\/v2\/pages\/50\/revisions\/337"}],"wp:attachment":[{"href":"https:\/\/sisu.ut.ee\/hambaravi5\/wp-json\/wp\/v2\/media?parent=50"}],"curies":[{"name":"wp","href":"https:\/\/api.w.org\/{rel}","templated":true}]}}