{"id":5,"date":"2024-04-04T01:59:41","date_gmt":"2024-04-03T22:59:41","guid":{"rendered":"https:\/\/sisu.ut.ee\/hambaravi5\/resorptsioon\/"},"modified":"2024-04-11T16:45:54","modified_gmt":"2024-04-11T13:45:54","slug":"resorptsioon","status":"publish","type":"page","link":"https:\/\/sisu.ut.ee\/hambaravi5\/resorptsioon\/","title":{"rendered":"Resorptsioon"},"content":{"rendered":"<p><strong>Resorptsioon on osteoklastide poolt\u00a0 p\u00f5hjustatud hamba k\u00f5vakudede destruktsioon.<\/strong> Juure resorptsioon on piimahammastel f\u00fcsioloogiline protsess.<\/p>\n<p><img loading=\"lazy\" decoding=\"async\" width=\"141\" height=\"211\" class=\"alignnone wp-image-64 aligncenter\" style=\"margin-left: auto; margin-right: auto;\" title=\"aran3.png\" src=\"https:\/\/sisu.ut.ee\/wp-content\/uploads\/sites\/156\/aran3.png\" alt=\"aran3.png\"><\/p>\n<h5>R\u00f6ntgen\u00fclesv\u00f5ttel on resorbeeruvate juurtega piimahambad ja nende all peatselt suhu l\u00f5ikuma hakkavad j\u00e4\u00e4vhambad.\u00a0 Allikas: R.Runnel, erakogu.<\/h5>\n<p><strong>Patoloogiline resorptsioon<\/strong> v\u00f5ib olla kas <strong>v\u00e4line,<\/strong> alates juurepinnalt v\u00f5i <strong>sisemine<\/strong>, saades alguse pulbi\u00f5\u00f5ne seinalt. Levinumateks hambakudede resorptsiooni <strong>p\u00f5hjusteks<\/strong> on traumad, ortodontiline ravi ja p\u00f5letikud.<\/p>\n<p><img loading=\"lazy\" decoding=\"async\" width=\"300\" height=\"449\" class=\"alignnone wp-image-65 aligncenter\" style=\"margin-left: auto; margin-right: auto;\" title=\"aran4.png\" src=\"https:\/\/sisu.ut.ee\/wp-content\/uploads\/sites\/156\/aran4.png\" alt=\"aran4.png\" srcset=\"https:\/\/sisu.ut.ee\/wp-content\/uploads\/sites\/156\/aran4.png 300w, https:\/\/sisu.ut.ee\/wp-content\/uploads\/sites\/156\/aran4-200x300.png 200w\" sizes=\"auto, (max-width: 300px) 100vw, 300px\"><\/p>\n<h5>D23 hambakaela osas paikneva ebaselge p\u00f5hjusega k\u00f5vakoe kahjustuse t\u00f5ttu tehti r\u00f6ntgen\u00fclesv\u00f5te, millel on n\u00e4ha hambakaela piirkonnas ulatuslik hambakudede resorptsioon. Endodontilist ravi alustades selgus, et pulbikude oli vitaalne. Patsiendi k\u00fcsitlusel selgus, et tal on m\u00f5ned aastad tagasi valgendatud kogu hammaskonda, mis v\u00f5ib olla patoloogia tekkep\u00f5hjuseks. Allikas: R. Runnel, erakogu.<strong><br>\n<\/strong><\/h5>\n","protected":false},"excerpt":{"rendered":"<p>Resorptsioon on osteoklastide poolt\u00a0 p\u00f5hjustatud hamba k\u00f5vakudede destruktsioon. Juure resorptsioon on piimahammastel f\u00fcsioloogiline protsess. R\u00f6ntgen\u00fclesv\u00f5ttel on resorbeeruvate juurtega piimahambad ja nende all peatselt suhu l\u00f5ikuma hakkavad j\u00e4\u00e4vhambad.\u00a0 Allikas: R.Runnel, erakogu. Patoloogiline resorptsioon v\u00f5ib olla kas v\u00e4line, alates juurepinnalt v\u00f5i sisemine, &#8230;<\/p>\n","protected":false},"author":12,"featured_media":0,"parent":0,"menu_order":0,"comment_status":"closed","ping_status":"closed","template":"","meta":{"_acf_changed":false,"inline_featured_image":false,"footnotes":""},"class_list":["post-5","page","type-page","status-publish","hentry"],"acf":[],"_links":{"self":[{"href":"https:\/\/sisu.ut.ee\/hambaravi5\/wp-json\/wp\/v2\/pages\/5","targetHints":{"allow":["GET"]}}],"collection":[{"href":"https:\/\/sisu.ut.ee\/hambaravi5\/wp-json\/wp\/v2\/pages"}],"about":[{"href":"https:\/\/sisu.ut.ee\/hambaravi5\/wp-json\/wp\/v2\/types\/page"}],"author":[{"embeddable":true,"href":"https:\/\/sisu.ut.ee\/hambaravi5\/wp-json\/wp\/v2\/users\/12"}],"replies":[{"embeddable":true,"href":"https:\/\/sisu.ut.ee\/hambaravi5\/wp-json\/wp\/v2\/comments?post=5"}],"version-history":[{"count":2,"href":"https:\/\/sisu.ut.ee\/hambaravi5\/wp-json\/wp\/v2\/pages\/5\/revisions"}],"predecessor-version":[{"id":344,"href":"https:\/\/sisu.ut.ee\/hambaravi5\/wp-json\/wp\/v2\/pages\/5\/revisions\/344"}],"wp:attachment":[{"href":"https:\/\/sisu.ut.ee\/hambaravi5\/wp-json\/wp\/v2\/media?parent=5"}],"curies":[{"name":"wp","href":"https:\/\/api.w.org\/{rel}","templated":true}]}}