{"id":4,"date":"2024-04-04T01:59:41","date_gmt":"2024-04-03T22:59:41","guid":{"rendered":"https:\/\/sisu.ut.ee\/hambaravi5\/erosioon\/"},"modified":"2024-04-11T16:45:41","modified_gmt":"2024-04-11T13:45:41","slug":"erosioon","status":"publish","type":"page","link":"https:\/\/sisu.ut.ee\/hambaravi5\/erosioon\/","title":{"rendered":"Erosioon"},"content":{"rendered":"<p><strong>Erosioon<\/strong> on <strong>hambakudede keemiline lahustumine<\/strong> sisemiste v\u00f5i v\u00e4limiste hapete toimel (v\u00e4lja arvatud hambakatu bakterite poolt toodetav hape). Erosiooni loetakse t\u00e4nap\u00e4evase<strong> toitumisharjumustega kaasnevaks probleemiks<\/strong> (rohke happeliste s\u00f6\u00f6kide ja jookide tarbimise k\u00f5rvalm\u00f5ju). Happekahjustus kaasneb ka mitmete <strong>meditsiiniliste probleemidega<\/strong> (n\u00e4iteks ravimite tarvitamine, reflukshaigus v\u00f5i sage oksendamine).<\/p>\n<p><img loading=\"lazy\" decoding=\"async\" width=\"380\" height=\"225\" class=\"alignnone wp-image-63 aligncenter\" style=\"margin-left: auto; margin-right: auto;\" title=\"aran2.png\" src=\"https:\/\/sisu.ut.ee\/wp-content\/uploads\/sites\/156\/aran2.png\" alt=\"aran2.png\" srcset=\"https:\/\/sisu.ut.ee\/wp-content\/uploads\/sites\/156\/aran2.png 380w, https:\/\/sisu.ut.ee\/wp-content\/uploads\/sites\/156\/aran2-300x178.png 300w\" sizes=\"auto, (max-width: 380px) 100vw, 380px\"><\/p>\n<h5>Allikas: <a href=\"http:\/\/www.elearningerosion.com\/en\/elearning_erosion\/scientific-background\/tooth-wear\/interaction-of-different.html\" target=\"_blank\" rel=\"noopener\">http:\/\/www.elearningerosion.com\/en\/elearning_erosion\/scientific-background\/ tooth-wear\/interaction-of-different.html<\/a><\/h5>\n","protected":false},"excerpt":{"rendered":"<p>Erosioon on hambakudede keemiline lahustumine sisemiste v\u00f5i v\u00e4limiste hapete toimel (v\u00e4lja arvatud hambakatu bakterite poolt toodetav hape). Erosiooni loetakse t\u00e4nap\u00e4evase toitumisharjumustega kaasnevaks probleemiks (rohke happeliste s\u00f6\u00f6kide ja jookide tarbimise k\u00f5rvalm\u00f5ju). Happekahjustus kaasneb ka mitmete meditsiiniliste probleemidega (n\u00e4iteks ravimite tarvitamine, reflukshaigus &#8230;<\/p>\n","protected":false},"author":12,"featured_media":0,"parent":0,"menu_order":0,"comment_status":"closed","ping_status":"closed","template":"","meta":{"_acf_changed":false,"inline_featured_image":false,"footnotes":""},"class_list":["post-4","page","type-page","status-publish","hentry"],"acf":[],"_links":{"self":[{"href":"https:\/\/sisu.ut.ee\/hambaravi5\/wp-json\/wp\/v2\/pages\/4","targetHints":{"allow":["GET"]}}],"collection":[{"href":"https:\/\/sisu.ut.ee\/hambaravi5\/wp-json\/wp\/v2\/pages"}],"about":[{"href":"https:\/\/sisu.ut.ee\/hambaravi5\/wp-json\/wp\/v2\/types\/page"}],"author":[{"embeddable":true,"href":"https:\/\/sisu.ut.ee\/hambaravi5\/wp-json\/wp\/v2\/users\/12"}],"replies":[{"embeddable":true,"href":"https:\/\/sisu.ut.ee\/hambaravi5\/wp-json\/wp\/v2\/comments?post=4"}],"version-history":[{"count":2,"href":"https:\/\/sisu.ut.ee\/hambaravi5\/wp-json\/wp\/v2\/pages\/4\/revisions"}],"predecessor-version":[{"id":343,"href":"https:\/\/sisu.ut.ee\/hambaravi5\/wp-json\/wp\/v2\/pages\/4\/revisions\/343"}],"wp:attachment":[{"href":"https:\/\/sisu.ut.ee\/hambaravi5\/wp-json\/wp\/v2\/media?parent=4"}],"curies":[{"name":"wp","href":"https:\/\/api.w.org\/{rel}","templated":true}]}}