{"id":34,"date":"2024-04-04T01:59:43","date_gmt":"2024-04-03T22:59:43","guid":{"rendered":"https:\/\/sisu.ut.ee\/hambaravi5\/peetunud-kaaries\/"},"modified":"2024-04-11T16:39:53","modified_gmt":"2024-04-11T13:39:53","slug":"peetunud-kaaries","status":"publish","type":"page","link":"https:\/\/sisu.ut.ee\/hambaravi5\/peetunud-kaaries\/","title":{"rendered":"Peetunud kaaries"},"content":{"rendered":"<p>Pindmisem kahjustus v\u00f5ib soodsates tingimustes <strong>remineraliseeruda<\/strong>. M\u00e4rk remineraliseerumisest on kahjustuse <strong>tumedam v\u00e4rvus<\/strong> (valge laik muutub enam m\u00e4rgatavaks ja hiljem v\u00f5ib pigmenteeruda) ning kahjustuse <strong>tugev, l\u00e4ikiv pind.<\/strong><\/p>\n<p><img loading=\"lazy\" decoding=\"async\" width=\"400\" height=\"266\" class=\"alignnone wp-image-104 aligncenter\" style=\"margin-left: auto; margin-right: auto;\" title=\"joon23.png\" src=\"https:\/\/sisu.ut.ee\/wp-content\/uploads\/sites\/156\/joon23.png\" alt=\"joon23.png\" srcset=\"https:\/\/sisu.ut.ee\/wp-content\/uploads\/sites\/156\/joon23.png 400w, https:\/\/sisu.ut.ee\/wp-content\/uploads\/sites\/156\/joon23-300x200.png 300w\" sizes=\"auto, (max-width: 400px) 100vw, 400px\"><\/p>\n<h5>Fotol olevate molaaride fissuurid on tumedad, pind l\u00e4ikiv ja terve, ilma l\u00e4bi emaili kumava toonita \u2013 k\u00f5ik see viitab peetunud protsessile, mis ravi ei vaja. Foto: Saag jt Ks\u00fclitooliuuring T\u00dc Stomatoloogia kliinikus.<\/h5>\n","protected":false},"excerpt":{"rendered":"<p>Pindmisem kahjustus v\u00f5ib soodsates tingimustes remineraliseeruda. M\u00e4rk remineraliseerumisest on kahjustuse tumedam v\u00e4rvus (valge laik muutub enam m\u00e4rgatavaks ja hiljem v\u00f5ib pigmenteeruda) ning kahjustuse tugev, l\u00e4ikiv pind. Fotol olevate molaaride fissuurid on tumedad, pind l\u00e4ikiv ja terve, ilma l\u00e4bi emaili kumava &#8230;<\/p>\n","protected":false},"author":12,"featured_media":0,"parent":0,"menu_order":0,"comment_status":"closed","ping_status":"closed","template":"","meta":{"_acf_changed":false,"inline_featured_image":false,"footnotes":""},"class_list":["post-34","page","type-page","status-publish","hentry"],"acf":[],"_links":{"self":[{"href":"https:\/\/sisu.ut.ee\/hambaravi5\/wp-json\/wp\/v2\/pages\/34","targetHints":{"allow":["GET"]}}],"collection":[{"href":"https:\/\/sisu.ut.ee\/hambaravi5\/wp-json\/wp\/v2\/pages"}],"about":[{"href":"https:\/\/sisu.ut.ee\/hambaravi5\/wp-json\/wp\/v2\/types\/page"}],"author":[{"embeddable":true,"href":"https:\/\/sisu.ut.ee\/hambaravi5\/wp-json\/wp\/v2\/users\/12"}],"replies":[{"embeddable":true,"href":"https:\/\/sisu.ut.ee\/hambaravi5\/wp-json\/wp\/v2\/comments?post=34"}],"version-history":[{"count":2,"href":"https:\/\/sisu.ut.ee\/hambaravi5\/wp-json\/wp\/v2\/pages\/34\/revisions"}],"predecessor-version":[{"id":327,"href":"https:\/\/sisu.ut.ee\/hambaravi5\/wp-json\/wp\/v2\/pages\/34\/revisions\/327"}],"wp:attachment":[{"href":"https:\/\/sisu.ut.ee\/hambaravi5\/wp-json\/wp\/v2\/media?parent=34"}],"curies":[{"name":"wp","href":"https:\/\/api.w.org\/{rel}","templated":true}]}}