{"id":29,"date":"2024-04-04T01:59:42","date_gmt":"2024-04-03T22:59:42","guid":{"rendered":"https:\/\/sisu.ut.ee\/hambaravi5\/kaariese-arengu-etapid\/"},"modified":"2024-04-04T02:00:10","modified_gmt":"2024-04-03T23:00:10","slug":"kaariese-arengu-etapid","status":"publish","type":"page","link":"https:\/\/sisu.ut.ee\/hambaravi5\/kaariese-arengu-etapid\/","title":{"rendered":"Kaariese arengu etapid"},"content":{"rendered":"<p>Kaaries algab hamba pinnalt ja tungib edasi pulbi\u00f5\u00f5ne suunas. Siin on loetletud etapid kronoloogilises j\u00e4rjestuses: \u00a0<\/p>\n<ul>\n<li>hambaemaili dekaltsifikatsioon<\/li>\n<li>valge laigu staadium<\/li>\n<li>v\u00e4rvumine muutub m\u00e4rgatavaks (ka niiskel hambapinnal)<\/li>\n<li>hambapind pehmeneb ja kaaries tungib l\u00e4bi emaili dentiinikoesse<\/li>\n<li>kaaries levib dentiinikoes s\u00fcgavusse ja laiusesse<\/li>\n<li>j\u00e4rgneb kavitatsioon ehk \u00f5\u00f5nsuse moodustumine<\/li>\n<li>kahjustus s\u00fcveneb, p\u00f5hjustades hambapulbi kahjustuse- algselt reageerib pulp \u00e4rritajatele (magus, temperatuur jt), seej\u00e4rel kahjustub ja devitaliseerub<\/li>\n<li>bakterid tungivad pulbi\u00f5\u00f5nde ning sealt juurekanali kaudu l\u00e4bi apeksi ehk tipuava periodonti, p\u00f5hjustades \u00fcmbritesvates kudedes abstsessi<\/li>\n<\/ul>\n","protected":false},"excerpt":{"rendered":"<p>Kaaries algab hamba pinnalt ja tungib edasi pulbi\u00f5\u00f5ne suunas. Siin on loetletud etapid kronoloogilises j\u00e4rjestuses: \u00a0 hambaemaili dekaltsifikatsioon valge laigu staadium v\u00e4rvumine muutub m\u00e4rgatavaks (ka niiskel hambapinnal) hambapind pehmeneb ja kaaries tungib l\u00e4bi emaili dentiinikoesse kaaries levib dentiinikoes s\u00fcgavusse ja &#8230;<\/p>\n","protected":false},"author":12,"featured_media":0,"parent":0,"menu_order":0,"comment_status":"closed","ping_status":"closed","template":"","meta":{"_acf_changed":false,"inline_featured_image":false,"footnotes":""},"class_list":["post-29","page","type-page","status-publish","hentry"],"acf":[],"_links":{"self":[{"href":"https:\/\/sisu.ut.ee\/hambaravi5\/wp-json\/wp\/v2\/pages\/29","targetHints":{"allow":["GET"]}}],"collection":[{"href":"https:\/\/sisu.ut.ee\/hambaravi5\/wp-json\/wp\/v2\/pages"}],"about":[{"href":"https:\/\/sisu.ut.ee\/hambaravi5\/wp-json\/wp\/v2\/types\/page"}],"author":[{"embeddable":true,"href":"https:\/\/sisu.ut.ee\/hambaravi5\/wp-json\/wp\/v2\/users\/12"}],"replies":[{"embeddable":true,"href":"https:\/\/sisu.ut.ee\/hambaravi5\/wp-json\/wp\/v2\/comments?post=29"}],"version-history":[{"count":1,"href":"https:\/\/sisu.ut.ee\/hambaravi5\/wp-json\/wp\/v2\/pages\/29\/revisions"}],"predecessor-version":[{"id":277,"href":"https:\/\/sisu.ut.ee\/hambaravi5\/wp-json\/wp\/v2\/pages\/29\/revisions\/277"}],"wp:attachment":[{"href":"https:\/\/sisu.ut.ee\/hambaravi5\/wp-json\/wp\/v2\/media?parent=29"}],"curies":[{"name":"wp","href":"https:\/\/api.w.org\/{rel}","templated":true}]}}