{"id":19,"date":"2024-04-04T01:59:42","date_gmt":"2024-04-03T22:59:42","guid":{"rendered":"https:\/\/sisu.ut.ee\/hambaravi5\/kokkuvote\/"},"modified":"2024-04-04T02:00:10","modified_gmt":"2024-04-03T23:00:10","slug":"kokkuvote","status":"publish","type":"page","link":"https:\/\/sisu.ut.ee\/hambaravi5\/kokkuvote\/","title":{"rendered":"Kokkuv\u00f5te"},"content":{"rendered":"<p>Suu\u00f5\u00f5netervis on osa \u00a0\u00fcldtervisest.<\/p>\n<p>Suu- ja hambahaiguste monitooring annavad meile \u00fclevaate olukorrast ning selle d\u00fcnaamika alusel luuakse strateegiad haigestumise ja t\u00fcsistuste v\u00e4ltimiseks ja\/v\u00f5i v\u00e4hendamiseks.<\/p>\n<p>Hambakaaries, hamba kinnituskudede haigused ja suu\u00f5\u00f5ne kasvajad on\u00a0 levinud haigused, mis on suures osas ennetatavad \u2013 oluline on inimeste teavitamine nende haiguste olemusest ja p\u00f5hjustest ning tervislike eluviiside ja \u00f5igete suuh\u00fcgieeniv\u00f5tete propageerimine.\u00a0<\/p>\n","protected":false},"excerpt":{"rendered":"<p>Suu\u00f5\u00f5netervis on osa \u00a0\u00fcldtervisest. Suu- ja hambahaiguste monitooring annavad meile \u00fclevaate olukorrast ning selle d\u00fcnaamika alusel luuakse strateegiad haigestumise ja t\u00fcsistuste v\u00e4ltimiseks ja\/v\u00f5i v\u00e4hendamiseks. Hambakaaries, hamba kinnituskudede haigused ja suu\u00f5\u00f5ne kasvajad on\u00a0 levinud haigused, mis on suures osas ennetatavad \u2013 &#8230;<\/p>\n","protected":false},"author":12,"featured_media":0,"parent":0,"menu_order":0,"comment_status":"closed","ping_status":"closed","template":"","meta":{"_acf_changed":false,"inline_featured_image":false,"footnotes":""},"class_list":["post-19","page","type-page","status-publish","hentry"],"acf":[],"_links":{"self":[{"href":"https:\/\/sisu.ut.ee\/hambaravi5\/wp-json\/wp\/v2\/pages\/19","targetHints":{"allow":["GET"]}}],"collection":[{"href":"https:\/\/sisu.ut.ee\/hambaravi5\/wp-json\/wp\/v2\/pages"}],"about":[{"href":"https:\/\/sisu.ut.ee\/hambaravi5\/wp-json\/wp\/v2\/types\/page"}],"author":[{"embeddable":true,"href":"https:\/\/sisu.ut.ee\/hambaravi5\/wp-json\/wp\/v2\/users\/12"}],"replies":[{"embeddable":true,"href":"https:\/\/sisu.ut.ee\/hambaravi5\/wp-json\/wp\/v2\/comments?post=19"}],"version-history":[{"count":1,"href":"https:\/\/sisu.ut.ee\/hambaravi5\/wp-json\/wp\/v2\/pages\/19\/revisions"}],"predecessor-version":[{"id":267,"href":"https:\/\/sisu.ut.ee\/hambaravi5\/wp-json\/wp\/v2\/pages\/19\/revisions\/267"}],"wp:attachment":[{"href":"https:\/\/sisu.ut.ee\/hambaravi5\/wp-json\/wp\/v2\/media?parent=19"}],"curies":[{"name":"wp","href":"https:\/\/api.w.org\/{rel}","templated":true}]}}