{"id":17,"date":"2024-04-04T01:59:42","date_gmt":"2024-04-03T22:59:42","guid":{"rendered":"https:\/\/sisu.ut.ee\/hambaravi5\/who-suutervise-strateegiad\/"},"modified":"2025-05-22T22:04:43","modified_gmt":"2025-05-22T19:04:43","slug":"who-suutervise-strateegiad","status":"publish","type":"page","link":"https:\/\/sisu.ut.ee\/hambaravi5\/who-suutervise-strateegiad\/","title":{"rendered":"WHO suutervise strateegiad"},"content":{"rendered":"<p>WHO \u00fclemaailmse suutervise programmi ennetustegevus on keskendunud j\u00e4rgmistele valdkondadele:<\/p>\n<h3>Suutervise riskitegurid ja sekkumine<\/h3>\n<ul>\n<li>Dieet, toitumine ja suutervis. Peamiseks probleemiks maailmatasandil on alatoitumus, mis on seotud n\u00e4lja v\u00f5i vaegtoitumusega. Dieet ja toitumine m\u00f5jutavad suutervist mitmel viisil.<\/li>\n<\/ul>\n<ul>\n<li>Suutervis ja fluoriidide kasutamine. Uuringud on n\u00e4idanud, et fluoriidid on hambakaariese ennetuses k\u00f5ige efektiivsem meetod.<\/li>\n<\/ul>\n<ul>\n<li>Tubakatooted ja suutervis. Tubakatoodete tarvitamine on langenud m\u00f5ningates arenenud maades, kuid t\u00f5useb endiselt keskmise- ja madalama SKP-ga maades, seda eriti noorte ja naiste hulgas<\/li>\n<\/ul>\n<h3>Olulised sihtgrupid<\/h3>\n<ul>\n<li>Koolilapsed ja noored<\/li>\n<li>Vanemaealised<\/li>\n<\/ul>\n<h3>Suutervishoiuteenused<\/h3>\n<p>Probleemiks on hambaravi tsentraliseeritus ja eriti selle v\u00e4hene k\u00e4ttesaadavus teatud gruppidele (n\u00e4iteks kodutud, puuetega inimesed, vanemaealised) ehk ebav\u00f5rdsus hambaraviteenuste osas. Hambaarstide arv elanikkonna kohta on erinevates riikides ja maailmajagudes v\u00e4ga erinev. J\u00e4rjest enam k\u00f5neletakse suuteevisespetsialistide koolitamise vajadusest, kes vastutaks suu\u00f5\u00f5ne tervise eest nt hooldekodudes, haiglates, lasteasutustes, maakondades jm.<\/p>\n<table class=\"table table-hover\" style=\"width: 100%;\" border=\"1\" align=\"center\">\n<tbody>\n<tr>\n<td>\n<h4><strong><img loading=\"lazy\" decoding=\"async\" width=\"41\" height=\"41\" class=\"alignnone wp-image-85\" style=\"float: left; margin: 10px;\" title=\"kysimark.png\" src=\"https:\/\/sisu.ut.ee\/wp-content\/uploads\/sites\/156\/kysimark.png\" alt=\"kysimark.png\">Kas tead?<\/strong> Kui palju on Eestis hambaarste? (\u00fcks vastuse leidmise viise on Eesti Tervishoiut\u00f6\u00f6tajate register <a href=\"https:\/\/medre.tehik.ee\/search\/employees\">Tervishoiut\u00f6\u00f6taja registrid<\/a>)<\/h4>\n<p><\/p><div class=\"accordion mb-3\">\n        <div class=\"accordion-item accordion-item--white\">\n        <h2 class=\"accordion-header\" id=\"accordion-69e7cd73be6d7-heading\">\n            <button class=\"accordion-button collapsed\" type=\"button\" data-bs-toggle=\"collapse\" data-bs-target=\"#accordion-69e7cd73be6d7-collapse\" aria-expanded=\"true\" aria-controls=\"accordion-69e7cd73be6d7-collapse\">Vaata vastust<\/button>\n        <\/h2>\n        <div id=\"accordion-69e7cd73be6d7-collapse\" class=\"accordion-collapse collapse\" aria-labelledby=\"accordion-69e7cd73be6d7-heading\">\n            <div class=\"accordion-body\">\n<p>Eestis t\u00f6\u00f6tab ligikaudu 1200 hambaarsti, mis teeb umbes 1 hambaarsti 1000 elaniku kohta.<\/p>\n<p>See on v\u00e4ga hea n\u00e4itaja, kuid paraku on enamik hambaravidest koondunud suurematesse keskustesse ning probleemiks on hambaraviteenuste halvem k\u00e4ttesaadavus maapiirkondades.<\/p>\n<p><\/p><\/div>\n        <\/div>\n        <\/div>\n    <\/div><\/td>\n<\/tr>\n<\/tbody>\n<\/table>\n<h3>Infos\u00fcsteemid<\/h3>\n<p>Suutervise andmete kogumine v\u00f5imaldab hinnata olukorda ja ennetustegevuste efektiivsust ning luua uusi strateegiaid.<\/p>\n","protected":false},"excerpt":{"rendered":"<p>WHO \u00fclemaailmse suutervise programmi ennetustegevus on keskendunud j\u00e4rgmistele valdkondadele: Suutervise riskitegurid ja sekkumine Dieet, toitumine ja suutervis. Peamiseks probleemiks maailmatasandil on alatoitumus, mis on seotud n\u00e4lja v\u00f5i vaegtoitumusega. Dieet ja toitumine m\u00f5jutavad suutervist mitmel viisil. Suutervis ja fluoriidide kasutamine. Uuringud &#8230;<\/p>\n","protected":false},"author":12,"featured_media":0,"parent":0,"menu_order":0,"comment_status":"closed","ping_status":"closed","template":"","meta":{"_acf_changed":false,"inline_featured_image":false,"footnotes":""},"class_list":["post-17","page","type-page","status-publish","hentry"],"acf":[],"_links":{"self":[{"href":"https:\/\/sisu.ut.ee\/hambaravi5\/wp-json\/wp\/v2\/pages\/17","targetHints":{"allow":["GET"]}}],"collection":[{"href":"https:\/\/sisu.ut.ee\/hambaravi5\/wp-json\/wp\/v2\/pages"}],"about":[{"href":"https:\/\/sisu.ut.ee\/hambaravi5\/wp-json\/wp\/v2\/types\/page"}],"author":[{"embeddable":true,"href":"https:\/\/sisu.ut.ee\/hambaravi5\/wp-json\/wp\/v2\/users\/12"}],"replies":[{"embeddable":true,"href":"https:\/\/sisu.ut.ee\/hambaravi5\/wp-json\/wp\/v2\/comments?post=17"}],"version-history":[{"count":5,"href":"https:\/\/sisu.ut.ee\/hambaravi5\/wp-json\/wp\/v2\/pages\/17\/revisions"}],"predecessor-version":[{"id":403,"href":"https:\/\/sisu.ut.ee\/hambaravi5\/wp-json\/wp\/v2\/pages\/17\/revisions\/403"}],"wp:attachment":[{"href":"https:\/\/sisu.ut.ee\/hambaravi5\/wp-json\/wp\/v2\/media?parent=17"}],"curies":[{"name":"wp","href":"https:\/\/api.w.org\/{rel}","templated":true}]}}