{"id":5,"date":"2024-04-03T23:10:32","date_gmt":"2024-04-03T20:10:32","guid":{"rendered":"https:\/\/sisu.ut.ee\/hambaravi4\/1-kaviteedi-preparatsiooni-etapid\/"},"modified":"2024-04-09T14:37:07","modified_gmt":"2024-04-09T11:37:07","slug":"1-kaviteedi-preparatsiooni-etapid","status":"publish","type":"page","link":"https:\/\/sisu.ut.ee\/hambaravi4\/1-kaviteedi-preparatsiooni-etapid\/","title":{"rendered":"1. Kaviteedi preparatsiooni etapid"},"content":{"rendered":"<div class=\"block\">\n<p><img loading=\"lazy\" decoding=\"async\" class=\"alignnone wp-image-57\" style=\"float: right; margin-left: 3px; margin-right: 3px;\" title=\"4800.jpg\" src=\"https:\/\/sisu.ut.ee\/wp-content\/uploads\/sites\/22\/4800.jpg\" alt=\"4800.jpg\" width=\"341\" height=\"252\" srcset=\"https:\/\/sisu.ut.ee\/wp-content\/uploads\/sites\/22\/4800.jpg 1415w, https:\/\/sisu.ut.ee\/wp-content\/uploads\/sites\/22\/4800-300x221.jpg 300w, https:\/\/sisu.ut.ee\/wp-content\/uploads\/sites\/22\/4800-1024x755.jpg 1024w, https:\/\/sisu.ut.ee\/wp-content\/uploads\/sites\/22\/4800-768x566.jpg 768w\" sizes=\"auto, (max-width: 341px) 100vw, 341px\"><\/p>\n<p>Hambaarsti\u00f5pingute oluline osa on hammaste restauratiivne taastamine ehk kaariesest tingitud kahjustuste parandamine t\u00e4idismaterjalidega.<\/p>\n<p>Eelneval kursusel oled sa omandanud teoreetilised teadmised n\u00f5uetest prepareeritavale kaviteedile. N\u00fc\u00fcd alustad sa patsientide hammaste ravimist ja on aeg teooria rakendada praktikasse.<\/p>\n<p>\u00d5piobjekt <strong>\u2018Kaviteedi preparatsiooni etapid\u2019<\/strong> on m\u00f5eldud sulle iseseisvaks l\u00e4bimiseks. Loe l\u00e4bi \u00f5ppematerjalid ja p\u00fc\u00fca vastata k\u00fcsimustele, mis aitavad sul materjali omandamist hinnata. Aega kogu materjali l\u00e4bimiseks kulub s\u00f5ltuvalt sinu eelteadmistest, kuid v\u00e4hemalt 4 tundi.<\/p>\n<p>K\u00e4esolev \u00f5ppematerjal aitab sul m\u00f5ista ja visualiseerida kaviteedi loomise t\u00f6\u00f6etappe erinevatel hammastel ja erinevatel hambapindadel. Head praktiseerimist!<\/p>\n<p>Riina Runnel<br>\nTartu \u00dclikooli stomatoloogia kliiniku<br>\nsuu- ja hambahaiguste \u00f5ppej\u00f5ud<br>\nriina.runnel@ut.ee<\/p>\n<p><span style=\"font-size: x-small;\">Pildi allikas:\u00a0<a style=\"line-height: 1.6em;\" href=\"http:\/\/www.darrengardner-dds.com\/blog\/post\/cavities.html\" target=\"_blank\" rel=\"noopener\">http:\/\/www.darrengardner-dds.com\/blog\/post\/cavities.html<\/a><\/span><\/p>\n<\/div>\n","protected":false},"excerpt":{"rendered":"<p>Hambaarsti\u00f5pingute oluline osa on hammaste restauratiivne taastamine ehk kaariesest tingitud kahjustuste parandamine t\u00e4idismaterjalidega. Eelneval kursusel oled sa omandanud teoreetilised teadmised n\u00f5uetest prepareeritavale kaviteedile. N\u00fc\u00fcd alustad sa patsientide hammaste ravimist ja on aeg teooria rakendada praktikasse. \u00d5piobjekt \u2018Kaviteedi preparatsiooni etapid\u2019 on &#8230;<\/p>\n","protected":false},"author":12,"featured_media":0,"parent":0,"menu_order":0,"comment_status":"closed","ping_status":"closed","template":"","meta":{"_acf_changed":false,"inline_featured_image":false,"footnotes":""},"class_list":["post-5","page","type-page","status-publish","hentry"],"acf":[],"_links":{"self":[{"href":"https:\/\/sisu.ut.ee\/hambaravi4\/wp-json\/wp\/v2\/pages\/5","targetHints":{"allow":["GET"]}}],"collection":[{"href":"https:\/\/sisu.ut.ee\/hambaravi4\/wp-json\/wp\/v2\/pages"}],"about":[{"href":"https:\/\/sisu.ut.ee\/hambaravi4\/wp-json\/wp\/v2\/types\/page"}],"author":[{"embeddable":true,"href":"https:\/\/sisu.ut.ee\/hambaravi4\/wp-json\/wp\/v2\/users\/12"}],"replies":[{"embeddable":true,"href":"https:\/\/sisu.ut.ee\/hambaravi4\/wp-json\/wp\/v2\/comments?post=5"}],"version-history":[{"count":4,"href":"https:\/\/sisu.ut.ee\/hambaravi4\/wp-json\/wp\/v2\/pages\/5\/revisions"}],"predecessor-version":[{"id":289,"href":"https:\/\/sisu.ut.ee\/hambaravi4\/wp-json\/wp\/v2\/pages\/5\/revisions\/289"}],"wp:attachment":[{"href":"https:\/\/sisu.ut.ee\/hambaravi4\/wp-json\/wp\/v2\/media?parent=5"}],"curies":[{"name":"wp","href":"https:\/\/api.w.org\/{rel}","templated":true}]}}